{"id":10,"date":"2020-04-21T20:52:27","date_gmt":"2020-04-21T18:52:27","guid":{"rendered":"https:\/\/annette-ahrens.at\/silbershop\/?post_type=product&#038;p=10"},"modified":"2026-03-14T02:57:12","modified_gmt":"2026-03-14T01:57:12","slug":"polinette-200ml","status":"publish","type":"product","link":"https:\/\/annette-ahrens.at\/onlineshop\/produkt\/polinette-200ml\/","title":{"rendered":"Polinette &#8211; die flinke Polierhilfe 200ml"},"content":{"rendered":"<div style=\"width: 960px;\" class=\"wp-video\"><!--[if lt IE 9]><script>document.createElement('video');<\/script><![endif]-->\n<video class=\"wp-video-shortcode\" id=\"video-10-1\" width=\"960\" height=\"540\" preload=\"metadata\" controls=\"controls\"><source type=\"video\/mp4\" src=\"https:\/\/annette-ahrens.at\/onlineshop\/wp-content\/uploads\/2020\/04\/Polinette_V3.mp4?_=1\" \/><a href=\"https:\/\/annette-ahrens.at\/onlineshop\/wp-content\/uploads\/2020\/04\/Polinette_V3.mp4\">https:\/\/annette-ahrens.at\/onlineshop\/wp-content\/uploads\/2020\/04\/Polinette_V3.mp4<\/a><\/video><\/div>\n<p><strong><br \/>\nPolinette &#8211; die flinke Polierhilfe<\/strong> | 200 ml<\/p>\n<p>H 16 cm, 231 g<\/p>\n<p>Bei + 5\u00b0 bis + 30\u00b0 Grad lagern | Vor Frost sch\u00fctzen.<\/p>\n<p><strong>Inhaltsstoffe:<\/strong><br \/>\nSilicon dioxide, Kaolinite, Ammonium oleate, Diammonium oxalate, Ammonia, Aqueous solution.<\/p>\n<h3><strong>Anleitung &#8211;\u00a0<\/strong><strong>Putzmittel f\u00fcr Silber<\/strong><\/h3>\n<p>Vor Gebrauch die Flasche mit &#8222;Polinette&#8220; sch\u00fctteln. Fl\u00fcssigkeit auf ein fettfreies Tuch geben und das Objekt mit der Hand polieren. Nach dem Eintrocknen des Putzmittels das Objekt mit einem trockenen Tuch gl\u00e4nzend polieren. F\u00fcr das Polieren von Glas, Fenstern und Spiegeln kann das Produkt mit Wasser verd\u00fcnnt werden.<\/p>\n<p>Nach Gebrauch H\u00e4nde bitte absp\u00fclen und mit Handcreme versorgen. Bitte umbedingt Handschuhe tragen. Flasche verschlossen aufbewahren. Der Inhalt der Flasche h\u00e4lt sicherlich ein Jahr.<\/p>\n<p><a href=\"https:\/\/annette-ahrens.at\/onlineshop\/wp-content\/uploads\/2020\/04\/Polinette_Anleitung.pdf\" target=\"_blank\" rel=\"noopener noreferrer\"><button class=\"single_add_to_cart_button button alt\" type=\"submit\" value=\"10\">PDF | Anleitung<\/button><\/a><\/p>\n","protected":false},"excerpt":{"rendered":"<p>POLINETTE \u2013 JETZT SIND SIE FEIN RAUS!<\/p>\n<p>Annettes Etikette: Da ich sehr oft gefragt werde, wie ich mein poliertes Silber denn so sch\u00f6n zustande bringe, habe ich mich entschlossen, das Geheimnis meiner flinken Polierhilfe meinen besten Kunden weiterzugeben.<\/p>\n<p><strong>\u00c8 voil\u00e1:<\/strong>\u00a0Hier ist sie: die flinke Polinette, die Polierhilfe von der Tafelkulturistin Annette Ahrens. Meine flinke Polierhilfe beinhaltet Wiener Kalk. Nicht der Kalk stammt aus Wien, sondern der Ausdruck des \u201cWienerns\u201d, des Polierens.<\/p>\n<p>Es handelt sich um feinste K\u00f6rnchen von pulverisiertem Dolomit, welche mit den unten erw\u00e4hnten Ingredienzen vermengt wurden und beim Reinigen eine deutliche Hilfe darstellen. Polinette kratzt nicht sondern bewirkt einen feinen Glanz. Sie werden begeistert sein!<\/p>\n<p>&nbsp;<\/p>\n","protected":false},"featured_media":11608,"comment_status":"open","ping_status":"closed","template":"","meta":[],"product_brand":[],"product_cat":[16,272,132],"product_tag":[],"class_list":{"0":"post-10","1":"product","2":"type-product","3":"status-publish","4":"has-post-thumbnail","6":"product_cat-pflegeprodukte","7":"product_cat-polinette","8":"product_cat-silber","9":"product_shipping_class-polinett-versand","11":"first","12":"instock","13":"purchasable","14":"product-type-simple"},"yoast_head":"<!-- This site is optimized with the Yoast SEO Premium plugin v15.8.2 - https:\/\/yoast.com\/wordpress\/plugins\/seo\/ -->\n<title>Polinette - die flinke Polierhilfe 200ml<\/title>\n<meta name=\"description\" content=\"Polinette - die flinke Polierhilfe 200ml \u2665 Antiquit\u00e4ten Online kaufen \u2713 Sichere Lieferung \u2713\" \/>\n<meta name=\"robots\" content=\"index, follow, max-snippet:-1, max-image-preview:large, max-video-preview:-1\" \/>\n<link rel=\"canonical\" href=\"https:\/\/annette-ahrens.at\/onlineshop\/produkt\/polinette-200ml\/\" \/>\n<meta property=\"og:locale\" content=\"de_DE\" \/>\n<meta property=\"og:type\" content=\"article\" \/>\n<meta property=\"og:title\" content=\"Polinette - die flinke Polierhilfe 200ml\" \/>\n<meta property=\"og:description\" content=\"Polinette - die flinke Polierhilfe 200ml \u2665 Antiquit\u00e4ten Online kaufen \u2713 Sichere Lieferung \u2713\" \/>\n<meta property=\"og:url\" content=\"https:\/\/annette-ahrens.at\/onlineshop\/produkt\/polinette-200ml\/\" \/>\n<meta property=\"og:site_name\" content=\"Tafelkultur Onlineshop\" \/>\n<meta property=\"article:publisher\" content=\"https:\/\/www.facebook.com\/AnnetteAhrensTafelkultur\" \/>\n<meta property=\"article:modified_time\" content=\"2026-03-14T01:57:12+00:00\" \/>\n<meta property=\"og:image\" content=\"https:\/\/annette-ahrens.at\/onlineshop\/wp-content\/uploads\/2020\/04\/polinette_kleiner.jpg\" \/>\n\t<meta property=\"og:image:width\" content=\"1181\" \/>\n\t<meta property=\"og:image:height\" content=\"1181\" \/>\n<meta name=\"twitter:card\" content=\"summary_large_image\" \/>\n<meta name=\"twitter:label1\" content=\"Gesch\u00e4tzte Lesezeit\">\n\t<meta name=\"twitter:data1\" content=\"1\u00a0Minute\">\n<script type=\"application\/ld+json\" class=\"yoast-schema-graph\">{\"@context\":\"https:\/\/schema.org\",\"@graph\":[{\"@type\":[\"Person\",\"Organization\"],\"@id\":\"https:\/\/annette-ahrens.at\/onlineshop\/#\/schema\/person\/3e19676faae246bba0cb3b7e15f427d8\",\"name\":\"Annette Ahrens\",\"image\":{\"@type\":\"ImageObject\",\"@id\":\"https:\/\/annette-ahrens.at\/onlineshop\/#personlogo\",\"inLanguage\":\"de\",\"url\":\"https:\/\/annette-ahrens.at\/onlineshop\/wp-content\/uploads\/2020\/04\/aa_logo_End.png\",\"width\":800,\"height\":164,\"caption\":\"Annette Ahrens\"},\"logo\":{\"@id\":\"https:\/\/annette-ahrens.at\/onlineshop\/#personlogo\"},\"sameAs\":[\"https:\/\/annette-ahrens.at\",\"https:\/\/www.facebook.com\/AnnetteAhrensTafelkultur\",\"https:\/\/www.instagram.com\/tafelkulturistin\/\",\"https:\/\/de.wikipedia.org\/wiki\/Annette_Ahrens\"]},{\"@type\":\"WebSite\",\"@id\":\"https:\/\/annette-ahrens.at\/onlineshop\/#website\",\"url\":\"https:\/\/annette-ahrens.at\/onlineshop\/\",\"name\":\"Tafelkultur Onlineshop\",\"description\":\"Annette Ahrens\",\"publisher\":{\"@id\":\"https:\/\/annette-ahrens.at\/onlineshop\/#\/schema\/person\/3e19676faae246bba0cb3b7e15f427d8\"},\"potentialAction\":[{\"@type\":\"SearchAction\",\"target\":\"https:\/\/annette-ahrens.at\/onlineshop\/?s={search_term_string}\",\"query-input\":\"required name=search_term_string\"}],\"inLanguage\":\"de\"},{\"@type\":\"ImageObject\",\"@id\":\"https:\/\/annette-ahrens.at\/onlineshop\/produkt\/polinette-200ml\/#primaryimage\",\"inLanguage\":\"de\",\"url\":\"https:\/\/annette-ahrens.at\/onlineshop\/wp-content\/uploads\/2020\/04\/polinette_kleiner.jpg\",\"width\":1181,\"height\":1181,\"caption\":\"polinette_kleiner\"},{\"@type\":[\"WebPage\",\"ItemPage\"],\"@id\":\"https:\/\/annette-ahrens.at\/onlineshop\/produkt\/polinette-200ml\/#webpage\",\"url\":\"https:\/\/annette-ahrens.at\/onlineshop\/produkt\/polinette-200ml\/\",\"name\":\"Polinette - die flinke Polierhilfe 200ml\",\"isPartOf\":{\"@id\":\"https:\/\/annette-ahrens.at\/onlineshop\/#website\"},\"primaryImageOfPage\":{\"@id\":\"https:\/\/annette-ahrens.at\/onlineshop\/produkt\/polinette-200ml\/#primaryimage\"},\"datePublished\":\"2020-04-21T18:52:27+00:00\",\"dateModified\":\"2026-03-14T01:57:12+00:00\",\"description\":\"Polinette - die flinke Polierhilfe 200ml \\u2665 Antiquit\\u00e4ten Online kaufen \\u2713 Sichere Lieferung \\u2713\",\"breadcrumb\":{\"@id\":\"https:\/\/annette-ahrens.at\/onlineshop\/produkt\/polinette-200ml\/#breadcrumb\"},\"inLanguage\":\"de\",\"potentialAction\":[{\"@type\":\"ReadAction\",\"target\":[\"https:\/\/annette-ahrens.at\/onlineshop\/produkt\/polinette-200ml\/\"]}]},{\"@type\":\"BreadcrumbList\",\"@id\":\"https:\/\/annette-ahrens.at\/onlineshop\/produkt\/polinette-200ml\/#breadcrumb\",\"itemListElement\":[{\"@type\":\"ListItem\",\"position\":1,\"item\":{\"@type\":\"WebPage\",\"@id\":\"https:\/\/annette-ahrens.at\/onlineshop\/\",\"url\":\"https:\/\/annette-ahrens.at\/onlineshop\/\",\"name\":\"Home\"}},{\"@type\":\"ListItem\",\"position\":2,\"item\":{\"@type\":\"WebPage\",\"@id\":\"https:\/\/annette-ahrens.at\/onlineshop\/alle-tafelkultur-objekte\/\",\"url\":\"https:\/\/annette-ahrens.at\/onlineshop\/alle-tafelkultur-objekte\/\",\"name\":\"Alle Tafelkultur Objekte\"}},{\"@type\":\"ListItem\",\"position\":3,\"item\":{\"@type\":\"WebPage\",\"@id\":\"https:\/\/annette-ahrens.at\/onlineshop\/produkt\/polinette-200ml\/\",\"url\":\"https:\/\/annette-ahrens.at\/onlineshop\/produkt\/polinette-200ml\/\",\"name\":\"Polinette &#8211; die flinke Polierhilfe 200ml\"}}]}]}<\/script>\n<!-- \/ Yoast SEO Premium plugin. -->","_links":{"self":[{"href":"https:\/\/annette-ahrens.at\/onlineshop\/wp-json\/wp\/v2\/product\/10","targetHints":{"allow":["GET"]}}],"collection":[{"href":"https:\/\/annette-ahrens.at\/onlineshop\/wp-json\/wp\/v2\/product"}],"about":[{"href":"https:\/\/annette-ahrens.at\/onlineshop\/wp-json\/wp\/v2\/types\/product"}],"replies":[{"embeddable":true,"href":"https:\/\/annette-ahrens.at\/onlineshop\/wp-json\/wp\/v2\/comments?post=10"}],"wp:featuredmedia":[{"embeddable":true,"href":"https:\/\/annette-ahrens.at\/onlineshop\/wp-json\/wp\/v2\/media\/11608"}],"wp:attachment":[{"href":"https:\/\/annette-ahrens.at\/onlineshop\/wp-json\/wp\/v2\/media?parent=10"}],"wp:term":[{"taxonomy":"product_brand","embeddable":true,"href":"https:\/\/annette-ahrens.at\/onlineshop\/wp-json\/wp\/v2\/product_brand?post=10"},{"taxonomy":"product_cat","embeddable":true,"href":"https:\/\/annette-ahrens.at\/onlineshop\/wp-json\/wp\/v2\/product_cat?post=10"},{"taxonomy":"product_tag","embeddable":true,"href":"https:\/\/annette-ahrens.at\/onlineshop\/wp-json\/wp\/v2\/product_tag?post=10"}],"curies":[{"name":"wp","href":"https:\/\/api.w.org\/{rel}","templated":true}]}}