{"id":10592,"date":"2022-10-26T14:50:57","date_gmt":"2022-10-26T12:50:57","guid":{"rendered":"https:\/\/annette-ahrens.at\/onlineshop\/?post_type=product&#038;p=10592"},"modified":"2022-10-26T22:56:58","modified_gmt":"2022-10-26T20:56:58","slug":"12-weinglaeser-i-service-nr-231-barock-fa-j-l-lobmeyr-wien-2","status":"publish","type":"product","link":"https:\/\/annette-ahrens.at\/onlineshop\/produkt\/12-weinglaeser-i-service-nr-231-barock-fa-j-l-lobmeyr-wien-2\/","title":{"rendered":"12 Weingl\u00e4ser I, Service Nr. 231 \u201eBarock\u201c, Fa. J. &#038; L. Lobmeyr, Wien"},"content":{"rendered":"<p>12 Weingl\u00e4ser I<\/p>\n<p>Fa. J. &amp; L. Lobmeyr, Wien, 20. Jhdt.<\/p>\n<p>Service Nr. 231 \u201eBarock\u201c<\/p>\n<p>Modell Stefan Rath, 1905<\/p>\n<p>farbloses Glas, runder Fu\u00df, Balusterschaft, kelchf\u00f6rmige Kuppa mit handgeschliffenen Rankendekor, teilweise mit originaler Rundetikette der Fa. Lobmeyr, 12 St\u00fcck<\/p>\n<p>H 14 cm<\/p>\n","protected":false},"excerpt":{"rendered":"<p>Annettes Etikette: Ab 1935 wurden \u00f6sterreichische Botschaften in aller Welt mit diesem aufwendig geschliffenen Service ausgestattet. Ich freue mich einen kompletten 12er Satz dieser wundervollen Weingl\u00e4ser anbieten zu k\u00f6nnen. Teilweise hat sich sogar das originale Klebeetikett der Firma Lobmeyr erhalten.<\/p>\n","protected":false},"featured_media":18416,"comment_status":"open","ping_status":"closed","template":"","meta":[],"product_brand":[],"product_cat":[27,223,213,26],"product_tag":[],"class_list":{"0":"post-10592","1":"product","2":"type-product","3":"status-publish","4":"has-post-thumbnail","6":"product_cat-barware","7":"product_cat-glaeser","8":"product_cat-wein","9":"product_cat-wiener-melange","11":"first","12":"instock","13":"sold-individually","14":"purchasable","15":"product-type-simple"},"yoast_head":"<!-- This site is optimized with the Yoast SEO Premium plugin v15.8.2 - https:\/\/yoast.com\/wordpress\/plugins\/seo\/ -->\n<title>12 Weingl\u00e4ser I, Service Nr. 231 \u201eBarock\u201c, Fa. J. &amp; L. Lobmeyr, Wien<\/title>\n<meta name=\"description\" content=\"12 Weingl\u00e4ser I, Service Nr. 231 \u201eBarock\u201c, Fa. J. &amp; L. Lobmeyr, Wien \u2665 Antiquit\u00e4ten Online kaufen \u2713 Sichere Lieferung \u2713\" \/>\n<meta name=\"robots\" content=\"index, follow, max-snippet:-1, max-image-preview:large, max-video-preview:-1\" \/>\n<link rel=\"canonical\" href=\"https:\/\/annette-ahrens.at\/onlineshop\/produkt\/12-weinglaeser-i-service-nr-231-barock-fa-j-l-lobmeyr-wien-2\/\" \/>\n<meta property=\"og:locale\" content=\"de_DE\" \/>\n<meta property=\"og:type\" content=\"article\" \/>\n<meta property=\"og:title\" content=\"12 Weingl\u00e4ser I, Service Nr. 231 \u201eBarock\u201c, Fa. J. &amp; L. Lobmeyr, Wien\" \/>\n<meta property=\"og:description\" content=\"12 Weingl\u00e4ser I, Service Nr. 231 \u201eBarock\u201c, Fa. J. &amp; L. Lobmeyr, Wien \u2665 Antiquit\u00e4ten Online kaufen \u2713 Sichere Lieferung \u2713\" \/>\n<meta property=\"og:url\" content=\"https:\/\/annette-ahrens.at\/onlineshop\/produkt\/12-weinglaeser-i-service-nr-231-barock-fa-j-l-lobmeyr-wien-2\/\" \/>\n<meta property=\"og:site_name\" content=\"Tafelkultur Onlineshop\" \/>\n<meta property=\"article:publisher\" content=\"https:\/\/www.facebook.com\/AnnetteAhrensTafelkultur\" \/>\n<meta property=\"article:modified_time\" content=\"2022-10-26T20:56:58+00:00\" \/>\n<meta property=\"og:image\" content=\"https:\/\/annette-ahrens.at\/onlineshop\/wp-content\/uploads\/2021\/09\/IMG_9531-rotated.jpeg\" \/>\n\t<meta property=\"og:image:width\" content=\"1936\" \/>\n\t<meta property=\"og:image:height\" content=\"1936\" \/>\n<meta name=\"twitter:card\" content=\"summary_large_image\" \/>\n<meta name=\"twitter:label1\" content=\"Gesch\u00e4tzte Lesezeit\">\n\t<meta name=\"twitter:data1\" content=\"1\u00a0Minute\">\n<script type=\"application\/ld+json\" class=\"yoast-schema-graph\">{\"@context\":\"https:\/\/schema.org\",\"@graph\":[{\"@type\":[\"Person\",\"Organization\"],\"@id\":\"https:\/\/annette-ahrens.at\/onlineshop\/#\/schema\/person\/3e19676faae246bba0cb3b7e15f427d8\",\"name\":\"Annette Ahrens\",\"image\":{\"@type\":\"ImageObject\",\"@id\":\"https:\/\/annette-ahrens.at\/onlineshop\/#personlogo\",\"inLanguage\":\"de\",\"url\":\"https:\/\/annette-ahrens.at\/onlineshop\/wp-content\/uploads\/2020\/04\/aa_logo_End.png\",\"width\":800,\"height\":164,\"caption\":\"Annette Ahrens\"},\"logo\":{\"@id\":\"https:\/\/annette-ahrens.at\/onlineshop\/#personlogo\"},\"sameAs\":[\"https:\/\/annette-ahrens.at\",\"https:\/\/www.facebook.com\/AnnetteAhrensTafelkultur\",\"https:\/\/www.instagram.com\/tafelkulturistin\/\",\"https:\/\/de.wikipedia.org\/wiki\/Annette_Ahrens\"]},{\"@type\":\"WebSite\",\"@id\":\"https:\/\/annette-ahrens.at\/onlineshop\/#website\",\"url\":\"https:\/\/annette-ahrens.at\/onlineshop\/\",\"name\":\"Tafelkultur Onlineshop\",\"description\":\"Annette Ahrens\",\"publisher\":{\"@id\":\"https:\/\/annette-ahrens.at\/onlineshop\/#\/schema\/person\/3e19676faae246bba0cb3b7e15f427d8\"},\"potentialAction\":[{\"@type\":\"SearchAction\",\"target\":\"https:\/\/annette-ahrens.at\/onlineshop\/?s={search_term_string}\",\"query-input\":\"required name=search_term_string\"}],\"inLanguage\":\"de\"},{\"@type\":\"ImageObject\",\"@id\":\"https:\/\/annette-ahrens.at\/onlineshop\/produkt\/12-weinglaeser-i-service-nr-231-barock-fa-j-l-lobmeyr-wien-2\/#primaryimage\",\"inLanguage\":\"de\",\"url\":\"https:\/\/annette-ahrens.at\/onlineshop\/wp-content\/uploads\/2021\/09\/IMG_9531-rotated.jpeg\",\"width\":1936,\"height\":1936,\"caption\":\"weingl\\u00e4ser_lobmeyr\"},{\"@type\":[\"WebPage\",\"ItemPage\"],\"@id\":\"https:\/\/annette-ahrens.at\/onlineshop\/produkt\/12-weinglaeser-i-service-nr-231-barock-fa-j-l-lobmeyr-wien-2\/#webpage\",\"url\":\"https:\/\/annette-ahrens.at\/onlineshop\/produkt\/12-weinglaeser-i-service-nr-231-barock-fa-j-l-lobmeyr-wien-2\/\",\"name\":\"12 Weingl\\u00e4ser I, Service Nr. 231 \\u201eBarock\\u201c, Fa. J. & L. Lobmeyr, Wien\",\"isPartOf\":{\"@id\":\"https:\/\/annette-ahrens.at\/onlineshop\/#website\"},\"primaryImageOfPage\":{\"@id\":\"https:\/\/annette-ahrens.at\/onlineshop\/produkt\/12-weinglaeser-i-service-nr-231-barock-fa-j-l-lobmeyr-wien-2\/#primaryimage\"},\"datePublished\":\"2022-10-26T12:50:57+00:00\",\"dateModified\":\"2022-10-26T20:56:58+00:00\",\"description\":\"12 Weingl\\u00e4ser I, Service Nr. 231 \\u201eBarock\\u201c, Fa. J. & L. Lobmeyr, Wien \\u2665 Antiquit\\u00e4ten Online kaufen \\u2713 Sichere Lieferung \\u2713\",\"breadcrumb\":{\"@id\":\"https:\/\/annette-ahrens.at\/onlineshop\/produkt\/12-weinglaeser-i-service-nr-231-barock-fa-j-l-lobmeyr-wien-2\/#breadcrumb\"},\"inLanguage\":\"de\",\"potentialAction\":[{\"@type\":\"ReadAction\",\"target\":[\"https:\/\/annette-ahrens.at\/onlineshop\/produkt\/12-weinglaeser-i-service-nr-231-barock-fa-j-l-lobmeyr-wien-2\/\"]}]},{\"@type\":\"BreadcrumbList\",\"@id\":\"https:\/\/annette-ahrens.at\/onlineshop\/produkt\/12-weinglaeser-i-service-nr-231-barock-fa-j-l-lobmeyr-wien-2\/#breadcrumb\",\"itemListElement\":[{\"@type\":\"ListItem\",\"position\":1,\"item\":{\"@type\":\"WebPage\",\"@id\":\"https:\/\/annette-ahrens.at\/onlineshop\/\",\"url\":\"https:\/\/annette-ahrens.at\/onlineshop\/\",\"name\":\"Home\"}},{\"@type\":\"ListItem\",\"position\":2,\"item\":{\"@type\":\"WebPage\",\"@id\":\"https:\/\/annette-ahrens.at\/onlineshop\/alle-tafelkultur-objekte\/\",\"url\":\"https:\/\/annette-ahrens.at\/onlineshop\/alle-tafelkultur-objekte\/\",\"name\":\"Alle Tafelkultur Objekte\"}},{\"@type\":\"ListItem\",\"position\":3,\"item\":{\"@type\":\"WebPage\",\"@id\":\"https:\/\/annette-ahrens.at\/onlineshop\/produkt\/12-weinglaeser-i-service-nr-231-barock-fa-j-l-lobmeyr-wien-2\/\",\"url\":\"https:\/\/annette-ahrens.at\/onlineshop\/produkt\/12-weinglaeser-i-service-nr-231-barock-fa-j-l-lobmeyr-wien-2\/\",\"name\":\"12 Weingl\\u00e4ser I, Service Nr. 231 \\u201eBarock\\u201c, Fa. J. &#038; L. Lobmeyr, Wien\"}}]}]}<\/script>\n<!-- \/ Yoast SEO Premium plugin. -->","_links":{"self":[{"href":"https:\/\/annette-ahrens.at\/onlineshop\/wp-json\/wp\/v2\/product\/10592","targetHints":{"allow":["GET"]}}],"collection":[{"href":"https:\/\/annette-ahrens.at\/onlineshop\/wp-json\/wp\/v2\/product"}],"about":[{"href":"https:\/\/annette-ahrens.at\/onlineshop\/wp-json\/wp\/v2\/types\/product"}],"replies":[{"embeddable":true,"href":"https:\/\/annette-ahrens.at\/onlineshop\/wp-json\/wp\/v2\/comments?post=10592"}],"wp:featuredmedia":[{"embeddable":true,"href":"https:\/\/annette-ahrens.at\/onlineshop\/wp-json\/wp\/v2\/media\/18416"}],"wp:attachment":[{"href":"https:\/\/annette-ahrens.at\/onlineshop\/wp-json\/wp\/v2\/media?parent=10592"}],"wp:term":[{"taxonomy":"product_brand","embeddable":true,"href":"https:\/\/annette-ahrens.at\/onlineshop\/wp-json\/wp\/v2\/product_brand?post=10592"},{"taxonomy":"product_cat","embeddable":true,"href":"https:\/\/annette-ahrens.at\/onlineshop\/wp-json\/wp\/v2\/product_cat?post=10592"},{"taxonomy":"product_tag","embeddable":true,"href":"https:\/\/annette-ahrens.at\/onlineshop\/wp-json\/wp\/v2\/product_tag?post=10592"}],"curies":[{"name":"wp","href":"https:\/\/api.w.org\/{rel}","templated":true}]}}