{"id":1063,"date":"2020-05-05T00:39:06","date_gmt":"2020-05-04T22:39:06","guid":{"rendered":"https:\/\/annette-ahrens.at\/silbershop\/?post_type=product&#038;p=1063"},"modified":"2022-01-07T14:36:21","modified_gmt":"2022-01-07T13:36:21","slug":"besteck-fuer-12-personen-fa-berndorf-um-1900","status":"publish","type":"product","link":"https:\/\/annette-ahrens.at\/onlineshop\/produkt\/besteck-fuer-12-personen-fa-berndorf-um-1900\/","title":{"rendered":"140 teiliges versilbertes Besteck f\u00fcr 12 Personen, Fa. Berndorf, um 1900"},"content":{"rendered":"<p>Besteck f\u00fcr 12 Personen<\/p>\n<p>Fa. Berndorf, um 1900, Form 3000<\/p>\n<p>Alpacca, versilbert, 140 Teile, in originaler Kassette, au\u00dfen mit schwarzer Chagrinleinwand \u00fcberzogen; alle Teile mit runder B\u00e4renmarke<\/p>\n<p><strong>E\u00dfbesteck:<\/strong><\/p>\n<p>12 Suppenl\u00f6ffel<\/p>\n<p>12 Menugabeln<\/p>\n<p>12 Menumesser<\/p>\n<p>12 Kaffeel\u00f6ffel<\/p>\n<p>12 Bouillonl\u00f6ffel<\/p>\n<p>12 Mokkal\u00f6ffel<\/p>\n<p>12 Vorspeisgabeln<\/p>\n<p>12 Vorspeismesser<\/p>\n<p>12 Eisl\u00f6ffel<\/p>\n<p>12 Messerb\u00e4nke<\/p>\n<p>4 Gew\u00fcrzf\u00e4sser mit Glas<\/p>\n<p>4 Gew\u00fcrzl\u00f6ffel<\/p>\n<p>12 Messerb\u00e4nke<\/p>\n<p><strong>Vorleger:<\/strong><\/p>\n<p>1 Suppensch\u00f6pfer<\/p>\n<p>2 Vorlegel\u00f6ffel<\/p>\n<p>1 Tortenschaufel<\/p>\n<p>2 Salatbestecke<\/p>\n<p>2 Salatbestecke mit Horn<\/p>\n<p>1 Butterspachtel<\/p>\n<p>1 K\u00e4semesser<\/p>\n<p>2 Fleischgabeln<\/p>\n","protected":false},"excerpt":{"rendered":"<p>Besteck f\u00fcr 12 Personen Fa. Berndorf, um 1900, Form 3000 Alpacca, versilbert, 140 Teile, in originaler Kassette, au\u00dfen mit schwarzer Chagrinleinwand \u00fcberzogen; alle Teile mit runder B\u00e4renmarke E\u00dfbesteck: 12 Suppenl\u00f6ffel 12 Menugabeln 12 Menumesser 12 Kaffeel\u00f6ffel 12 Bouillonl\u00f6ffel 12 Mokkal\u00f6ffel 12 Vorspeisgabeln 12 Vorspeismesser 12 Eisl\u00f6ffel 12 Messerb\u00e4nke 4 Gew\u00fcrzf\u00e4sser mit Glas 4 Gew\u00fcrzl\u00f6ffel 12 [&hellip;]<\/p>\n","protected":false},"featured_media":1019,"comment_status":"open","ping_status":"closed","template":"","meta":[],"product_brand":[],"product_cat":[276,30,291,295,296,238,53],"product_tag":[],"class_list":{"0":"post-1063","1":"product","2":"type-product","3":"status-publish","4":"has-post-thumbnail","6":"product_cat-alpacca","7":"product_cat-besteck","8":"product_cat-hochzeit","9":"product_cat-jagdeinladung","10":"product_cat-silvester","11":"product_cat-vorleger","12":"product_cat-weihnachten","14":"first","15":"instock","16":"sold-individually","17":"purchasable","18":"product-type-simple"},"yoast_head":"<!-- This site is optimized with the Yoast SEO Premium plugin v15.8.2 - https:\/\/yoast.com\/wordpress\/plugins\/seo\/ -->\n<title>140 teiliges versilbertes Besteck f\u00fcr 12 Personen, Fa. Berndorf, um 1900<\/title>\n<meta name=\"description\" content=\"140 teiliges versilbertes Besteck f\u00fcr 12 Personen, Fa. Berndorf, um 1900 \u2665 Antiquit\u00e4ten Online kaufen \u2713 Sichere Lieferung \u2713\" \/>\n<meta name=\"robots\" content=\"index, follow, max-snippet:-1, max-image-preview:large, max-video-preview:-1\" \/>\n<link rel=\"canonical\" href=\"https:\/\/annette-ahrens.at\/onlineshop\/produkt\/besteck-fuer-12-personen-fa-berndorf-um-1900\/\" \/>\n<meta property=\"og:locale\" content=\"de_DE\" \/>\n<meta property=\"og:type\" content=\"article\" \/>\n<meta property=\"og:title\" content=\"140 teiliges versilbertes Besteck f\u00fcr 12 Personen, Fa. Berndorf, um 1900\" \/>\n<meta property=\"og:description\" content=\"140 teiliges versilbertes Besteck f\u00fcr 12 Personen, Fa. Berndorf, um 1900 \u2665 Antiquit\u00e4ten Online kaufen \u2713 Sichere Lieferung \u2713\" \/>\n<meta property=\"og:url\" content=\"https:\/\/annette-ahrens.at\/onlineshop\/produkt\/besteck-fuer-12-personen-fa-berndorf-um-1900\/\" \/>\n<meta property=\"og:site_name\" content=\"Tafelkultur Onlineshop\" \/>\n<meta property=\"article:publisher\" content=\"https:\/\/www.facebook.com\/AnnetteAhrensTafelkultur\" \/>\n<meta property=\"article:modified_time\" content=\"2022-01-07T13:36:21+00:00\" \/>\n<meta property=\"og:image\" content=\"https:\/\/annette-ahrens.at\/onlineshop\/wp-content\/uploads\/2020\/05\/IMG_7351-scaled.jpeg\" \/>\n\t<meta property=\"og:image:width\" content=\"1920\" \/>\n\t<meta property=\"og:image:height\" content=\"2560\" \/>\n<meta name=\"twitter:card\" content=\"summary_large_image\" \/>\n<meta name=\"twitter:label1\" content=\"Gesch\u00e4tzte Lesezeit\">\n\t<meta name=\"twitter:data1\" content=\"1\u00a0Minute\">\n<script type=\"application\/ld+json\" class=\"yoast-schema-graph\">{\"@context\":\"https:\/\/schema.org\",\"@graph\":[{\"@type\":[\"Person\",\"Organization\"],\"@id\":\"https:\/\/annette-ahrens.at\/onlineshop\/#\/schema\/person\/3e19676faae246bba0cb3b7e15f427d8\",\"name\":\"Annette Ahrens\",\"image\":{\"@type\":\"ImageObject\",\"@id\":\"https:\/\/annette-ahrens.at\/onlineshop\/#personlogo\",\"inLanguage\":\"de\",\"url\":\"https:\/\/annette-ahrens.at\/onlineshop\/wp-content\/uploads\/2020\/04\/aa_logo_End.png\",\"width\":800,\"height\":164,\"caption\":\"Annette Ahrens\"},\"logo\":{\"@id\":\"https:\/\/annette-ahrens.at\/onlineshop\/#personlogo\"},\"sameAs\":[\"https:\/\/annette-ahrens.at\",\"https:\/\/www.facebook.com\/AnnetteAhrensTafelkultur\",\"https:\/\/www.instagram.com\/tafelkulturistin\/\",\"https:\/\/de.wikipedia.org\/wiki\/Annette_Ahrens\"]},{\"@type\":\"WebSite\",\"@id\":\"https:\/\/annette-ahrens.at\/onlineshop\/#website\",\"url\":\"https:\/\/annette-ahrens.at\/onlineshop\/\",\"name\":\"Tafelkultur Onlineshop\",\"description\":\"Annette Ahrens\",\"publisher\":{\"@id\":\"https:\/\/annette-ahrens.at\/onlineshop\/#\/schema\/person\/3e19676faae246bba0cb3b7e15f427d8\"},\"potentialAction\":[{\"@type\":\"SearchAction\",\"target\":\"https:\/\/annette-ahrens.at\/onlineshop\/?s={search_term_string}\",\"query-input\":\"required name=search_term_string\"}],\"inLanguage\":\"de\"},{\"@type\":\"ImageObject\",\"@id\":\"https:\/\/annette-ahrens.at\/onlineshop\/produkt\/besteck-fuer-12-personen-fa-berndorf-um-1900\/#primaryimage\",\"inLanguage\":\"de\",\"url\":\"https:\/\/annette-ahrens.at\/onlineshop\/wp-content\/uploads\/2020\/05\/IMG_7351-scaled.jpeg\",\"width\":1920,\"height\":2560,\"caption\":\"berndorf_besteck\"},{\"@type\":[\"WebPage\",\"ItemPage\"],\"@id\":\"https:\/\/annette-ahrens.at\/onlineshop\/produkt\/besteck-fuer-12-personen-fa-berndorf-um-1900\/#webpage\",\"url\":\"https:\/\/annette-ahrens.at\/onlineshop\/produkt\/besteck-fuer-12-personen-fa-berndorf-um-1900\/\",\"name\":\"140 teiliges versilbertes Besteck f\\u00fcr 12 Personen, Fa. Berndorf, um 1900\",\"isPartOf\":{\"@id\":\"https:\/\/annette-ahrens.at\/onlineshop\/#website\"},\"primaryImageOfPage\":{\"@id\":\"https:\/\/annette-ahrens.at\/onlineshop\/produkt\/besteck-fuer-12-personen-fa-berndorf-um-1900\/#primaryimage\"},\"datePublished\":\"2020-05-04T22:39:06+00:00\",\"dateModified\":\"2022-01-07T13:36:21+00:00\",\"description\":\"140 teiliges versilbertes Besteck f\\u00fcr 12 Personen, Fa. Berndorf, um 1900 \\u2665 Antiquit\\u00e4ten Online kaufen \\u2713 Sichere Lieferung \\u2713\",\"breadcrumb\":{\"@id\":\"https:\/\/annette-ahrens.at\/onlineshop\/produkt\/besteck-fuer-12-personen-fa-berndorf-um-1900\/#breadcrumb\"},\"inLanguage\":\"de\",\"potentialAction\":[{\"@type\":\"ReadAction\",\"target\":[\"https:\/\/annette-ahrens.at\/onlineshop\/produkt\/besteck-fuer-12-personen-fa-berndorf-um-1900\/\"]}]},{\"@type\":\"BreadcrumbList\",\"@id\":\"https:\/\/annette-ahrens.at\/onlineshop\/produkt\/besteck-fuer-12-personen-fa-berndorf-um-1900\/#breadcrumb\",\"itemListElement\":[{\"@type\":\"ListItem\",\"position\":1,\"item\":{\"@type\":\"WebPage\",\"@id\":\"https:\/\/annette-ahrens.at\/onlineshop\/\",\"url\":\"https:\/\/annette-ahrens.at\/onlineshop\/\",\"name\":\"Home\"}},{\"@type\":\"ListItem\",\"position\":2,\"item\":{\"@type\":\"WebPage\",\"@id\":\"https:\/\/annette-ahrens.at\/onlineshop\/alle-tafelkultur-objekte\/\",\"url\":\"https:\/\/annette-ahrens.at\/onlineshop\/alle-tafelkultur-objekte\/\",\"name\":\"Alle Tafelkultur Objekte\"}},{\"@type\":\"ListItem\",\"position\":3,\"item\":{\"@type\":\"WebPage\",\"@id\":\"https:\/\/annette-ahrens.at\/onlineshop\/produkt\/besteck-fuer-12-personen-fa-berndorf-um-1900\/\",\"url\":\"https:\/\/annette-ahrens.at\/onlineshop\/produkt\/besteck-fuer-12-personen-fa-berndorf-um-1900\/\",\"name\":\"140 teiliges versilbertes Besteck f\\u00fcr 12 Personen, Fa. Berndorf, um 1900\"}}]}]}<\/script>\n<!-- \/ Yoast SEO Premium plugin. -->","_links":{"self":[{"href":"https:\/\/annette-ahrens.at\/onlineshop\/wp-json\/wp\/v2\/product\/1063","targetHints":{"allow":["GET"]}}],"collection":[{"href":"https:\/\/annette-ahrens.at\/onlineshop\/wp-json\/wp\/v2\/product"}],"about":[{"href":"https:\/\/annette-ahrens.at\/onlineshop\/wp-json\/wp\/v2\/types\/product"}],"replies":[{"embeddable":true,"href":"https:\/\/annette-ahrens.at\/onlineshop\/wp-json\/wp\/v2\/comments?post=1063"}],"wp:featuredmedia":[{"embeddable":true,"href":"https:\/\/annette-ahrens.at\/onlineshop\/wp-json\/wp\/v2\/media\/1019"}],"wp:attachment":[{"href":"https:\/\/annette-ahrens.at\/onlineshop\/wp-json\/wp\/v2\/media?parent=1063"}],"wp:term":[{"taxonomy":"product_brand","embeddable":true,"href":"https:\/\/annette-ahrens.at\/onlineshop\/wp-json\/wp\/v2\/product_brand?post=1063"},{"taxonomy":"product_cat","embeddable":true,"href":"https:\/\/annette-ahrens.at\/onlineshop\/wp-json\/wp\/v2\/product_cat?post=1063"},{"taxonomy":"product_tag","embeddable":true,"href":"https:\/\/annette-ahrens.at\/onlineshop\/wp-json\/wp\/v2\/product_tag?post=1063"}],"curies":[{"name":"wp","href":"https:\/\/api.w.org\/{rel}","templated":true}]}}