{"id":11188,"date":"2021-11-07T19:17:49","date_gmt":"2021-11-07T18:17:49","guid":{"rendered":"https:\/\/annette-ahrens.at\/onlineshop\/?post_type=product&#038;p=11188"},"modified":"2025-05-19T08:43:23","modified_gmt":"2025-05-19T06:43:23","slug":"wilhelm-wagenfeld-6-seltene-buttermesser-form-3600-fa-wmf-geislingen-um-1950","status":"publish","type":"product","link":"https:\/\/annette-ahrens.at\/onlineshop\/produkt\/wilhelm-wagenfeld-6-seltene-buttermesser-form-3600-fa-wmf-geislingen-um-1950\/","title":{"rendered":"Wilhelm Wagenfeld, 6 seltene Buttermesser Form 3600, Fa. WMF, Geislingen, um 1950"},"content":{"rendered":"<p>6 seltene Buttermesser Form 3600<\/p>\n<p>Entwurf: Wilhelm Wagenfeld (Bremen 1900-1990 Stuttgart), 1949\/52<\/p>\n<p>Fa. WMF, Geislingen, um 1950<\/p>\n<p>Alpacca, stark versilbert, WMF-Marke, 90er Silber-Auflage, 6 St\u00fcck, in originaler Verkaufsverpackung<\/p>\n<p>L 16 cm<\/p>\n","protected":false},"excerpt":{"rendered":"<p>Annettes Etikette: Diese seltenen formvollendeten Buttermesser geh\u00f6ren zur Serie der unter &#8222;3600 Form&#8220; im WMF-Prospekt &#8222;Tischger\u00e4te unserer Zeit von Professor Wagenfeld&#8220; aus dem Jahre 1953 propagierten Bestecke des Bauhaus-K\u00fcnstlers. Neben der Form ist es die hochwertige Ausf\u00fchrung der W\u00fcrttembergischen Metallwarenfabrik, hier in massiver Versilberung, welche das Buttermesser gut in H\u00e4nden liegen l\u00e4\u00dft.<\/p>\n","protected":false},"featured_media":11206,"comment_status":"open","ping_status":"closed","template":"","meta":[],"product_brand":[],"product_cat":[130,136,30,34,298,139,140,253,299,242,237],"product_tag":[],"class_list":{"0":"post-11188","1":"product","2":"type-product","3":"status-publish","4":"has-post-thumbnail","6":"product_cat-abendessen","7":"product_cat-aufs-brot","8":"product_cat-besteck","9":"product_cat-brot","10":"product_cat-buffet","11":"product_cat-butter","12":"product_cat-buttermesser","13":"product_cat-buttermesser-messer","14":"product_cat-cocktailparty","15":"product_cat-kaesemesser","16":"product_cat-messer","18":"first","19":"instock","20":"sold-individually","21":"purchasable","22":"product-type-simple"},"yoast_head":"<!-- This site is optimized with the Yoast SEO Premium plugin v15.8.2 - https:\/\/yoast.com\/wordpress\/plugins\/seo\/ -->\n<title>Wilhelm Wagenfeld, 6 seltene Buttermesser Form 3600, Fa. WMF, Geislingen, um 1950<\/title>\n<meta name=\"description\" content=\"Wilhelm Wagenfeld, 6 seltene Buttermesser Form 3600, Fa. WMF, Geislingen, um 1950 \u2665 Antiquit\u00e4ten Online kaufen \u2713 Sichere Lieferung \u2713\" \/>\n<meta name=\"robots\" content=\"index, follow, max-snippet:-1, max-image-preview:large, max-video-preview:-1\" \/>\n<link rel=\"canonical\" href=\"https:\/\/annette-ahrens.at\/onlineshop\/produkt\/wilhelm-wagenfeld-6-seltene-buttermesser-form-3600-fa-wmf-geislingen-um-1950\/\" \/>\n<meta property=\"og:locale\" content=\"de_DE\" \/>\n<meta property=\"og:type\" content=\"article\" \/>\n<meta property=\"og:title\" content=\"Wilhelm Wagenfeld, 6 seltene Buttermesser Form 3600, Fa. WMF, Geislingen, um 1950\" \/>\n<meta property=\"og:description\" content=\"Wilhelm Wagenfeld, 6 seltene Buttermesser Form 3600, Fa. WMF, Geislingen, um 1950 \u2665 Antiquit\u00e4ten Online kaufen \u2713 Sichere Lieferung \u2713\" \/>\n<meta property=\"og:url\" content=\"https:\/\/annette-ahrens.at\/onlineshop\/produkt\/wilhelm-wagenfeld-6-seltene-buttermesser-form-3600-fa-wmf-geislingen-um-1950\/\" \/>\n<meta property=\"og:site_name\" content=\"Tafelkultur Onlineshop\" \/>\n<meta property=\"article:publisher\" content=\"https:\/\/www.facebook.com\/AnnetteAhrensTafelkultur\" \/>\n<meta property=\"article:modified_time\" content=\"2025-05-19T06:43:23+00:00\" \/>\n<meta property=\"og:image\" content=\"https:\/\/annette-ahrens.at\/onlineshop\/wp-content\/uploads\/2021\/11\/IMG_5499-scaled.jpeg\" \/>\n\t<meta property=\"og:image:width\" content=\"2560\" \/>\n\t<meta property=\"og:image:height\" content=\"2560\" \/>\n<meta name=\"twitter:card\" content=\"summary_large_image\" \/>\n<meta name=\"twitter:label1\" content=\"Gesch\u00e4tzte Lesezeit\">\n\t<meta name=\"twitter:data1\" content=\"1\u00a0Minute\">\n<script type=\"application\/ld+json\" class=\"yoast-schema-graph\">{\"@context\":\"https:\/\/schema.org\",\"@graph\":[{\"@type\":[\"Person\",\"Organization\"],\"@id\":\"https:\/\/annette-ahrens.at\/onlineshop\/#\/schema\/person\/3e19676faae246bba0cb3b7e15f427d8\",\"name\":\"Annette Ahrens\",\"image\":{\"@type\":\"ImageObject\",\"@id\":\"https:\/\/annette-ahrens.at\/onlineshop\/#personlogo\",\"inLanguage\":\"de\",\"url\":\"https:\/\/annette-ahrens.at\/onlineshop\/wp-content\/uploads\/2020\/04\/aa_logo_End.png\",\"width\":800,\"height\":164,\"caption\":\"Annette Ahrens\"},\"logo\":{\"@id\":\"https:\/\/annette-ahrens.at\/onlineshop\/#personlogo\"},\"sameAs\":[\"https:\/\/annette-ahrens.at\",\"https:\/\/www.facebook.com\/AnnetteAhrensTafelkultur\",\"https:\/\/www.instagram.com\/tafelkulturistin\/\",\"https:\/\/de.wikipedia.org\/wiki\/Annette_Ahrens\"]},{\"@type\":\"WebSite\",\"@id\":\"https:\/\/annette-ahrens.at\/onlineshop\/#website\",\"url\":\"https:\/\/annette-ahrens.at\/onlineshop\/\",\"name\":\"Tafelkultur Onlineshop\",\"description\":\"Annette Ahrens\",\"publisher\":{\"@id\":\"https:\/\/annette-ahrens.at\/onlineshop\/#\/schema\/person\/3e19676faae246bba0cb3b7e15f427d8\"},\"potentialAction\":[{\"@type\":\"SearchAction\",\"target\":\"https:\/\/annette-ahrens.at\/onlineshop\/?s={search_term_string}\",\"query-input\":\"required name=search_term_string\"}],\"inLanguage\":\"de\"},{\"@type\":\"ImageObject\",\"@id\":\"https:\/\/annette-ahrens.at\/onlineshop\/produkt\/wilhelm-wagenfeld-6-seltene-buttermesser-form-3600-fa-wmf-geislingen-um-1950\/#primaryimage\",\"inLanguage\":\"de\",\"url\":\"https:\/\/annette-ahrens.at\/onlineshop\/wp-content\/uploads\/2021\/11\/IMG_5499-scaled.jpeg\",\"width\":2560,\"height\":2560,\"caption\":\"wmf_wagenfeld_buttermesser\"},{\"@type\":[\"WebPage\",\"ItemPage\"],\"@id\":\"https:\/\/annette-ahrens.at\/onlineshop\/produkt\/wilhelm-wagenfeld-6-seltene-buttermesser-form-3600-fa-wmf-geislingen-um-1950\/#webpage\",\"url\":\"https:\/\/annette-ahrens.at\/onlineshop\/produkt\/wilhelm-wagenfeld-6-seltene-buttermesser-form-3600-fa-wmf-geislingen-um-1950\/\",\"name\":\"Wilhelm Wagenfeld, 6 seltene Buttermesser Form 3600, Fa. WMF, Geislingen, um 1950\",\"isPartOf\":{\"@id\":\"https:\/\/annette-ahrens.at\/onlineshop\/#website\"},\"primaryImageOfPage\":{\"@id\":\"https:\/\/annette-ahrens.at\/onlineshop\/produkt\/wilhelm-wagenfeld-6-seltene-buttermesser-form-3600-fa-wmf-geislingen-um-1950\/#primaryimage\"},\"datePublished\":\"2021-11-07T18:17:49+00:00\",\"dateModified\":\"2025-05-19T06:43:23+00:00\",\"description\":\"Wilhelm Wagenfeld, 6 seltene Buttermesser Form 3600, Fa. WMF, Geislingen, um 1950 \\u2665 Antiquit\\u00e4ten Online kaufen \\u2713 Sichere Lieferung \\u2713\",\"breadcrumb\":{\"@id\":\"https:\/\/annette-ahrens.at\/onlineshop\/produkt\/wilhelm-wagenfeld-6-seltene-buttermesser-form-3600-fa-wmf-geislingen-um-1950\/#breadcrumb\"},\"inLanguage\":\"de\",\"potentialAction\":[{\"@type\":\"ReadAction\",\"target\":[\"https:\/\/annette-ahrens.at\/onlineshop\/produkt\/wilhelm-wagenfeld-6-seltene-buttermesser-form-3600-fa-wmf-geislingen-um-1950\/\"]}]},{\"@type\":\"BreadcrumbList\",\"@id\":\"https:\/\/annette-ahrens.at\/onlineshop\/produkt\/wilhelm-wagenfeld-6-seltene-buttermesser-form-3600-fa-wmf-geislingen-um-1950\/#breadcrumb\",\"itemListElement\":[{\"@type\":\"ListItem\",\"position\":1,\"item\":{\"@type\":\"WebPage\",\"@id\":\"https:\/\/annette-ahrens.at\/onlineshop\/\",\"url\":\"https:\/\/annette-ahrens.at\/onlineshop\/\",\"name\":\"Home\"}},{\"@type\":\"ListItem\",\"position\":2,\"item\":{\"@type\":\"WebPage\",\"@id\":\"https:\/\/annette-ahrens.at\/onlineshop\/alle-tafelkultur-objekte\/\",\"url\":\"https:\/\/annette-ahrens.at\/onlineshop\/alle-tafelkultur-objekte\/\",\"name\":\"Alle Tafelkultur Objekte\"}},{\"@type\":\"ListItem\",\"position\":3,\"item\":{\"@type\":\"WebPage\",\"@id\":\"https:\/\/annette-ahrens.at\/onlineshop\/produkt\/wilhelm-wagenfeld-6-seltene-buttermesser-form-3600-fa-wmf-geislingen-um-1950\/\",\"url\":\"https:\/\/annette-ahrens.at\/onlineshop\/produkt\/wilhelm-wagenfeld-6-seltene-buttermesser-form-3600-fa-wmf-geislingen-um-1950\/\",\"name\":\"Wilhelm Wagenfeld, 6 seltene Buttermesser Form 3600, Fa. WMF, Geislingen, um 1950\"}}]}]}<\/script>\n<!-- \/ Yoast SEO Premium plugin. -->","_links":{"self":[{"href":"https:\/\/annette-ahrens.at\/onlineshop\/wp-json\/wp\/v2\/product\/11188","targetHints":{"allow":["GET"]}}],"collection":[{"href":"https:\/\/annette-ahrens.at\/onlineshop\/wp-json\/wp\/v2\/product"}],"about":[{"href":"https:\/\/annette-ahrens.at\/onlineshop\/wp-json\/wp\/v2\/types\/product"}],"replies":[{"embeddable":true,"href":"https:\/\/annette-ahrens.at\/onlineshop\/wp-json\/wp\/v2\/comments?post=11188"}],"wp:featuredmedia":[{"embeddable":true,"href":"https:\/\/annette-ahrens.at\/onlineshop\/wp-json\/wp\/v2\/media\/11206"}],"wp:attachment":[{"href":"https:\/\/annette-ahrens.at\/onlineshop\/wp-json\/wp\/v2\/media?parent=11188"}],"wp:term":[{"taxonomy":"product_brand","embeddable":true,"href":"https:\/\/annette-ahrens.at\/onlineshop\/wp-json\/wp\/v2\/product_brand?post=11188"},{"taxonomy":"product_cat","embeddable":true,"href":"https:\/\/annette-ahrens.at\/onlineshop\/wp-json\/wp\/v2\/product_cat?post=11188"},{"taxonomy":"product_tag","embeddable":true,"href":"https:\/\/annette-ahrens.at\/onlineshop\/wp-json\/wp\/v2\/product_tag?post=11188"}],"curies":[{"name":"wp","href":"https:\/\/api.w.org\/{rel}","templated":true}]}}