{"id":11212,"date":"2021-11-09T16:00:36","date_gmt":"2021-11-09T15:00:36","guid":{"rendered":"https:\/\/annette-ahrens.at\/onlineshop\/?post_type=product&#038;p=11212"},"modified":"2024-02-12T16:45:07","modified_gmt":"2024-02-12T15:45:07","slug":"heinrich-loeffelhardt-teeservice-adria-form-511-fa-schoenwald-1957","status":"publish","type":"product","link":"https:\/\/annette-ahrens.at\/onlineshop\/produkt\/heinrich-loeffelhardt-teeservice-adria-form-511-fa-schoenwald-1957\/","title":{"rendered":"Heinrich L\u00f6ffelhardt, Teeservice &#8222;Adria&#8220; Form 511, Fa. Sch\u00f6nwald, 1957"},"content":{"rendered":"<p>Teeservice &#8222;Adria&#8220; Form 511<\/p>\n<p>Entwurf: Heinrich L\u00f6ffelhardt (1901 &#8211; \u00a01979), 1957 f\u00fcr Fa. Sch\u00f6nwald, Oberfranken, 1957<\/p>\n<p>Porzellan, weiss glasiert, hellblauer, aufgespritzter Dekor &#8222;Adria&#8220;, insgesamt 42 Teile bestehend aus 12 Tassen mit 12 Untertellern und 12 Dessertellern, Teekanne mit Deckel, Zuckerdose mit Deckel und Milchk\u00e4nnchen, Tortenplatte, alle Teile auf der Unterseite mit unterglasurgr\u00fcner Manufakturmarke gr\u00fcne Tanne und Sch\u00f6nwald<\/p>\n<p>Dm Teller \u00a013,6 cm<\/p>\n<p>Dm Tasse 6,7 cm, Dm 8 cm<\/p>\n<p>Dm Untertasse 13,5 cm<\/p>\n<p>Dm Tortenplatte 35 cm<\/p>\n<p><span style=\"font-size: 12pt; font-family: 'Roboto Slab';\">Literatur: Barbara Mundt, Interieur + Design 1945 &#8211; 1960, Kunstgewerbe Museum Berlin 1993, Tafel XV., S. 198 Abb. 334 (Kunstgewerbemuseum Berlin Inv. Nr. 1991.64)<\/span><\/p>\n","protected":false},"excerpt":{"rendered":"<p>Annettes Etikette:<span class=\"tBJ dyH iFc yTZ pBj zDA IZT swG\">\u00a0Der deutsche Designer Heinrich L\u00f6ffelhardt zeichnet f\u00fcr diesen Entwurf eines &#8222;Abendbrotgeschirrs&#8220; verantwortlich und gewann mit diesem Entwurf 1957 die goldene Medaille auf der XI. Trienale in Mailand. Die deutsche Porzellanmanufaktur Sch\u00f6nwald in Oberfranken f\u00fchrte diesen Dekor &#8222;Adria&#8220; auf ihrem feinen Porzellan aus. Ab den 1950er Jahren war L\u00f6ffelhardt als Entwerfer u.a. f\u00fcr den oberfr\u00e4nkischen Porzellanhersteller Arzberg-Sch\u00f6nwald sowie den Glasproduzenten Schott in Mainz t\u00e4tig. Vor dem 2. Weltkrieg erhielt er seine Ausbildung bei der Silberwarenfabrik Bruckmann &amp; S\u00f6hne in seiner Geburtstadt Heilbronn.<\/span><\/p>\n","protected":false},"featured_media":11222,"comment_status":"open","ping_status":"closed","template":"","meta":[],"product_brand":[],"product_cat":[297,136,18,294,191,217,291,37,226,148,20,155,156,147,292,51,274,53,157,158],"product_tag":[],"class_list":{"0":"post-11212","1":"product","2":"type-product","3":"status-publish","4":"has-post-thumbnail","6":"product_cat-adventjause","7":"product_cat-aufs-brot","8":"product_cat-fruehstueck","9":"product_cat-geburtstag","10":"product_cat-hauptspeise","11":"product_cat-heissgetraenke","12":"product_cat-hochzeit","13":"product_cat-kaffee","14":"product_cat-kaffee-tee","15":"product_cat-kaffeekannen","16":"product_cat-lunchtime","17":"product_cat-milchgiesser","18":"product_cat-milchkanne","19":"product_cat-moccatassen","20":"product_cat-muttertag","21":"product_cat-ostern","22":"product_cat-porzellan-fachbuecher","23":"product_cat-weihnachten","24":"product_cat-zucker-fruehstueck","25":"product_cat-zuckerdose","27":"first","28":"instock","29":"sold-individually","30":"purchasable","31":"product-type-simple"},"yoast_head":"<!-- This site is optimized with the Yoast SEO Premium plugin v15.8.2 - https:\/\/yoast.com\/wordpress\/plugins\/seo\/ -->\n<title>Heinrich L\u00f6ffelhardt, Teeservice &quot;Adria&quot; Form 511, Fa. Sch\u00f6nwald, 1957<\/title>\n<meta name=\"description\" content=\"Heinrich L\u00f6ffelhardt, Teeservice &quot;Adria&quot; Form 511, Fa. Sch\u00f6nwald, 1957 \u2665 Antiquit\u00e4ten Online kaufen \u2713 Sichere Lieferung \u2713\" \/>\n<meta name=\"robots\" content=\"index, follow, max-snippet:-1, max-image-preview:large, max-video-preview:-1\" \/>\n<link rel=\"canonical\" href=\"https:\/\/annette-ahrens.at\/onlineshop\/produkt\/heinrich-loeffelhardt-teeservice-adria-form-511-fa-schoenwald-1957\/\" \/>\n<meta property=\"og:locale\" content=\"de_DE\" \/>\n<meta property=\"og:type\" content=\"article\" \/>\n<meta property=\"og:title\" content=\"Heinrich L\u00f6ffelhardt, Teeservice &quot;Adria&quot; Form 511, Fa. Sch\u00f6nwald, 1957\" \/>\n<meta property=\"og:description\" content=\"Heinrich L\u00f6ffelhardt, Teeservice &quot;Adria&quot; Form 511, Fa. Sch\u00f6nwald, 1957 \u2665 Antiquit\u00e4ten Online kaufen \u2713 Sichere Lieferung \u2713\" \/>\n<meta property=\"og:url\" content=\"https:\/\/annette-ahrens.at\/onlineshop\/produkt\/heinrich-loeffelhardt-teeservice-adria-form-511-fa-schoenwald-1957\/\" \/>\n<meta property=\"og:site_name\" content=\"Tafelkultur Onlineshop\" \/>\n<meta property=\"article:publisher\" content=\"https:\/\/www.facebook.com\/AnnetteAhrensTafelkultur\" \/>\n<meta property=\"article:modified_time\" content=\"2024-02-12T15:45:07+00:00\" \/>\n<meta property=\"og:image\" content=\"https:\/\/annette-ahrens.at\/onlineshop\/wp-content\/uploads\/2021\/11\/VONI9631.jpeg\" \/>\n\t<meta property=\"og:image:width\" content=\"1440\" \/>\n\t<meta property=\"og:image:height\" content=\"1440\" \/>\n<meta name=\"twitter:card\" content=\"summary_large_image\" \/>\n<meta name=\"twitter:label1\" content=\"Gesch\u00e4tzte Lesezeit\">\n\t<meta name=\"twitter:data1\" content=\"1\u00a0Minute\">\n<script type=\"application\/ld+json\" class=\"yoast-schema-graph\">{\"@context\":\"https:\/\/schema.org\",\"@graph\":[{\"@type\":[\"Person\",\"Organization\"],\"@id\":\"https:\/\/annette-ahrens.at\/onlineshop\/#\/schema\/person\/3e19676faae246bba0cb3b7e15f427d8\",\"name\":\"Annette Ahrens\",\"image\":{\"@type\":\"ImageObject\",\"@id\":\"https:\/\/annette-ahrens.at\/onlineshop\/#personlogo\",\"inLanguage\":\"de\",\"url\":\"https:\/\/annette-ahrens.at\/onlineshop\/wp-content\/uploads\/2020\/04\/aa_logo_End.png\",\"width\":800,\"height\":164,\"caption\":\"Annette Ahrens\"},\"logo\":{\"@id\":\"https:\/\/annette-ahrens.at\/onlineshop\/#personlogo\"},\"sameAs\":[\"https:\/\/annette-ahrens.at\",\"https:\/\/www.facebook.com\/AnnetteAhrensTafelkultur\",\"https:\/\/www.instagram.com\/tafelkulturistin\/\",\"https:\/\/de.wikipedia.org\/wiki\/Annette_Ahrens\"]},{\"@type\":\"WebSite\",\"@id\":\"https:\/\/annette-ahrens.at\/onlineshop\/#website\",\"url\":\"https:\/\/annette-ahrens.at\/onlineshop\/\",\"name\":\"Tafelkultur Onlineshop\",\"description\":\"Annette Ahrens\",\"publisher\":{\"@id\":\"https:\/\/annette-ahrens.at\/onlineshop\/#\/schema\/person\/3e19676faae246bba0cb3b7e15f427d8\"},\"potentialAction\":[{\"@type\":\"SearchAction\",\"target\":\"https:\/\/annette-ahrens.at\/onlineshop\/?s={search_term_string}\",\"query-input\":\"required name=search_term_string\"}],\"inLanguage\":\"de\"},{\"@type\":\"ImageObject\",\"@id\":\"https:\/\/annette-ahrens.at\/onlineshop\/produkt\/heinrich-loeffelhardt-teeservice-adria-form-511-fa-schoenwald-1957\/#primaryimage\",\"inLanguage\":\"de\",\"url\":\"https:\/\/annette-ahrens.at\/onlineshop\/wp-content\/uploads\/2021\/11\/VONI9631.jpeg\",\"width\":1440,\"height\":1440,\"caption\":\"l\\u00f6ffelhardt_adria_service\"},{\"@type\":[\"WebPage\",\"ItemPage\"],\"@id\":\"https:\/\/annette-ahrens.at\/onlineshop\/produkt\/heinrich-loeffelhardt-teeservice-adria-form-511-fa-schoenwald-1957\/#webpage\",\"url\":\"https:\/\/annette-ahrens.at\/onlineshop\/produkt\/heinrich-loeffelhardt-teeservice-adria-form-511-fa-schoenwald-1957\/\",\"name\":\"Heinrich L\\u00f6ffelhardt, Teeservice \\\"Adria\\\" Form 511, Fa. Sch\\u00f6nwald, 1957\",\"isPartOf\":{\"@id\":\"https:\/\/annette-ahrens.at\/onlineshop\/#website\"},\"primaryImageOfPage\":{\"@id\":\"https:\/\/annette-ahrens.at\/onlineshop\/produkt\/heinrich-loeffelhardt-teeservice-adria-form-511-fa-schoenwald-1957\/#primaryimage\"},\"datePublished\":\"2021-11-09T15:00:36+00:00\",\"dateModified\":\"2024-02-12T15:45:07+00:00\",\"description\":\"Heinrich L\\u00f6ffelhardt, Teeservice \\\"Adria\\\" Form 511, Fa. Sch\\u00f6nwald, 1957 \\u2665 Antiquit\\u00e4ten Online kaufen \\u2713 Sichere Lieferung \\u2713\",\"breadcrumb\":{\"@id\":\"https:\/\/annette-ahrens.at\/onlineshop\/produkt\/heinrich-loeffelhardt-teeservice-adria-form-511-fa-schoenwald-1957\/#breadcrumb\"},\"inLanguage\":\"de\",\"potentialAction\":[{\"@type\":\"ReadAction\",\"target\":[\"https:\/\/annette-ahrens.at\/onlineshop\/produkt\/heinrich-loeffelhardt-teeservice-adria-form-511-fa-schoenwald-1957\/\"]}]},{\"@type\":\"BreadcrumbList\",\"@id\":\"https:\/\/annette-ahrens.at\/onlineshop\/produkt\/heinrich-loeffelhardt-teeservice-adria-form-511-fa-schoenwald-1957\/#breadcrumb\",\"itemListElement\":[{\"@type\":\"ListItem\",\"position\":1,\"item\":{\"@type\":\"WebPage\",\"@id\":\"https:\/\/annette-ahrens.at\/onlineshop\/\",\"url\":\"https:\/\/annette-ahrens.at\/onlineshop\/\",\"name\":\"Home\"}},{\"@type\":\"ListItem\",\"position\":2,\"item\":{\"@type\":\"WebPage\",\"@id\":\"https:\/\/annette-ahrens.at\/onlineshop\/alle-tafelkultur-objekte\/\",\"url\":\"https:\/\/annette-ahrens.at\/onlineshop\/alle-tafelkultur-objekte\/\",\"name\":\"Alle Tafelkultur Objekte\"}},{\"@type\":\"ListItem\",\"position\":3,\"item\":{\"@type\":\"WebPage\",\"@id\":\"https:\/\/annette-ahrens.at\/onlineshop\/produkt\/heinrich-loeffelhardt-teeservice-adria-form-511-fa-schoenwald-1957\/\",\"url\":\"https:\/\/annette-ahrens.at\/onlineshop\/produkt\/heinrich-loeffelhardt-teeservice-adria-form-511-fa-schoenwald-1957\/\",\"name\":\"Heinrich L\\u00f6ffelhardt, Teeservice &#8220;Adria&#8221; Form 511, Fa. Sch\\u00f6nwald, 1957\"}}]}]}<\/script>\n<!-- \/ Yoast SEO Premium plugin. -->","_links":{"self":[{"href":"https:\/\/annette-ahrens.at\/onlineshop\/wp-json\/wp\/v2\/product\/11212","targetHints":{"allow":["GET"]}}],"collection":[{"href":"https:\/\/annette-ahrens.at\/onlineshop\/wp-json\/wp\/v2\/product"}],"about":[{"href":"https:\/\/annette-ahrens.at\/onlineshop\/wp-json\/wp\/v2\/types\/product"}],"replies":[{"embeddable":true,"href":"https:\/\/annette-ahrens.at\/onlineshop\/wp-json\/wp\/v2\/comments?post=11212"}],"wp:featuredmedia":[{"embeddable":true,"href":"https:\/\/annette-ahrens.at\/onlineshop\/wp-json\/wp\/v2\/media\/11222"}],"wp:attachment":[{"href":"https:\/\/annette-ahrens.at\/onlineshop\/wp-json\/wp\/v2\/media?parent=11212"}],"wp:term":[{"taxonomy":"product_brand","embeddable":true,"href":"https:\/\/annette-ahrens.at\/onlineshop\/wp-json\/wp\/v2\/product_brand?post=11212"},{"taxonomy":"product_cat","embeddable":true,"href":"https:\/\/annette-ahrens.at\/onlineshop\/wp-json\/wp\/v2\/product_cat?post=11212"},{"taxonomy":"product_tag","embeddable":true,"href":"https:\/\/annette-ahrens.at\/onlineshop\/wp-json\/wp\/v2\/product_tag?post=11212"}],"curies":[{"name":"wp","href":"https:\/\/api.w.org\/{rel}","templated":true}]}}