{"id":1376,"date":"2020-05-08T22:08:23","date_gmt":"2020-05-08T20:08:23","guid":{"rendered":"https:\/\/annette-ahrens.at\/silbershop\/?post_type=product&#038;p=1376"},"modified":"2023-01-04T20:49:29","modified_gmt":"2023-01-04T19:49:29","slug":"barocker-handkerzenleuchter-wiener-porzellanmanufaktur-um-1755","status":"publish","type":"product","link":"https:\/\/annette-ahrens.at\/onlineshop\/produkt\/barocker-handkerzenleuchter-wiener-porzellanmanufaktur-um-1755\/","title":{"rendered":"Barocker Handkerzenleuchter, Wiener Porzellanmanufaktur, um 1755"},"content":{"rendered":"<p>Barocker Handkerzenleuchter<\/p>\n<p>Wiener Porzellanmanufaktur, um 1755<\/p>\n<p>Porzellan, glasiert, bemalt, Daumenrast, gemarkt kaum leserlicher Bindenschild, eingepresster Weissdreher N und A 112 in Purpur<\/p>\n<p>H\u00f6he 6 cm<\/p>\n","protected":false},"excerpt":{"rendered":"<p>Annettes Etikette: Die im 18. Jahrhundert sehr\u00a0teuren Kerzen aus Bienenwachs wurden einzeln vom Silberk\u00e4mmerer ausgegeben. Die 2009 stattgefundenen Lichtexperimente in Potsdam haben unsere Wahrnehmung von Licht im 18. Jahrhundert sicherlich nachhaltig ver\u00e4ndert. Waren sowohl alle Kronen als auch die Tisch- und Wandleuchter mit Kerzen best\u00fcckt wurden maximal f\u00fcnf Lux erreicht. Daher war ein Handkerzenleuchter auch bei Tisch essentiell, um zu sehen, was am Teller lag.<\/p>\n","protected":false},"featured_media":1362,"comment_status":"open","ping_status":"closed","template":"","meta":[],"product_brand":[],"product_cat":[25,48,274,53],"product_tag":[],"class_list":{"0":"post-1376","1":"product","2":"type-product","3":"status-publish","4":"has-post-thumbnail","6":"product_cat-5o-clock-tea","7":"product_cat-kerzenleuchter","8":"product_cat-porzellan-fachbuecher","9":"product_cat-weihnachten","11":"first","12":"instock","13":"sold-individually","14":"purchasable","15":"product-type-simple"},"yoast_head":"<!-- This site is optimized with the Yoast SEO Premium plugin v15.8.2 - https:\/\/yoast.com\/wordpress\/plugins\/seo\/ -->\n<title>Barocker Handkerzenleuchter, Wiener Porzellanmanufaktur, um 1755<\/title>\n<meta name=\"description\" content=\"Barocker Handkerzenleuchter, Wiener Porzellanmanufaktur, um 1755 \u2665 Antiquit\u00e4ten Online kaufen \u2713 Sichere Lieferung \u2713\" \/>\n<meta name=\"robots\" content=\"index, follow, max-snippet:-1, max-image-preview:large, max-video-preview:-1\" \/>\n<link rel=\"canonical\" href=\"https:\/\/annette-ahrens.at\/onlineshop\/produkt\/barocker-handkerzenleuchter-wiener-porzellanmanufaktur-um-1755\/\" \/>\n<meta property=\"og:locale\" content=\"de_DE\" \/>\n<meta property=\"og:type\" content=\"article\" \/>\n<meta property=\"og:title\" content=\"Barocker Handkerzenleuchter, Wiener Porzellanmanufaktur, um 1755\" \/>\n<meta property=\"og:description\" content=\"Barocker Handkerzenleuchter, Wiener Porzellanmanufaktur, um 1755 \u2665 Antiquit\u00e4ten Online kaufen \u2713 Sichere Lieferung \u2713\" \/>\n<meta property=\"og:url\" content=\"https:\/\/annette-ahrens.at\/onlineshop\/produkt\/barocker-handkerzenleuchter-wiener-porzellanmanufaktur-um-1755\/\" \/>\n<meta property=\"og:site_name\" content=\"Tafelkultur Onlineshop\" \/>\n<meta property=\"article:publisher\" content=\"https:\/\/www.facebook.com\/AnnetteAhrensTafelkultur\" \/>\n<meta property=\"article:modified_time\" content=\"2023-01-04T19:49:29+00:00\" \/>\n<meta property=\"og:image\" content=\"https:\/\/annette-ahrens.at\/onlineshop\/wp-content\/uploads\/2020\/05\/IMG_2454-scaled.jpeg\" \/>\n\t<meta property=\"og:image:width\" content=\"1920\" \/>\n\t<meta property=\"og:image:height\" content=\"2560\" \/>\n<meta name=\"twitter:card\" content=\"summary_large_image\" \/>\n<script type=\"application\/ld+json\" class=\"yoast-schema-graph\">{\"@context\":\"https:\/\/schema.org\",\"@graph\":[{\"@type\":[\"Person\",\"Organization\"],\"@id\":\"https:\/\/annette-ahrens.at\/onlineshop\/#\/schema\/person\/3e19676faae246bba0cb3b7e15f427d8\",\"name\":\"Annette Ahrens\",\"image\":{\"@type\":\"ImageObject\",\"@id\":\"https:\/\/annette-ahrens.at\/onlineshop\/#personlogo\",\"inLanguage\":\"de\",\"url\":\"https:\/\/annette-ahrens.at\/onlineshop\/wp-content\/uploads\/2020\/04\/aa_logo_End.png\",\"width\":800,\"height\":164,\"caption\":\"Annette Ahrens\"},\"logo\":{\"@id\":\"https:\/\/annette-ahrens.at\/onlineshop\/#personlogo\"},\"sameAs\":[\"https:\/\/annette-ahrens.at\",\"https:\/\/www.facebook.com\/AnnetteAhrensTafelkultur\",\"https:\/\/www.instagram.com\/tafelkulturistin\/\",\"https:\/\/de.wikipedia.org\/wiki\/Annette_Ahrens\"]},{\"@type\":\"WebSite\",\"@id\":\"https:\/\/annette-ahrens.at\/onlineshop\/#website\",\"url\":\"https:\/\/annette-ahrens.at\/onlineshop\/\",\"name\":\"Tafelkultur Onlineshop\",\"description\":\"Annette Ahrens\",\"publisher\":{\"@id\":\"https:\/\/annette-ahrens.at\/onlineshop\/#\/schema\/person\/3e19676faae246bba0cb3b7e15f427d8\"},\"potentialAction\":[{\"@type\":\"SearchAction\",\"target\":\"https:\/\/annette-ahrens.at\/onlineshop\/?s={search_term_string}\",\"query-input\":\"required name=search_term_string\"}],\"inLanguage\":\"de\"},{\"@type\":\"ImageObject\",\"@id\":\"https:\/\/annette-ahrens.at\/onlineshop\/produkt\/barocker-handkerzenleuchter-wiener-porzellanmanufaktur-um-1755\/#primaryimage\",\"inLanguage\":\"de\",\"url\":\"https:\/\/annette-ahrens.at\/onlineshop\/wp-content\/uploads\/2020\/05\/IMG_2454-scaled.jpeg\",\"width\":1920,\"height\":2560,\"caption\":\"alt_wien_kerzenleuchter\"},{\"@type\":[\"WebPage\",\"ItemPage\"],\"@id\":\"https:\/\/annette-ahrens.at\/onlineshop\/produkt\/barocker-handkerzenleuchter-wiener-porzellanmanufaktur-um-1755\/#webpage\",\"url\":\"https:\/\/annette-ahrens.at\/onlineshop\/produkt\/barocker-handkerzenleuchter-wiener-porzellanmanufaktur-um-1755\/\",\"name\":\"Barocker Handkerzenleuchter, Wiener Porzellanmanufaktur, um 1755\",\"isPartOf\":{\"@id\":\"https:\/\/annette-ahrens.at\/onlineshop\/#website\"},\"primaryImageOfPage\":{\"@id\":\"https:\/\/annette-ahrens.at\/onlineshop\/produkt\/barocker-handkerzenleuchter-wiener-porzellanmanufaktur-um-1755\/#primaryimage\"},\"datePublished\":\"2020-05-08T20:08:23+00:00\",\"dateModified\":\"2023-01-04T19:49:29+00:00\",\"description\":\"Barocker Handkerzenleuchter, Wiener Porzellanmanufaktur, um 1755 \\u2665 Antiquit\\u00e4ten Online kaufen \\u2713 Sichere Lieferung \\u2713\",\"breadcrumb\":{\"@id\":\"https:\/\/annette-ahrens.at\/onlineshop\/produkt\/barocker-handkerzenleuchter-wiener-porzellanmanufaktur-um-1755\/#breadcrumb\"},\"inLanguage\":\"de\",\"potentialAction\":[{\"@type\":\"ReadAction\",\"target\":[\"https:\/\/annette-ahrens.at\/onlineshop\/produkt\/barocker-handkerzenleuchter-wiener-porzellanmanufaktur-um-1755\/\"]}]},{\"@type\":\"BreadcrumbList\",\"@id\":\"https:\/\/annette-ahrens.at\/onlineshop\/produkt\/barocker-handkerzenleuchter-wiener-porzellanmanufaktur-um-1755\/#breadcrumb\",\"itemListElement\":[{\"@type\":\"ListItem\",\"position\":1,\"item\":{\"@type\":\"WebPage\",\"@id\":\"https:\/\/annette-ahrens.at\/onlineshop\/\",\"url\":\"https:\/\/annette-ahrens.at\/onlineshop\/\",\"name\":\"Home\"}},{\"@type\":\"ListItem\",\"position\":2,\"item\":{\"@type\":\"WebPage\",\"@id\":\"https:\/\/annette-ahrens.at\/onlineshop\/alle-tafelkultur-objekte\/\",\"url\":\"https:\/\/annette-ahrens.at\/onlineshop\/alle-tafelkultur-objekte\/\",\"name\":\"Alle Tafelkultur Objekte\"}},{\"@type\":\"ListItem\",\"position\":3,\"item\":{\"@type\":\"WebPage\",\"@id\":\"https:\/\/annette-ahrens.at\/onlineshop\/produkt\/barocker-handkerzenleuchter-wiener-porzellanmanufaktur-um-1755\/\",\"url\":\"https:\/\/annette-ahrens.at\/onlineshop\/produkt\/barocker-handkerzenleuchter-wiener-porzellanmanufaktur-um-1755\/\",\"name\":\"Barocker Handkerzenleuchter, Wiener Porzellanmanufaktur, um 1755\"}}]}]}<\/script>\n<!-- \/ Yoast SEO Premium plugin. -->","_links":{"self":[{"href":"https:\/\/annette-ahrens.at\/onlineshop\/wp-json\/wp\/v2\/product\/1376","targetHints":{"allow":["GET"]}}],"collection":[{"href":"https:\/\/annette-ahrens.at\/onlineshop\/wp-json\/wp\/v2\/product"}],"about":[{"href":"https:\/\/annette-ahrens.at\/onlineshop\/wp-json\/wp\/v2\/types\/product"}],"replies":[{"embeddable":true,"href":"https:\/\/annette-ahrens.at\/onlineshop\/wp-json\/wp\/v2\/comments?post=1376"}],"wp:featuredmedia":[{"embeddable":true,"href":"https:\/\/annette-ahrens.at\/onlineshop\/wp-json\/wp\/v2\/media\/1362"}],"wp:attachment":[{"href":"https:\/\/annette-ahrens.at\/onlineshop\/wp-json\/wp\/v2\/media?parent=1376"}],"wp:term":[{"taxonomy":"product_brand","embeddable":true,"href":"https:\/\/annette-ahrens.at\/onlineshop\/wp-json\/wp\/v2\/product_brand?post=1376"},{"taxonomy":"product_cat","embeddable":true,"href":"https:\/\/annette-ahrens.at\/onlineshop\/wp-json\/wp\/v2\/product_cat?post=1376"},{"taxonomy":"product_tag","embeddable":true,"href":"https:\/\/annette-ahrens.at\/onlineshop\/wp-json\/wp\/v2\/product_tag?post=1376"}],"curies":[{"name":"wp","href":"https:\/\/api.w.org\/{rel}","templated":true}]}}