{"id":14731,"date":"2022-04-10T23:18:42","date_gmt":"2022-04-10T21:18:42","guid":{"rendered":"https:\/\/annette-ahrens.at\/onlineshop\/?post_type=product&#038;p=14731"},"modified":"2022-04-11T00:13:47","modified_gmt":"2022-04-10T22:13:47","slug":"versilberte-jugendstil-deckeldose-oesterreich-um-1900","status":"publish","type":"product","link":"https:\/\/annette-ahrens.at\/onlineshop\/produkt\/versilberte-jugendstil-deckeldose-oesterreich-um-1900\/","title":{"rendered":"Versilberte Jugendstil Deckeldose, \u00d6sterreich, um 1900"},"content":{"rendered":"<p>Versilberte Jugendstil Deckeldose<\/p>\n<p>\u00d6sterreich, um 1900<\/p>\n<p>Alpacca, versilbert, runde Halterung mit farblosem Glaseinsatz, abnehmbarer Deckel mit Ausnehmung f\u00fcr einen L\u00f6ffel, \u00a0schwenkbarer Henkel, Metall ungemarkt<\/p>\n<p>H 13 cm<\/p>\n<p>Dm 9,3 cm<\/p>\n<p>&nbsp;<\/p>\n","protected":false},"excerpt":{"rendered":"<p>Annettes Etikette: Diese Dosen werden gerne f\u00fcr Marmelade aber auch f\u00fcr Parmesan verwendet. Die Ausnehmung f\u00fcr den L\u00f6ffel ist praktisch, da der Deckel das Austrocknen verhindert. Der Glaseinsatz kann zum Reinigen leicht herausgenommen werden.<\/p>\n","protected":false},"featured_media":14728,"comment_status":"open","ping_status":"closed","template":"","meta":[],"product_brand":[],"product_cat":[276,31,137,138,279,158],"product_tag":[],"class_list":{"0":"post-14731","1":"product","2":"type-product","3":"status-publish","4":"has-post-thumbnail","6":"product_cat-alpacca","7":"product_cat-gastgeschenke","8":"product_cat-honig-aufstrich","9":"product_cat-marmelade","10":"product_cat-schale","11":"product_cat-zuckerdose","13":"first","14":"instock","15":"sold-individually","16":"purchasable","17":"product-type-simple"},"yoast_head":"<!-- This site is optimized with the Yoast SEO Premium plugin v15.8.2 - https:\/\/yoast.com\/wordpress\/plugins\/seo\/ -->\n<title>Versilberte Jugendstil Deckeldose, \u00d6sterreich, um 1900<\/title>\n<meta name=\"description\" content=\"Versilberte Jugendstil Deckeldose, \u00d6sterreich, um 1900 \u2665 Antiquit\u00e4ten Online kaufen \u2713 Sichere Lieferung \u2713\" \/>\n<meta name=\"robots\" content=\"index, follow, max-snippet:-1, max-image-preview:large, max-video-preview:-1\" \/>\n<link rel=\"canonical\" href=\"https:\/\/annette-ahrens.at\/onlineshop\/produkt\/versilberte-jugendstil-deckeldose-oesterreich-um-1900\/\" \/>\n<meta property=\"og:locale\" content=\"de_DE\" \/>\n<meta property=\"og:type\" content=\"article\" \/>\n<meta property=\"og:title\" content=\"Versilberte Jugendstil Deckeldose, \u00d6sterreich, um 1900\" \/>\n<meta property=\"og:description\" content=\"Versilberte Jugendstil Deckeldose, \u00d6sterreich, um 1900 \u2665 Antiquit\u00e4ten Online kaufen \u2713 Sichere Lieferung \u2713\" \/>\n<meta property=\"og:url\" content=\"https:\/\/annette-ahrens.at\/onlineshop\/produkt\/versilberte-jugendstil-deckeldose-oesterreich-um-1900\/\" \/>\n<meta property=\"og:site_name\" content=\"Tafelkultur Onlineshop\" \/>\n<meta property=\"article:publisher\" content=\"https:\/\/www.facebook.com\/AnnetteAhrensTafelkultur\" \/>\n<meta property=\"article:modified_time\" content=\"2022-04-10T22:13:47+00:00\" \/>\n<meta property=\"og:image\" content=\"https:\/\/annette-ahrens.at\/onlineshop\/wp-content\/uploads\/2022\/04\/IMG_5947-rotated.jpeg\" \/>\n\t<meta property=\"og:image:width\" content=\"1936\" \/>\n\t<meta property=\"og:image:height\" content=\"1936\" \/>\n<meta name=\"twitter:card\" content=\"summary_large_image\" \/>\n<meta name=\"twitter:label1\" content=\"Gesch\u00e4tzte Lesezeit\">\n\t<meta name=\"twitter:data1\" content=\"1\u00a0Minute\">\n<script type=\"application\/ld+json\" class=\"yoast-schema-graph\">{\"@context\":\"https:\/\/schema.org\",\"@graph\":[{\"@type\":[\"Person\",\"Organization\"],\"@id\":\"https:\/\/annette-ahrens.at\/onlineshop\/#\/schema\/person\/3e19676faae246bba0cb3b7e15f427d8\",\"name\":\"Annette Ahrens\",\"image\":{\"@type\":\"ImageObject\",\"@id\":\"https:\/\/annette-ahrens.at\/onlineshop\/#personlogo\",\"inLanguage\":\"de\",\"url\":\"https:\/\/annette-ahrens.at\/onlineshop\/wp-content\/uploads\/2020\/04\/aa_logo_End.png\",\"width\":800,\"height\":164,\"caption\":\"Annette Ahrens\"},\"logo\":{\"@id\":\"https:\/\/annette-ahrens.at\/onlineshop\/#personlogo\"},\"sameAs\":[\"https:\/\/annette-ahrens.at\",\"https:\/\/www.facebook.com\/AnnetteAhrensTafelkultur\",\"https:\/\/www.instagram.com\/tafelkulturistin\/\",\"https:\/\/de.wikipedia.org\/wiki\/Annette_Ahrens\"]},{\"@type\":\"WebSite\",\"@id\":\"https:\/\/annette-ahrens.at\/onlineshop\/#website\",\"url\":\"https:\/\/annette-ahrens.at\/onlineshop\/\",\"name\":\"Tafelkultur Onlineshop\",\"description\":\"Annette Ahrens\",\"publisher\":{\"@id\":\"https:\/\/annette-ahrens.at\/onlineshop\/#\/schema\/person\/3e19676faae246bba0cb3b7e15f427d8\"},\"potentialAction\":[{\"@type\":\"SearchAction\",\"target\":\"https:\/\/annette-ahrens.at\/onlineshop\/?s={search_term_string}\",\"query-input\":\"required name=search_term_string\"}],\"inLanguage\":\"de\"},{\"@type\":\"ImageObject\",\"@id\":\"https:\/\/annette-ahrens.at\/onlineshop\/produkt\/versilberte-jugendstil-deckeldose-oesterreich-um-1900\/#primaryimage\",\"inLanguage\":\"de\",\"url\":\"https:\/\/annette-ahrens.at\/onlineshop\/wp-content\/uploads\/2022\/04\/IMG_5947-rotated.jpeg\",\"width\":1936,\"height\":1936,\"caption\":\"deckeldose_versilbert\"},{\"@type\":[\"WebPage\",\"ItemPage\"],\"@id\":\"https:\/\/annette-ahrens.at\/onlineshop\/produkt\/versilberte-jugendstil-deckeldose-oesterreich-um-1900\/#webpage\",\"url\":\"https:\/\/annette-ahrens.at\/onlineshop\/produkt\/versilberte-jugendstil-deckeldose-oesterreich-um-1900\/\",\"name\":\"Versilberte Jugendstil Deckeldose, \\u00d6sterreich, um 1900\",\"isPartOf\":{\"@id\":\"https:\/\/annette-ahrens.at\/onlineshop\/#website\"},\"primaryImageOfPage\":{\"@id\":\"https:\/\/annette-ahrens.at\/onlineshop\/produkt\/versilberte-jugendstil-deckeldose-oesterreich-um-1900\/#primaryimage\"},\"datePublished\":\"2022-04-10T21:18:42+00:00\",\"dateModified\":\"2022-04-10T22:13:47+00:00\",\"description\":\"Versilberte Jugendstil Deckeldose, \\u00d6sterreich, um 1900 \\u2665 Antiquit\\u00e4ten Online kaufen \\u2713 Sichere Lieferung \\u2713\",\"breadcrumb\":{\"@id\":\"https:\/\/annette-ahrens.at\/onlineshop\/produkt\/versilberte-jugendstil-deckeldose-oesterreich-um-1900\/#breadcrumb\"},\"inLanguage\":\"de\",\"potentialAction\":[{\"@type\":\"ReadAction\",\"target\":[\"https:\/\/annette-ahrens.at\/onlineshop\/produkt\/versilberte-jugendstil-deckeldose-oesterreich-um-1900\/\"]}]},{\"@type\":\"BreadcrumbList\",\"@id\":\"https:\/\/annette-ahrens.at\/onlineshop\/produkt\/versilberte-jugendstil-deckeldose-oesterreich-um-1900\/#breadcrumb\",\"itemListElement\":[{\"@type\":\"ListItem\",\"position\":1,\"item\":{\"@type\":\"WebPage\",\"@id\":\"https:\/\/annette-ahrens.at\/onlineshop\/\",\"url\":\"https:\/\/annette-ahrens.at\/onlineshop\/\",\"name\":\"Home\"}},{\"@type\":\"ListItem\",\"position\":2,\"item\":{\"@type\":\"WebPage\",\"@id\":\"https:\/\/annette-ahrens.at\/onlineshop\/alle-tafelkultur-objekte\/\",\"url\":\"https:\/\/annette-ahrens.at\/onlineshop\/alle-tafelkultur-objekte\/\",\"name\":\"Alle Tafelkultur Objekte\"}},{\"@type\":\"ListItem\",\"position\":3,\"item\":{\"@type\":\"WebPage\",\"@id\":\"https:\/\/annette-ahrens.at\/onlineshop\/produkt\/versilberte-jugendstil-deckeldose-oesterreich-um-1900\/\",\"url\":\"https:\/\/annette-ahrens.at\/onlineshop\/produkt\/versilberte-jugendstil-deckeldose-oesterreich-um-1900\/\",\"name\":\"Versilberte Jugendstil Deckeldose, \\u00d6sterreich, um 1900\"}}]}]}<\/script>\n<!-- \/ Yoast SEO Premium plugin. -->","_links":{"self":[{"href":"https:\/\/annette-ahrens.at\/onlineshop\/wp-json\/wp\/v2\/product\/14731","targetHints":{"allow":["GET"]}}],"collection":[{"href":"https:\/\/annette-ahrens.at\/onlineshop\/wp-json\/wp\/v2\/product"}],"about":[{"href":"https:\/\/annette-ahrens.at\/onlineshop\/wp-json\/wp\/v2\/types\/product"}],"replies":[{"embeddable":true,"href":"https:\/\/annette-ahrens.at\/onlineshop\/wp-json\/wp\/v2\/comments?post=14731"}],"wp:featuredmedia":[{"embeddable":true,"href":"https:\/\/annette-ahrens.at\/onlineshop\/wp-json\/wp\/v2\/media\/14728"}],"wp:attachment":[{"href":"https:\/\/annette-ahrens.at\/onlineshop\/wp-json\/wp\/v2\/media?parent=14731"}],"wp:term":[{"taxonomy":"product_brand","embeddable":true,"href":"https:\/\/annette-ahrens.at\/onlineshop\/wp-json\/wp\/v2\/product_brand?post=14731"},{"taxonomy":"product_cat","embeddable":true,"href":"https:\/\/annette-ahrens.at\/onlineshop\/wp-json\/wp\/v2\/product_cat?post=14731"},{"taxonomy":"product_tag","embeddable":true,"href":"https:\/\/annette-ahrens.at\/onlineshop\/wp-json\/wp\/v2\/product_tag?post=14731"}],"curies":[{"name":"wp","href":"https:\/\/api.w.org\/{rel}","templated":true}]}}

Versilberte Jugendstil Deckeldose, Österreich, um 1900

<p>Versilberte Jugendstil Deckeldose</p>
<p>Österreich, um 1900</p>
<p>Alpacca, versilbert, runde Halterung mit farblosem Glaseinsatz, abnehmbarer Deckel mit Ausnehmung für einen Löffel,  schwenkbarer Henkel, Metall ungemarkt</p>
<p>H 13 cm</p>
<p>Dm 9,3 cm</p>
<p>&nbsp;</p>

<p>Annettes Etikette: Diese Dosen werden gerne für Marmelade aber auch für Parmesan verwendet. Die Ausnehmung für den Löffel ist praktisch, da der Deckel das Austrocknen verhindert. Der Glaseinsatz kann zum Reinigen leicht herausgenommen werden.</p>

<!-- This site is optimized with the Yoast SEO Premium plugin v15.8.2 - https://yoast.com/wordpress/plugins/seo/ -->
<title>Versilberte Jugendstil Deckeldose, Österreich, um 1900</title>
<meta name="description" content="Versilberte Jugendstil Deckeldose, Österreich, um 1900 ♥ Antiquitäten Online kaufen ✓ Sichere Lieferung ✓" />
<meta name="robots" content="index, follow, max-snippet:-1, max-image-preview:large, max-video-preview:-1" />
<link rel="canonical" href="https://annette-ahrens.at/onlineshop/produkt/versilberte-jugendstil-deckeldose-oesterreich-um-1900/" />
<meta property="og:locale" content="de_DE" />
<meta property="og:type" content="article" />
<meta property="og:title" content="Versilberte Jugendstil Deckeldose, Österreich, um 1900" />
<meta property="og:description" content="Versilberte Jugendstil Deckeldose, Österreich, um 1900 ♥ Antiquitäten Online kaufen ✓ Sichere Lieferung ✓" />
<meta property="og:url" content="https://annette-ahrens.at/onlineshop/produkt/versilberte-jugendstil-deckeldose-oesterreich-um-1900/" />
<meta property="og:site_name" content="Tafelkultur Onlineshop" />
<meta property="article:publisher" content="https://www.facebook.com/AnnetteAhrensTafelkultur" />
<meta property="article:modified_time" content="2022-04-10T22:13:47+00:00" />
<meta property="og:image" content="https://annette-ahrens.at/onlineshop/wp-content/uploads/2022/04/IMG_5947-rotated.jpeg" />
	<meta property="og:image:width" content="1936" />
	<meta property="og:image:height" content="1936" />
<meta name="twitter:card" content="summary_large_image" />
<meta name="twitter:label1" content="Geschätzte Lesezeit">
	<meta name="twitter:data1" content="1 Minute">
<script type="application/ld+json" class="yoast-schema-graph">{"@context":"https://schema.org","@graph":[{"@type":["Person","Organization"],"@id":"https://annette-ahrens.at/onlineshop/#/schema/person/3e19676faae246bba0cb3b7e15f427d8","name":"Annette Ahrens","image":{"@type":"ImageObject","@id":"https://annette-ahrens.at/onlineshop/#personlogo","inLanguage":"de","url":"https://annette-ahrens.at/onlineshop/wp-content/uploads/2020/04/aa_logo_End.png","width":800,"height":164,"caption":"Annette Ahrens"},"logo":{"@id":"https://annette-ahrens.at/onlineshop/#personlogo"},"sameAs":["https://annette-ahrens.at","https://www.facebook.com/AnnetteAhrensTafelkultur","https://www.instagram.com/tafelkulturistin/","https://de.wikipedia.org/wiki/Annette_Ahrens"]},{"@type":"WebSite","@id":"https://annette-ahrens.at/onlineshop/#website","url":"https://annette-ahrens.at/onlineshop/","name":"Tafelkultur Onlineshop","description":"Annette Ahrens","publisher":{"@id":"https://annette-ahrens.at/onlineshop/#/schema/person/3e19676faae246bba0cb3b7e15f427d8"},"potentialAction":[{"@type":"SearchAction","target":"https://annette-ahrens.at/onlineshop/?s={search_term_string}","query-input":"required name=search_term_string"}],"inLanguage":"de"},{"@type":"ImageObject","@id":"https://annette-ahrens.at/onlineshop/produkt/versilberte-jugendstil-deckeldose-oesterreich-um-1900/#primaryimage","inLanguage":"de","url":"https://annette-ahrens.at/onlineshop/wp-content/uploads/2022/04/IMG_5947-rotated.jpeg","width":1936,"height":1936,"caption":"deckeldose_versilbert"},{"@type":["WebPage","ItemPage"],"@id":"https://annette-ahrens.at/onlineshop/produkt/versilberte-jugendstil-deckeldose-oesterreich-um-1900/#webpage","url":"https://annette-ahrens.at/onlineshop/produkt/versilberte-jugendstil-deckeldose-oesterreich-um-1900/","name":"Versilberte Jugendstil Deckeldose, \u00d6sterreich, um 1900","isPartOf":{"@id":"https://annette-ahrens.at/onlineshop/#website"},"primaryImageOfPage":{"@id":"https://annette-ahrens.at/onlineshop/produkt/versilberte-jugendstil-deckeldose-oesterreich-um-1900/#primaryimage"},"datePublished":"2022-04-10T21:18:42+00:00","dateModified":"2022-04-10T22:13:47+00:00","description":"Versilberte Jugendstil Deckeldose, \u00d6sterreich, um 1900 \u2665 Antiquit\u00e4ten Online kaufen \u2713 Sichere Lieferung \u2713","breadcrumb":{"@id":"https://annette-ahrens.at/onlineshop/produkt/versilberte-jugendstil-deckeldose-oesterreich-um-1900/#breadcrumb"},"inLanguage":"de","potentialAction":[{"@type":"ReadAction","target":["https://annette-ahrens.at/onlineshop/produkt/versilberte-jugendstil-deckeldose-oesterreich-um-1900/"]}]},{"@type":"BreadcrumbList","@id":"https://annette-ahrens.at/onlineshop/produkt/versilberte-jugendstil-deckeldose-oesterreich-um-1900/#breadcrumb","itemListElement":[{"@type":"ListItem","position":1,"item":{"@type":"WebPage","@id":"https://annette-ahrens.at/onlineshop/","url":"https://annette-ahrens.at/onlineshop/","name":"Home"}},{"@type":"ListItem","position":2,"item":{"@type":"WebPage","@id":"https://annette-ahrens.at/onlineshop/alle-tafelkultur-objekte/","url":"https://annette-ahrens.at/onlineshop/alle-tafelkultur-objekte/","name":"Alle Tafelkultur Objekte"}},{"@type":"ListItem","position":3,"item":{"@type":"WebPage","@id":"https://annette-ahrens.at/onlineshop/produkt/versilberte-jugendstil-deckeldose-oesterreich-um-1900/","url":"https://annette-ahrens.at/onlineshop/produkt/versilberte-jugendstil-deckeldose-oesterreich-um-1900/","name":"Versilberte Jugendstil Deckeldose, \u00d6sterreich, um 1900"}}]}]}</script>
<!-- / Yoast SEO Premium plugin. -->
