{"id":15270,"date":"2022-05-04T19:35:38","date_gmt":"2022-05-04T17:35:38","guid":{"rendered":"https:\/\/annette-ahrens.at\/onlineshop\/?post_type=product&#038;p=15270"},"modified":"2022-05-04T21:41:19","modified_gmt":"2022-05-04T19:41:19","slug":"6-midcentury-kaffeetassen-louise-fa-pirkenhammer-karlsbad-nach-1964","status":"publish","type":"product","link":"https:\/\/annette-ahrens.at\/onlineshop\/produkt\/6-midcentury-kaffeetassen-louise-fa-pirkenhammer-karlsbad-nach-1964\/","title":{"rendered":"6 Midcentury Kaffeetassen &#8222;Louise&#8220;, Fa. Pirkenhammer, Karlsbad, nach 1964"},"content":{"rendered":"<p>6 Midcentury Kaffeetassen &#8222;Louise&#8220;<\/p>\n<p>Entwurf: Prof. Jaroslav Je\u017eek (1923 &#8211; 2002) f\u00fcr die Expo 1964 oder 1966<\/p>\n<p>Ausf\u00fchrung: Fa. Pirkenhammer, Karlsbad, nach 1964<\/p>\n<p>Porzellan, Au\u00dfenwandung in sechs verschiedenen Pastellfarben bunt bemalt (gestuppt), aufwendige Innenvergoldung, gemarkt &#8222;Pirkenhammer Czechoslovakia 19528 LOUISE 31&#8220;<\/p>\n<p>Dm 7 cm<\/p>\n<p>H 6,5 cm<\/p>\n<p>Dm 13,2 cm (Teller)<\/p>\n","protected":false},"excerpt":{"rendered":"<p>Annettes Etikette: Dieses Service wurde von Prof. Jaroslav Je\u017eek f\u00fcr die Expo 1964 oder 1966 entworfen. Die Ausf\u00fchrung dieser an das Empire erinnernden Formen oblag der Karlsbader Porzellanmanufaktur Pirkenhammer. Der aufwendig gestuppte Oberfl\u00e4chendekor wurde mit dem innen vergoldeten Rand noch aufgewertet. Da diese Tassen f\u00fcr Exportzwecke bestimmt waren, wollte man sich von seiner besten Seite zeigen. Der tschechische Designer\u00a0Jaroslav Je\u017eek (1923 \u2013 2002) zeichnet f\u00fcr rund 52 verschiedene Porzellanservice verantwortlich und erfreut sich eines umtriebigen, internationalen Sammlerkreises.<\/p>\n","protected":false},"featured_media":15309,"comment_status":"open","ping_status":"closed","template":"","meta":[],"product_brand":[],"product_cat":[25,297,18,217,37,148,155,147,292,26,157,158],"product_tag":[],"class_list":{"0":"post-15270","1":"product","2":"type-product","3":"status-publish","4":"has-post-thumbnail","6":"product_cat-5o-clock-tea","7":"product_cat-adventjause","8":"product_cat-fruehstueck","9":"product_cat-heissgetraenke","10":"product_cat-kaffee","11":"product_cat-kaffeekannen","12":"product_cat-milchgiesser","13":"product_cat-moccatassen","14":"product_cat-muttertag","15":"product_cat-wiener-melange","16":"product_cat-zucker-fruehstueck","17":"product_cat-zuckerdose","19":"first","20":"instock","21":"sold-individually","22":"purchasable","23":"product-type-simple"},"yoast_head":"<!-- This site is optimized with the Yoast SEO Premium plugin v15.8.2 - https:\/\/yoast.com\/wordpress\/plugins\/seo\/ -->\n<title>6 Midcentury Kaffeetassen &quot;Louise&quot;, Fa. Pirkenhammer, Karlsbad, nach 1964<\/title>\n<meta name=\"description\" content=\"6 Midcentury Kaffeetassen &quot;Louise&quot;, Fa. Pirkenhammer, Karlsbad, nach 1964 \u2665 Antiquit\u00e4ten Online kaufen \u2713 Sichere Lieferung \u2713\" \/>\n<meta name=\"robots\" content=\"index, follow, max-snippet:-1, max-image-preview:large, max-video-preview:-1\" \/>\n<link rel=\"canonical\" href=\"https:\/\/annette-ahrens.at\/onlineshop\/produkt\/6-midcentury-kaffeetassen-louise-fa-pirkenhammer-karlsbad-nach-1964\/\" \/>\n<meta property=\"og:locale\" content=\"de_DE\" \/>\n<meta property=\"og:type\" content=\"article\" \/>\n<meta property=\"og:title\" content=\"6 Midcentury Kaffeetassen &quot;Louise&quot;, Fa. Pirkenhammer, Karlsbad, nach 1964\" \/>\n<meta property=\"og:description\" content=\"6 Midcentury Kaffeetassen &quot;Louise&quot;, Fa. Pirkenhammer, Karlsbad, nach 1964 \u2665 Antiquit\u00e4ten Online kaufen \u2713 Sichere Lieferung \u2713\" \/>\n<meta property=\"og:url\" content=\"https:\/\/annette-ahrens.at\/onlineshop\/produkt\/6-midcentury-kaffeetassen-louise-fa-pirkenhammer-karlsbad-nach-1964\/\" \/>\n<meta property=\"og:site_name\" content=\"Tafelkultur Onlineshop\" \/>\n<meta property=\"article:publisher\" content=\"https:\/\/www.facebook.com\/AnnetteAhrensTafelkultur\" \/>\n<meta property=\"article:modified_time\" content=\"2022-05-04T19:41:19+00:00\" \/>\n<meta property=\"og:image\" content=\"https:\/\/annette-ahrens.at\/onlineshop\/wp-content\/uploads\/2022\/05\/IMG_6554-rotated.jpeg\" \/>\n\t<meta property=\"og:image:width\" content=\"1936\" \/>\n\t<meta property=\"og:image:height\" content=\"1936\" \/>\n<meta name=\"twitter:card\" content=\"summary_large_image\" \/>\n<meta name=\"twitter:label1\" content=\"Gesch\u00e4tzte Lesezeit\">\n\t<meta name=\"twitter:data1\" content=\"1\u00a0Minute\">\n<script type=\"application\/ld+json\" class=\"yoast-schema-graph\">{\"@context\":\"https:\/\/schema.org\",\"@graph\":[{\"@type\":[\"Person\",\"Organization\"],\"@id\":\"https:\/\/annette-ahrens.at\/onlineshop\/#\/schema\/person\/3e19676faae246bba0cb3b7e15f427d8\",\"name\":\"Annette Ahrens\",\"image\":{\"@type\":\"ImageObject\",\"@id\":\"https:\/\/annette-ahrens.at\/onlineshop\/#personlogo\",\"inLanguage\":\"de\",\"url\":\"https:\/\/annette-ahrens.at\/onlineshop\/wp-content\/uploads\/2020\/04\/aa_logo_End.png\",\"width\":800,\"height\":164,\"caption\":\"Annette Ahrens\"},\"logo\":{\"@id\":\"https:\/\/annette-ahrens.at\/onlineshop\/#personlogo\"},\"sameAs\":[\"https:\/\/annette-ahrens.at\",\"https:\/\/www.facebook.com\/AnnetteAhrensTafelkultur\",\"https:\/\/www.instagram.com\/tafelkulturistin\/\",\"https:\/\/de.wikipedia.org\/wiki\/Annette_Ahrens\"]},{\"@type\":\"WebSite\",\"@id\":\"https:\/\/annette-ahrens.at\/onlineshop\/#website\",\"url\":\"https:\/\/annette-ahrens.at\/onlineshop\/\",\"name\":\"Tafelkultur Onlineshop\",\"description\":\"Annette Ahrens\",\"publisher\":{\"@id\":\"https:\/\/annette-ahrens.at\/onlineshop\/#\/schema\/person\/3e19676faae246bba0cb3b7e15f427d8\"},\"potentialAction\":[{\"@type\":\"SearchAction\",\"target\":\"https:\/\/annette-ahrens.at\/onlineshop\/?s={search_term_string}\",\"query-input\":\"required name=search_term_string\"}],\"inLanguage\":\"de\"},{\"@type\":\"ImageObject\",\"@id\":\"https:\/\/annette-ahrens.at\/onlineshop\/produkt\/6-midcentury-kaffeetassen-louise-fa-pirkenhammer-karlsbad-nach-1964\/#primaryimage\",\"inLanguage\":\"de\",\"url\":\"https:\/\/annette-ahrens.at\/onlineshop\/wp-content\/uploads\/2022\/05\/IMG_6554-rotated.jpeg\",\"width\":1936,\"height\":1936,\"caption\":\"kaffeetassen_louise\"},{\"@type\":[\"WebPage\",\"ItemPage\"],\"@id\":\"https:\/\/annette-ahrens.at\/onlineshop\/produkt\/6-midcentury-kaffeetassen-louise-fa-pirkenhammer-karlsbad-nach-1964\/#webpage\",\"url\":\"https:\/\/annette-ahrens.at\/onlineshop\/produkt\/6-midcentury-kaffeetassen-louise-fa-pirkenhammer-karlsbad-nach-1964\/\",\"name\":\"6 Midcentury Kaffeetassen \\\"Louise\\\", Fa. Pirkenhammer, Karlsbad, nach 1964\",\"isPartOf\":{\"@id\":\"https:\/\/annette-ahrens.at\/onlineshop\/#website\"},\"primaryImageOfPage\":{\"@id\":\"https:\/\/annette-ahrens.at\/onlineshop\/produkt\/6-midcentury-kaffeetassen-louise-fa-pirkenhammer-karlsbad-nach-1964\/#primaryimage\"},\"datePublished\":\"2022-05-04T17:35:38+00:00\",\"dateModified\":\"2022-05-04T19:41:19+00:00\",\"description\":\"6 Midcentury Kaffeetassen \\\"Louise\\\", Fa. Pirkenhammer, Karlsbad, nach 1964 \\u2665 Antiquit\\u00e4ten Online kaufen \\u2713 Sichere Lieferung \\u2713\",\"breadcrumb\":{\"@id\":\"https:\/\/annette-ahrens.at\/onlineshop\/produkt\/6-midcentury-kaffeetassen-louise-fa-pirkenhammer-karlsbad-nach-1964\/#breadcrumb\"},\"inLanguage\":\"de\",\"potentialAction\":[{\"@type\":\"ReadAction\",\"target\":[\"https:\/\/annette-ahrens.at\/onlineshop\/produkt\/6-midcentury-kaffeetassen-louise-fa-pirkenhammer-karlsbad-nach-1964\/\"]}]},{\"@type\":\"BreadcrumbList\",\"@id\":\"https:\/\/annette-ahrens.at\/onlineshop\/produkt\/6-midcentury-kaffeetassen-louise-fa-pirkenhammer-karlsbad-nach-1964\/#breadcrumb\",\"itemListElement\":[{\"@type\":\"ListItem\",\"position\":1,\"item\":{\"@type\":\"WebPage\",\"@id\":\"https:\/\/annette-ahrens.at\/onlineshop\/\",\"url\":\"https:\/\/annette-ahrens.at\/onlineshop\/\",\"name\":\"Home\"}},{\"@type\":\"ListItem\",\"position\":2,\"item\":{\"@type\":\"WebPage\",\"@id\":\"https:\/\/annette-ahrens.at\/onlineshop\/alle-tafelkultur-objekte\/\",\"url\":\"https:\/\/annette-ahrens.at\/onlineshop\/alle-tafelkultur-objekte\/\",\"name\":\"Alle Tafelkultur Objekte\"}},{\"@type\":\"ListItem\",\"position\":3,\"item\":{\"@type\":\"WebPage\",\"@id\":\"https:\/\/annette-ahrens.at\/onlineshop\/produkt\/6-midcentury-kaffeetassen-louise-fa-pirkenhammer-karlsbad-nach-1964\/\",\"url\":\"https:\/\/annette-ahrens.at\/onlineshop\/produkt\/6-midcentury-kaffeetassen-louise-fa-pirkenhammer-karlsbad-nach-1964\/\",\"name\":\"6 Midcentury Kaffeetassen &#8220;Louise&#8221;, Fa. Pirkenhammer, Karlsbad, nach 1964\"}}]}]}<\/script>\n<!-- \/ Yoast SEO Premium plugin. -->","_links":{"self":[{"href":"https:\/\/annette-ahrens.at\/onlineshop\/wp-json\/wp\/v2\/product\/15270","targetHints":{"allow":["GET"]}}],"collection":[{"href":"https:\/\/annette-ahrens.at\/onlineshop\/wp-json\/wp\/v2\/product"}],"about":[{"href":"https:\/\/annette-ahrens.at\/onlineshop\/wp-json\/wp\/v2\/types\/product"}],"replies":[{"embeddable":true,"href":"https:\/\/annette-ahrens.at\/onlineshop\/wp-json\/wp\/v2\/comments?post=15270"}],"wp:featuredmedia":[{"embeddable":true,"href":"https:\/\/annette-ahrens.at\/onlineshop\/wp-json\/wp\/v2\/media\/15309"}],"wp:attachment":[{"href":"https:\/\/annette-ahrens.at\/onlineshop\/wp-json\/wp\/v2\/media?parent=15270"}],"wp:term":[{"taxonomy":"product_brand","embeddable":true,"href":"https:\/\/annette-ahrens.at\/onlineshop\/wp-json\/wp\/v2\/product_brand?post=15270"},{"taxonomy":"product_cat","embeddable":true,"href":"https:\/\/annette-ahrens.at\/onlineshop\/wp-json\/wp\/v2\/product_cat?post=15270"},{"taxonomy":"product_tag","embeddable":true,"href":"https:\/\/annette-ahrens.at\/onlineshop\/wp-json\/wp\/v2\/product_tag?post=15270"}],"curies":[{"name":"wp","href":"https:\/\/api.w.org\/{rel}","templated":true}]}}