{"id":16823,"date":"2022-08-08T23:32:50","date_gmt":"2022-08-08T21:32:50","guid":{"rendered":"https:\/\/annette-ahrens.at\/onlineshop\/?post_type=product&#038;p=16823"},"modified":"2024-10-16T19:28:08","modified_gmt":"2024-10-16T17:28:08","slug":"biedermeier-deckeldose-boehmen-19-jahrhundert","status":"publish","type":"product","link":"https:\/\/annette-ahrens.at\/onlineshop\/produkt\/biedermeier-deckeldose-boehmen-19-jahrhundert\/","title":{"rendered":"Biedermeier Deckeldose, B\u00f6hmen, 19. Jahrhundert"},"content":{"rendered":"<p>Biedermeier Deckeldose<\/p>\n<p>B\u00f6hmen, 19. Jahrhundert<\/p>\n<p>farbloses Kristall-Glas, aufwendiger Sch\u00e4lschliff, achteckige Dose mit Deckel, Deckel mit Aussparung f\u00fcr L\u00f6ffel, handgeschliffener Knauf<\/p>\n<p>H 8 cm<\/p>\n<p>Dm 9 cm<\/p>\n","protected":false},"excerpt":{"rendered":"<p>Annettes Etikette: Wie aufwendig diese einfache Dose mit zugeh\u00f6rigem Deckel geschliffen ist, erkennt wohl nur der Fachmann oder ein Glasschleifer selbst. Allein den Deckel exakt einzuschleifen, ist heute gar nicht mehr so einfach. Ob f\u00fcr Butter, Jam, Honig, Bonbons oder gar Schmuckst\u00fccke, immer ein Hingucker!<\/p>\n","protected":false},"featured_media":16826,"comment_status":"open","ping_status":"closed","template":"","meta":[],"product_brand":[],"product_cat":[25,299,18,275,35,137,138,22,157,44],"product_tag":[],"class_list":{"0":"post-16823","1":"product","2":"type-product","3":"status-publish","4":"has-post-thumbnail","6":"product_cat-5o-clock-tea","7":"product_cat-cocktailparty","8":"product_cat-fruehstueck","9":"product_cat-glas-fachbuecher","10":"product_cat-honig","11":"product_cat-honig-aufstrich","12":"product_cat-marmelade","13":"product_cat-suess-sauer","14":"product_cat-zucker-fruehstueck","15":"product_cat-zucker","17":"first","18":"instock","19":"sold-individually","20":"purchasable","21":"product-type-simple"},"yoast_head":"<!-- This site is optimized with the Yoast SEO Premium plugin v15.8.2 - https:\/\/yoast.com\/wordpress\/plugins\/seo\/ -->\n<title>Biedermeier Deckeldose, B\u00f6hmen, 19. Jahrhundert<\/title>\n<meta name=\"description\" content=\"Biedermeier Deckeldose, B\u00f6hmen, 19. Jahrhundert \u2665 Antiquit\u00e4ten Online kaufen \u2713 Sichere Lieferung \u2713\" \/>\n<meta name=\"robots\" content=\"index, follow, max-snippet:-1, max-image-preview:large, max-video-preview:-1\" \/>\n<link rel=\"canonical\" href=\"https:\/\/annette-ahrens.at\/onlineshop\/produkt\/biedermeier-deckeldose-boehmen-19-jahrhundert\/\" \/>\n<meta property=\"og:locale\" content=\"de_DE\" \/>\n<meta property=\"og:type\" content=\"article\" \/>\n<meta property=\"og:title\" content=\"Biedermeier Deckeldose, B\u00f6hmen, 19. Jahrhundert\" \/>\n<meta property=\"og:description\" content=\"Biedermeier Deckeldose, B\u00f6hmen, 19. Jahrhundert \u2665 Antiquit\u00e4ten Online kaufen \u2713 Sichere Lieferung \u2713\" \/>\n<meta property=\"og:url\" content=\"https:\/\/annette-ahrens.at\/onlineshop\/produkt\/biedermeier-deckeldose-boehmen-19-jahrhundert\/\" \/>\n<meta property=\"og:site_name\" content=\"Tafelkultur Onlineshop\" \/>\n<meta property=\"article:publisher\" content=\"https:\/\/www.facebook.com\/AnnetteAhrensTafelkultur\" \/>\n<meta property=\"article:modified_time\" content=\"2024-10-16T17:28:08+00:00\" \/>\n<meta property=\"og:image\" content=\"https:\/\/annette-ahrens.at\/onlineshop\/wp-content\/uploads\/2022\/08\/IMG_8084-rotated.jpeg\" \/>\n\t<meta property=\"og:image:width\" content=\"1936\" \/>\n\t<meta property=\"og:image:height\" content=\"1936\" \/>\n<meta name=\"twitter:card\" content=\"summary_large_image\" \/>\n<meta name=\"twitter:label1\" content=\"Gesch\u00e4tzte Lesezeit\">\n\t<meta name=\"twitter:data1\" content=\"1\u00a0Minute\">\n<script type=\"application\/ld+json\" class=\"yoast-schema-graph\">{\"@context\":\"https:\/\/schema.org\",\"@graph\":[{\"@type\":[\"Person\",\"Organization\"],\"@id\":\"https:\/\/annette-ahrens.at\/onlineshop\/#\/schema\/person\/3e19676faae246bba0cb3b7e15f427d8\",\"name\":\"Annette Ahrens\",\"image\":{\"@type\":\"ImageObject\",\"@id\":\"https:\/\/annette-ahrens.at\/onlineshop\/#personlogo\",\"inLanguage\":\"de\",\"url\":\"https:\/\/annette-ahrens.at\/onlineshop\/wp-content\/uploads\/2020\/04\/aa_logo_End.png\",\"width\":800,\"height\":164,\"caption\":\"Annette Ahrens\"},\"logo\":{\"@id\":\"https:\/\/annette-ahrens.at\/onlineshop\/#personlogo\"},\"sameAs\":[\"https:\/\/annette-ahrens.at\",\"https:\/\/www.facebook.com\/AnnetteAhrensTafelkultur\",\"https:\/\/www.instagram.com\/tafelkulturistin\/\",\"https:\/\/de.wikipedia.org\/wiki\/Annette_Ahrens\"]},{\"@type\":\"WebSite\",\"@id\":\"https:\/\/annette-ahrens.at\/onlineshop\/#website\",\"url\":\"https:\/\/annette-ahrens.at\/onlineshop\/\",\"name\":\"Tafelkultur Onlineshop\",\"description\":\"Annette Ahrens\",\"publisher\":{\"@id\":\"https:\/\/annette-ahrens.at\/onlineshop\/#\/schema\/person\/3e19676faae246bba0cb3b7e15f427d8\"},\"potentialAction\":[{\"@type\":\"SearchAction\",\"target\":\"https:\/\/annette-ahrens.at\/onlineshop\/?s={search_term_string}\",\"query-input\":\"required name=search_term_string\"}],\"inLanguage\":\"de\"},{\"@type\":\"ImageObject\",\"@id\":\"https:\/\/annette-ahrens.at\/onlineshop\/produkt\/biedermeier-deckeldose-boehmen-19-jahrhundert\/#primaryimage\",\"inLanguage\":\"de\",\"url\":\"https:\/\/annette-ahrens.at\/onlineshop\/wp-content\/uploads\/2022\/08\/IMG_8084-rotated.jpeg\",\"width\":1936,\"height\":1936,\"caption\":\"deckeldose_glas\"},{\"@type\":[\"WebPage\",\"ItemPage\"],\"@id\":\"https:\/\/annette-ahrens.at\/onlineshop\/produkt\/biedermeier-deckeldose-boehmen-19-jahrhundert\/#webpage\",\"url\":\"https:\/\/annette-ahrens.at\/onlineshop\/produkt\/biedermeier-deckeldose-boehmen-19-jahrhundert\/\",\"name\":\"Biedermeier Deckeldose, B\\u00f6hmen, 19. Jahrhundert\",\"isPartOf\":{\"@id\":\"https:\/\/annette-ahrens.at\/onlineshop\/#website\"},\"primaryImageOfPage\":{\"@id\":\"https:\/\/annette-ahrens.at\/onlineshop\/produkt\/biedermeier-deckeldose-boehmen-19-jahrhundert\/#primaryimage\"},\"datePublished\":\"2022-08-08T21:32:50+00:00\",\"dateModified\":\"2024-10-16T17:28:08+00:00\",\"description\":\"Biedermeier Deckeldose, B\\u00f6hmen, 19. Jahrhundert \\u2665 Antiquit\\u00e4ten Online kaufen \\u2713 Sichere Lieferung \\u2713\",\"breadcrumb\":{\"@id\":\"https:\/\/annette-ahrens.at\/onlineshop\/produkt\/biedermeier-deckeldose-boehmen-19-jahrhundert\/#breadcrumb\"},\"inLanguage\":\"de\",\"potentialAction\":[{\"@type\":\"ReadAction\",\"target\":[\"https:\/\/annette-ahrens.at\/onlineshop\/produkt\/biedermeier-deckeldose-boehmen-19-jahrhundert\/\"]}]},{\"@type\":\"BreadcrumbList\",\"@id\":\"https:\/\/annette-ahrens.at\/onlineshop\/produkt\/biedermeier-deckeldose-boehmen-19-jahrhundert\/#breadcrumb\",\"itemListElement\":[{\"@type\":\"ListItem\",\"position\":1,\"item\":{\"@type\":\"WebPage\",\"@id\":\"https:\/\/annette-ahrens.at\/onlineshop\/\",\"url\":\"https:\/\/annette-ahrens.at\/onlineshop\/\",\"name\":\"Home\"}},{\"@type\":\"ListItem\",\"position\":2,\"item\":{\"@type\":\"WebPage\",\"@id\":\"https:\/\/annette-ahrens.at\/onlineshop\/alle-tafelkultur-objekte\/\",\"url\":\"https:\/\/annette-ahrens.at\/onlineshop\/alle-tafelkultur-objekte\/\",\"name\":\"Alle Tafelkultur Objekte\"}},{\"@type\":\"ListItem\",\"position\":3,\"item\":{\"@type\":\"WebPage\",\"@id\":\"https:\/\/annette-ahrens.at\/onlineshop\/produkt\/biedermeier-deckeldose-boehmen-19-jahrhundert\/\",\"url\":\"https:\/\/annette-ahrens.at\/onlineshop\/produkt\/biedermeier-deckeldose-boehmen-19-jahrhundert\/\",\"name\":\"Biedermeier Deckeldose, B\\u00f6hmen, 19. Jahrhundert\"}}]}]}<\/script>\n<!-- \/ Yoast SEO Premium plugin. -->","_links":{"self":[{"href":"https:\/\/annette-ahrens.at\/onlineshop\/wp-json\/wp\/v2\/product\/16823","targetHints":{"allow":["GET"]}}],"collection":[{"href":"https:\/\/annette-ahrens.at\/onlineshop\/wp-json\/wp\/v2\/product"}],"about":[{"href":"https:\/\/annette-ahrens.at\/onlineshop\/wp-json\/wp\/v2\/types\/product"}],"replies":[{"embeddable":true,"href":"https:\/\/annette-ahrens.at\/onlineshop\/wp-json\/wp\/v2\/comments?post=16823"}],"wp:featuredmedia":[{"embeddable":true,"href":"https:\/\/annette-ahrens.at\/onlineshop\/wp-json\/wp\/v2\/media\/16826"}],"wp:attachment":[{"href":"https:\/\/annette-ahrens.at\/onlineshop\/wp-json\/wp\/v2\/media?parent=16823"}],"wp:term":[{"taxonomy":"product_brand","embeddable":true,"href":"https:\/\/annette-ahrens.at\/onlineshop\/wp-json\/wp\/v2\/product_brand?post=16823"},{"taxonomy":"product_cat","embeddable":true,"href":"https:\/\/annette-ahrens.at\/onlineshop\/wp-json\/wp\/v2\/product_cat?post=16823"},{"taxonomy":"product_tag","embeddable":true,"href":"https:\/\/annette-ahrens.at\/onlineshop\/wp-json\/wp\/v2\/product_tag?post=16823"}],"curies":[{"name":"wp","href":"https:\/\/api.w.org\/{rel}","templated":true}]}}

Biedermeier Deckeldose, Böhmen, 19. Jahrhundert

<p>Biedermeier Deckeldose</p>
<p>Böhmen, 19. Jahrhundert</p>
<p>farbloses Kristall-Glas, aufwendiger Schälschliff, achteckige Dose mit Deckel, Deckel mit Aussparung für Löffel, handgeschliffener Knauf</p>
<p>H 8 cm</p>
<p>Dm 9 cm</p>

<p>Annettes Etikette: Wie aufwendig diese einfache Dose mit zugehörigem Deckel geschliffen ist, erkennt wohl nur der Fachmann oder ein Glasschleifer selbst. Allein den Deckel exakt einzuschleifen, ist heute gar nicht mehr so einfach. Ob für Butter, Jam, Honig, Bonbons oder gar Schmuckstücke, immer ein Hingucker!</p>

<!-- This site is optimized with the Yoast SEO Premium plugin v15.8.2 - https://yoast.com/wordpress/plugins/seo/ -->
<title>Biedermeier Deckeldose, Böhmen, 19. Jahrhundert</title>
<meta name="description" content="Biedermeier Deckeldose, Böhmen, 19. Jahrhundert ♥ Antiquitäten Online kaufen ✓ Sichere Lieferung ✓" />
<meta name="robots" content="index, follow, max-snippet:-1, max-image-preview:large, max-video-preview:-1" />
<link rel="canonical" href="https://annette-ahrens.at/onlineshop/produkt/biedermeier-deckeldose-boehmen-19-jahrhundert/" />
<meta property="og:locale" content="de_DE" />
<meta property="og:type" content="article" />
<meta property="og:title" content="Biedermeier Deckeldose, Böhmen, 19. Jahrhundert" />
<meta property="og:description" content="Biedermeier Deckeldose, Böhmen, 19. Jahrhundert ♥ Antiquitäten Online kaufen ✓ Sichere Lieferung ✓" />
<meta property="og:url" content="https://annette-ahrens.at/onlineshop/produkt/biedermeier-deckeldose-boehmen-19-jahrhundert/" />
<meta property="og:site_name" content="Tafelkultur Onlineshop" />
<meta property="article:publisher" content="https://www.facebook.com/AnnetteAhrensTafelkultur" />
<meta property="article:modified_time" content="2024-10-16T17:28:08+00:00" />
<meta property="og:image" content="https://annette-ahrens.at/onlineshop/wp-content/uploads/2022/08/IMG_8084-rotated.jpeg" />
	<meta property="og:image:width" content="1936" />
	<meta property="og:image:height" content="1936" />
<meta name="twitter:card" content="summary_large_image" />
<meta name="twitter:label1" content="Geschätzte Lesezeit">
	<meta name="twitter:data1" content="1 Minute">
<script type="application/ld+json" class="yoast-schema-graph">{"@context":"https://schema.org","@graph":[{"@type":["Person","Organization"],"@id":"https://annette-ahrens.at/onlineshop/#/schema/person/3e19676faae246bba0cb3b7e15f427d8","name":"Annette Ahrens","image":{"@type":"ImageObject","@id":"https://annette-ahrens.at/onlineshop/#personlogo","inLanguage":"de","url":"https://annette-ahrens.at/onlineshop/wp-content/uploads/2020/04/aa_logo_End.png","width":800,"height":164,"caption":"Annette Ahrens"},"logo":{"@id":"https://annette-ahrens.at/onlineshop/#personlogo"},"sameAs":["https://annette-ahrens.at","https://www.facebook.com/AnnetteAhrensTafelkultur","https://www.instagram.com/tafelkulturistin/","https://de.wikipedia.org/wiki/Annette_Ahrens"]},{"@type":"WebSite","@id":"https://annette-ahrens.at/onlineshop/#website","url":"https://annette-ahrens.at/onlineshop/","name":"Tafelkultur Onlineshop","description":"Annette Ahrens","publisher":{"@id":"https://annette-ahrens.at/onlineshop/#/schema/person/3e19676faae246bba0cb3b7e15f427d8"},"potentialAction":[{"@type":"SearchAction","target":"https://annette-ahrens.at/onlineshop/?s={search_term_string}","query-input":"required name=search_term_string"}],"inLanguage":"de"},{"@type":"ImageObject","@id":"https://annette-ahrens.at/onlineshop/produkt/biedermeier-deckeldose-boehmen-19-jahrhundert/#primaryimage","inLanguage":"de","url":"https://annette-ahrens.at/onlineshop/wp-content/uploads/2022/08/IMG_8084-rotated.jpeg","width":1936,"height":1936,"caption":"deckeldose_glas"},{"@type":["WebPage","ItemPage"],"@id":"https://annette-ahrens.at/onlineshop/produkt/biedermeier-deckeldose-boehmen-19-jahrhundert/#webpage","url":"https://annette-ahrens.at/onlineshop/produkt/biedermeier-deckeldose-boehmen-19-jahrhundert/","name":"Biedermeier Deckeldose, B\u00f6hmen, 19. Jahrhundert","isPartOf":{"@id":"https://annette-ahrens.at/onlineshop/#website"},"primaryImageOfPage":{"@id":"https://annette-ahrens.at/onlineshop/produkt/biedermeier-deckeldose-boehmen-19-jahrhundert/#primaryimage"},"datePublished":"2022-08-08T21:32:50+00:00","dateModified":"2024-10-16T17:28:08+00:00","description":"Biedermeier Deckeldose, B\u00f6hmen, 19. Jahrhundert \u2665 Antiquit\u00e4ten Online kaufen \u2713 Sichere Lieferung \u2713","breadcrumb":{"@id":"https://annette-ahrens.at/onlineshop/produkt/biedermeier-deckeldose-boehmen-19-jahrhundert/#breadcrumb"},"inLanguage":"de","potentialAction":[{"@type":"ReadAction","target":["https://annette-ahrens.at/onlineshop/produkt/biedermeier-deckeldose-boehmen-19-jahrhundert/"]}]},{"@type":"BreadcrumbList","@id":"https://annette-ahrens.at/onlineshop/produkt/biedermeier-deckeldose-boehmen-19-jahrhundert/#breadcrumb","itemListElement":[{"@type":"ListItem","position":1,"item":{"@type":"WebPage","@id":"https://annette-ahrens.at/onlineshop/","url":"https://annette-ahrens.at/onlineshop/","name":"Home"}},{"@type":"ListItem","position":2,"item":{"@type":"WebPage","@id":"https://annette-ahrens.at/onlineshop/alle-tafelkultur-objekte/","url":"https://annette-ahrens.at/onlineshop/alle-tafelkultur-objekte/","name":"Alle Tafelkultur Objekte"}},{"@type":"ListItem","position":3,"item":{"@type":"WebPage","@id":"https://annette-ahrens.at/onlineshop/produkt/biedermeier-deckeldose-boehmen-19-jahrhundert/","url":"https://annette-ahrens.at/onlineshop/produkt/biedermeier-deckeldose-boehmen-19-jahrhundert/","name":"Biedermeier Deckeldose, B\u00f6hmen, 19. Jahrhundert"}}]}]}</script>
<!-- / Yoast SEO Premium plugin. -->
