{"id":18013,"date":"2022-10-17T15:29:32","date_gmt":"2022-10-17T13:29:32","guid":{"rendered":"https:\/\/annette-ahrens.at\/onlineshop\/?post_type=product&#038;p=18013"},"modified":"2024-02-25T17:43:27","modified_gmt":"2024-02-25T16:43:27","slug":"raymond-loewy-suppenterrine-form-2000-fa-rosenthal-1956","status":"publish","type":"product","link":"https:\/\/annette-ahrens.at\/onlineshop\/produkt\/raymond-loewy-suppenterrine-form-2000-fa-rosenthal-1956\/","title":{"rendered":"Raymond Loewy, Suppenterrine, Form 2000, Fa. Rosenthal, 1956"},"content":{"rendered":"<p>Suppenterrine Form 2000<\/p>\n<p>Entwurf: Raymond Loewy f\u00fcr Fa. Rosenthal, 1956<\/p>\n<p>Porzellan, weiss glasiert, bestehend aus\u00a0Terrine mit Deckel und versilbertem Stellring, Unterseite mit unterglasurgr\u00fcner Manufakturmarke &#8222;Rosenthal Germany&#8220;, Halterung aus versilberter Alpacca, gemarkt<\/p>\n<p>Dm 23,5 cm<\/p>\n<p><span style=\"font-size: 12pt; font-family: 'Roboto Slab';\">Literatur: Ausstellungs-Katalog Kestner Museum Hannover &#8222;Rosenthal &#8211; Hundert Jahre Porzellan&#8220;; Bernd Fritz, Neue Formen bei Rosenthal, in: Raymond Loewy, Pionier des Amerikanischen Industriedesigns, M\u00fcnchen, 1990, Seite 135<\/span><\/p>\n","protected":false},"excerpt":{"rendered":"<p>Annettes Etikette: Das Service Form Nr. 2000 wurde erstmals auf der Messe in Hannover 1954 vorgestellt. Im Laufe seiner Produktionszeit wurden ann\u00e4hernd 200 Dekor-Varianten herausgebracht. Rosenthal gelingt es Porzellan von einem &#8222;Erb-Artikel zu einem Wechsel-Artikel&#8220; zu machen (siehe <em>Die Schaulade<\/em> 1976, S. 1456). Dieser Dekor heisst &#8222;bunte Gr\u00e4ser&#8220;. Philipp Rosenthal (1855 &#8211; 1937) selbst nennt als Entwerfer nicht nur den Pionier des amerikanischen Designs Raymond Loewy (1893 Paris &#8211; 1986 Monaco), sondern auch Richard S. Latham (Kansas City 1920 &#8211; 1991), der in Loewys B\u00fcro in Chicago als Chefdesigner f\u00fcr die Zusammenarbeit mit Rosenthal zust\u00e4ndig war.<\/p>\n","protected":false},"featured_media":19034,"comment_status":"open","ping_status":"closed","template":"","meta":[],"product_brand":[],"product_cat":[130,32,300,191,274,279,190,193,131,196],"product_tag":[],"class_list":{"0":"post-18013","1":"product","2":"type-product","3":"status-publish","4":"has-post-thumbnail","6":"product_cat-abendessen","7":"product_cat-festefeiern","8":"product_cat-gartenfest","9":"product_cat-hauptspeise","10":"product_cat-porzellan-fachbuecher","11":"product_cat-schale","12":"product_cat-suppe","13":"product_cat-suppenterrrine","14":"product_cat-tafeldekorationen","15":"product_cat-terrine","17":"first","18":"instock","19":"sold-individually","20":"purchasable","21":"product-type-simple"},"yoast_head":"<!-- This site is optimized with the Yoast SEO Premium plugin v15.8.2 - https:\/\/yoast.com\/wordpress\/plugins\/seo\/ -->\n<title>Raymond Loewy, Suppenterrine, Form 2000, Fa. Rosenthal, 1956<\/title>\n<meta name=\"description\" content=\"Raymond Loewy, Suppenterrine, Form 2000, Fa. Rosenthal, 1956 \u2665 Antiquit\u00e4ten Online kaufen \u2713 Sichere Lieferung \u2713\" \/>\n<meta name=\"robots\" content=\"index, follow, max-snippet:-1, max-image-preview:large, max-video-preview:-1\" \/>\n<link rel=\"canonical\" href=\"https:\/\/annette-ahrens.at\/onlineshop\/produkt\/raymond-loewy-suppenterrine-form-2000-fa-rosenthal-1956\/\" \/>\n<meta property=\"og:locale\" content=\"de_DE\" \/>\n<meta property=\"og:type\" content=\"article\" \/>\n<meta property=\"og:title\" content=\"Raymond Loewy, Suppenterrine, Form 2000, Fa. Rosenthal, 1956\" \/>\n<meta property=\"og:description\" content=\"Raymond Loewy, Suppenterrine, Form 2000, Fa. Rosenthal, 1956 \u2665 Antiquit\u00e4ten Online kaufen \u2713 Sichere Lieferung \u2713\" \/>\n<meta property=\"og:url\" content=\"https:\/\/annette-ahrens.at\/onlineshop\/produkt\/raymond-loewy-suppenterrine-form-2000-fa-rosenthal-1956\/\" \/>\n<meta property=\"og:site_name\" content=\"Tafelkultur Onlineshop\" \/>\n<meta property=\"article:publisher\" content=\"https:\/\/www.facebook.com\/AnnetteAhrensTafelkultur\" \/>\n<meta property=\"article:modified_time\" content=\"2024-02-25T16:43:27+00:00\" \/>\n<meta property=\"og:image\" content=\"https:\/\/annette-ahrens.at\/onlineshop\/wp-content\/uploads\/2022\/10\/IMG_0114-rotated.jpeg\" \/>\n\t<meta property=\"og:image:width\" content=\"1936\" \/>\n\t<meta property=\"og:image:height\" content=\"1936\" \/>\n<meta name=\"twitter:card\" content=\"summary_large_image\" \/>\n<meta name=\"twitter:label1\" content=\"Gesch\u00e4tzte Lesezeit\">\n\t<meta name=\"twitter:data1\" content=\"1\u00a0Minute\">\n<script type=\"application\/ld+json\" class=\"yoast-schema-graph\">{\"@context\":\"https:\/\/schema.org\",\"@graph\":[{\"@type\":[\"Person\",\"Organization\"],\"@id\":\"https:\/\/annette-ahrens.at\/onlineshop\/#\/schema\/person\/3e19676faae246bba0cb3b7e15f427d8\",\"name\":\"Annette Ahrens\",\"image\":{\"@type\":\"ImageObject\",\"@id\":\"https:\/\/annette-ahrens.at\/onlineshop\/#personlogo\",\"inLanguage\":\"de\",\"url\":\"https:\/\/annette-ahrens.at\/onlineshop\/wp-content\/uploads\/2020\/04\/aa_logo_End.png\",\"width\":800,\"height\":164,\"caption\":\"Annette Ahrens\"},\"logo\":{\"@id\":\"https:\/\/annette-ahrens.at\/onlineshop\/#personlogo\"},\"sameAs\":[\"https:\/\/annette-ahrens.at\",\"https:\/\/www.facebook.com\/AnnetteAhrensTafelkultur\",\"https:\/\/www.instagram.com\/tafelkulturistin\/\",\"https:\/\/de.wikipedia.org\/wiki\/Annette_Ahrens\"]},{\"@type\":\"WebSite\",\"@id\":\"https:\/\/annette-ahrens.at\/onlineshop\/#website\",\"url\":\"https:\/\/annette-ahrens.at\/onlineshop\/\",\"name\":\"Tafelkultur Onlineshop\",\"description\":\"Annette Ahrens\",\"publisher\":{\"@id\":\"https:\/\/annette-ahrens.at\/onlineshop\/#\/schema\/person\/3e19676faae246bba0cb3b7e15f427d8\"},\"potentialAction\":[{\"@type\":\"SearchAction\",\"target\":\"https:\/\/annette-ahrens.at\/onlineshop\/?s={search_term_string}\",\"query-input\":\"required name=search_term_string\"}],\"inLanguage\":\"de\"},{\"@type\":\"ImageObject\",\"@id\":\"https:\/\/annette-ahrens.at\/onlineshop\/produkt\/raymond-loewy-suppenterrine-form-2000-fa-rosenthal-1956\/#primaryimage\",\"inLanguage\":\"de\",\"url\":\"https:\/\/annette-ahrens.at\/onlineshop\/wp-content\/uploads\/2022\/10\/IMG_0114-rotated.jpeg\",\"width\":1936,\"height\":1936,\"caption\":\"rosenthal_terrine\"},{\"@type\":[\"WebPage\",\"ItemPage\"],\"@id\":\"https:\/\/annette-ahrens.at\/onlineshop\/produkt\/raymond-loewy-suppenterrine-form-2000-fa-rosenthal-1956\/#webpage\",\"url\":\"https:\/\/annette-ahrens.at\/onlineshop\/produkt\/raymond-loewy-suppenterrine-form-2000-fa-rosenthal-1956\/\",\"name\":\"Raymond Loewy, Suppenterrine, Form 2000, Fa. Rosenthal, 1956\",\"isPartOf\":{\"@id\":\"https:\/\/annette-ahrens.at\/onlineshop\/#website\"},\"primaryImageOfPage\":{\"@id\":\"https:\/\/annette-ahrens.at\/onlineshop\/produkt\/raymond-loewy-suppenterrine-form-2000-fa-rosenthal-1956\/#primaryimage\"},\"datePublished\":\"2022-10-17T13:29:32+00:00\",\"dateModified\":\"2024-02-25T16:43:27+00:00\",\"description\":\"Raymond Loewy, Suppenterrine, Form 2000, Fa. Rosenthal, 1956 \\u2665 Antiquit\\u00e4ten Online kaufen \\u2713 Sichere Lieferung \\u2713\",\"breadcrumb\":{\"@id\":\"https:\/\/annette-ahrens.at\/onlineshop\/produkt\/raymond-loewy-suppenterrine-form-2000-fa-rosenthal-1956\/#breadcrumb\"},\"inLanguage\":\"de\",\"potentialAction\":[{\"@type\":\"ReadAction\",\"target\":[\"https:\/\/annette-ahrens.at\/onlineshop\/produkt\/raymond-loewy-suppenterrine-form-2000-fa-rosenthal-1956\/\"]}]},{\"@type\":\"BreadcrumbList\",\"@id\":\"https:\/\/annette-ahrens.at\/onlineshop\/produkt\/raymond-loewy-suppenterrine-form-2000-fa-rosenthal-1956\/#breadcrumb\",\"itemListElement\":[{\"@type\":\"ListItem\",\"position\":1,\"item\":{\"@type\":\"WebPage\",\"@id\":\"https:\/\/annette-ahrens.at\/onlineshop\/\",\"url\":\"https:\/\/annette-ahrens.at\/onlineshop\/\",\"name\":\"Home\"}},{\"@type\":\"ListItem\",\"position\":2,\"item\":{\"@type\":\"WebPage\",\"@id\":\"https:\/\/annette-ahrens.at\/onlineshop\/alle-tafelkultur-objekte\/\",\"url\":\"https:\/\/annette-ahrens.at\/onlineshop\/alle-tafelkultur-objekte\/\",\"name\":\"Alle Tafelkultur Objekte\"}},{\"@type\":\"ListItem\",\"position\":3,\"item\":{\"@type\":\"WebPage\",\"@id\":\"https:\/\/annette-ahrens.at\/onlineshop\/produkt\/raymond-loewy-suppenterrine-form-2000-fa-rosenthal-1956\/\",\"url\":\"https:\/\/annette-ahrens.at\/onlineshop\/produkt\/raymond-loewy-suppenterrine-form-2000-fa-rosenthal-1956\/\",\"name\":\"Raymond Loewy, Suppenterrine, Form 2000, Fa. Rosenthal, 1956\"}}]}]}<\/script>\n<!-- \/ Yoast SEO Premium plugin. -->","_links":{"self":[{"href":"https:\/\/annette-ahrens.at\/onlineshop\/wp-json\/wp\/v2\/product\/18013","targetHints":{"allow":["GET"]}}],"collection":[{"href":"https:\/\/annette-ahrens.at\/onlineshop\/wp-json\/wp\/v2\/product"}],"about":[{"href":"https:\/\/annette-ahrens.at\/onlineshop\/wp-json\/wp\/v2\/types\/product"}],"replies":[{"embeddable":true,"href":"https:\/\/annette-ahrens.at\/onlineshop\/wp-json\/wp\/v2\/comments?post=18013"}],"wp:featuredmedia":[{"embeddable":true,"href":"https:\/\/annette-ahrens.at\/onlineshop\/wp-json\/wp\/v2\/media\/19034"}],"wp:attachment":[{"href":"https:\/\/annette-ahrens.at\/onlineshop\/wp-json\/wp\/v2\/media?parent=18013"}],"wp:term":[{"taxonomy":"product_brand","embeddable":true,"href":"https:\/\/annette-ahrens.at\/onlineshop\/wp-json\/wp\/v2\/product_brand?post=18013"},{"taxonomy":"product_cat","embeddable":true,"href":"https:\/\/annette-ahrens.at\/onlineshop\/wp-json\/wp\/v2\/product_cat?post=18013"},{"taxonomy":"product_tag","embeddable":true,"href":"https:\/\/annette-ahrens.at\/onlineshop\/wp-json\/wp\/v2\/product_tag?post=18013"}],"curies":[{"name":"wp","href":"https:\/\/api.w.org\/{rel}","templated":true}]}}