{"id":19398,"date":"2022-12-21T22:27:15","date_gmt":"2022-12-21T21:27:15","guid":{"rendered":"https:\/\/annette-ahrens.at\/onlineshop\/?post_type=product&#038;p=19398"},"modified":"2026-02-03T23:21:59","modified_gmt":"2026-02-03T22:21:59","slug":"silberne-jugendstil-teekanne-v-mayers-soehne-wien-um-1900","status":"publish","type":"product","link":"https:\/\/annette-ahrens.at\/onlineshop\/produkt\/silberne-jugendstil-teekanne-v-mayers-soehne-wien-um-1900\/","title":{"rendered":"Silberne Jugendstil Teekanne, V. Mayers &#038; S\u00f6hne, Wien, um 1900"},"content":{"rendered":"<p>Silberne Jugendstil Teekanne<\/p>\n<p>V. Mayer\u00b4s &amp; S\u00f6hne, Wien, \u00d6sterreich &#8211; Ungarische Monarchie, um 1900<\/p>\n<p>Silber, gebauchter Gef\u00e4\u00dfk\u00f6rper, glatte Wandung, hochgezogener Ausguss, runder Scharnierdeckel mit Beinisolierung und Beinknauf, runder Henkel mit zwei Isolierringen aus Bein, gemarkt mit Wiener Dianakopfpunze, verwendet in den Jahren \u00a01872 \u2013 1922, Meisterpunze V. MAYER\u00b4S S\u00d6HNE, \u00f6sterreichische Einfuhrpunze, handpolierter Zustand, frontseitig graviertes Allianzwappen<\/p>\n<p>H 19,5 cm<\/p>\n","protected":false},"excerpt":{"rendered":"<p>Silberne Jugendstil Teekanne V. Mayer\u00b4s &amp; S\u00f6hne, Wien, \u00d6sterreich &#8211; Ungarische Monarchie, um 1900 Silber, gebauchter Gef\u00e4\u00dfk\u00f6rper, glatte Wandung, hochgezogener Ausguss, runder Scharnierdeckel mit Beinisolierung und Beinknauf, runder Henkel mit zwei Isolierringen aus Bein, gemarkt mit Wiener Dianakopfpunze, verwendet in den Jahren \u00a01872 \u2013 1922, Meisterpunze V. MAYER\u00b4S S\u00d6HNE, \u00f6sterreichische Einfuhrpunze, handpolierter Zustand, frontseitig graviertes [&hellip;]<\/p>\n","protected":false},"featured_media":19417,"comment_status":"open","ping_status":"closed","template":"","meta":[],"product_brand":[],"product_cat":[25,297,32,18,291,292,132,38,268,53,308,26],"product_tag":[],"class_list":{"0":"post-19398","1":"product","2":"type-product","3":"status-publish","4":"has-post-thumbnail","6":"product_cat-5o-clock-tea","7":"product_cat-adventjause","8":"product_cat-festefeiern","9":"product_cat-fruehstueck","10":"product_cat-hochzeit","11":"product_cat-muttertag","12":"product_cat-silber","13":"product_cat-tee","14":"product_cat-tee-5o-clock-tea","15":"product_cat-weihnachten","16":"product_cat-weihnachtsgebaeck","17":"product_cat-wiener-melange","19":"first","20":"instock","21":"sold-individually","22":"purchasable","23":"product-type-simple"},"yoast_head":"<!-- This site is optimized with the Yoast SEO Premium plugin v15.8.2 - https:\/\/yoast.com\/wordpress\/plugins\/seo\/ -->\n<title>Silberne Jugendstil Teekanne, V. Mayers &amp; S\u00f6hne, Wien, um 1900<\/title>\n<meta name=\"description\" content=\"Silberne Jugendstil Teekanne, V. Mayers &amp; S\u00f6hne, Wien, um 1900 \u2665 Antiquit\u00e4ten Online kaufen \u2713 Sichere Lieferung \u2713\" \/>\n<meta name=\"robots\" content=\"index, follow, max-snippet:-1, max-image-preview:large, max-video-preview:-1\" \/>\n<link rel=\"canonical\" href=\"https:\/\/annette-ahrens.at\/onlineshop\/produkt\/silberne-jugendstil-teekanne-v-mayers-soehne-wien-um-1900\/\" \/>\n<meta property=\"og:locale\" content=\"de_DE\" \/>\n<meta property=\"og:type\" content=\"article\" \/>\n<meta property=\"og:title\" content=\"Silberne Jugendstil Teekanne, V. Mayers &amp; S\u00f6hne, Wien, um 1900\" \/>\n<meta property=\"og:description\" content=\"Silberne Jugendstil Teekanne, V. Mayers &amp; S\u00f6hne, Wien, um 1900 \u2665 Antiquit\u00e4ten Online kaufen \u2713 Sichere Lieferung \u2713\" \/>\n<meta property=\"og:url\" content=\"https:\/\/annette-ahrens.at\/onlineshop\/produkt\/silberne-jugendstil-teekanne-v-mayers-soehne-wien-um-1900\/\" \/>\n<meta property=\"og:site_name\" content=\"Tafelkultur Onlineshop\" \/>\n<meta property=\"article:publisher\" content=\"https:\/\/www.facebook.com\/AnnetteAhrensTafelkultur\" \/>\n<meta property=\"article:modified_time\" content=\"2026-02-03T22:21:59+00:00\" \/>\n<meta property=\"og:image\" content=\"https:\/\/annette-ahrens.at\/onlineshop\/wp-content\/uploads\/2022\/12\/IMG_0551-rotated.jpeg\" \/>\n\t<meta property=\"og:image:width\" content=\"1936\" \/>\n\t<meta property=\"og:image:height\" content=\"1936\" \/>\n<meta name=\"twitter:card\" content=\"summary_large_image\" \/>\n<meta name=\"twitter:label1\" content=\"Gesch\u00e4tzte Lesezeit\">\n\t<meta name=\"twitter:data1\" content=\"1\u00a0Minute\">\n<script type=\"application\/ld+json\" class=\"yoast-schema-graph\">{\"@context\":\"https:\/\/schema.org\",\"@graph\":[{\"@type\":[\"Person\",\"Organization\"],\"@id\":\"https:\/\/annette-ahrens.at\/onlineshop\/#\/schema\/person\/3e19676faae246bba0cb3b7e15f427d8\",\"name\":\"Annette Ahrens\",\"image\":{\"@type\":\"ImageObject\",\"@id\":\"https:\/\/annette-ahrens.at\/onlineshop\/#personlogo\",\"inLanguage\":\"de\",\"url\":\"https:\/\/annette-ahrens.at\/onlineshop\/wp-content\/uploads\/2020\/04\/aa_logo_End.png\",\"width\":800,\"height\":164,\"caption\":\"Annette Ahrens\"},\"logo\":{\"@id\":\"https:\/\/annette-ahrens.at\/onlineshop\/#personlogo\"},\"sameAs\":[\"https:\/\/annette-ahrens.at\",\"https:\/\/www.facebook.com\/AnnetteAhrensTafelkultur\",\"https:\/\/www.instagram.com\/tafelkulturistin\/\",\"https:\/\/de.wikipedia.org\/wiki\/Annette_Ahrens\"]},{\"@type\":\"WebSite\",\"@id\":\"https:\/\/annette-ahrens.at\/onlineshop\/#website\",\"url\":\"https:\/\/annette-ahrens.at\/onlineshop\/\",\"name\":\"Tafelkultur Onlineshop\",\"description\":\"Annette Ahrens\",\"publisher\":{\"@id\":\"https:\/\/annette-ahrens.at\/onlineshop\/#\/schema\/person\/3e19676faae246bba0cb3b7e15f427d8\"},\"potentialAction\":[{\"@type\":\"SearchAction\",\"target\":\"https:\/\/annette-ahrens.at\/onlineshop\/?s={search_term_string}\",\"query-input\":\"required name=search_term_string\"}],\"inLanguage\":\"de\"},{\"@type\":\"ImageObject\",\"@id\":\"https:\/\/annette-ahrens.at\/onlineshop\/produkt\/silberne-jugendstil-teekanne-v-mayers-soehne-wien-um-1900\/#primaryimage\",\"inLanguage\":\"de\",\"url\":\"https:\/\/annette-ahrens.at\/onlineshop\/wp-content\/uploads\/2022\/12\/IMG_0551-rotated.jpeg\",\"width\":1936,\"height\":1936,\"caption\":\"teekanne_silber\"},{\"@type\":[\"WebPage\",\"ItemPage\"],\"@id\":\"https:\/\/annette-ahrens.at\/onlineshop\/produkt\/silberne-jugendstil-teekanne-v-mayers-soehne-wien-um-1900\/#webpage\",\"url\":\"https:\/\/annette-ahrens.at\/onlineshop\/produkt\/silberne-jugendstil-teekanne-v-mayers-soehne-wien-um-1900\/\",\"name\":\"Silberne Jugendstil Teekanne, V. Mayers & S\\u00f6hne, Wien, um 1900\",\"isPartOf\":{\"@id\":\"https:\/\/annette-ahrens.at\/onlineshop\/#website\"},\"primaryImageOfPage\":{\"@id\":\"https:\/\/annette-ahrens.at\/onlineshop\/produkt\/silberne-jugendstil-teekanne-v-mayers-soehne-wien-um-1900\/#primaryimage\"},\"datePublished\":\"2022-12-21T21:27:15+00:00\",\"dateModified\":\"2026-02-03T22:21:59+00:00\",\"description\":\"Silberne Jugendstil Teekanne, V. Mayers & S\\u00f6hne, Wien, um 1900 \\u2665 Antiquit\\u00e4ten Online kaufen \\u2713 Sichere Lieferung \\u2713\",\"breadcrumb\":{\"@id\":\"https:\/\/annette-ahrens.at\/onlineshop\/produkt\/silberne-jugendstil-teekanne-v-mayers-soehne-wien-um-1900\/#breadcrumb\"},\"inLanguage\":\"de\",\"potentialAction\":[{\"@type\":\"ReadAction\",\"target\":[\"https:\/\/annette-ahrens.at\/onlineshop\/produkt\/silberne-jugendstil-teekanne-v-mayers-soehne-wien-um-1900\/\"]}]},{\"@type\":\"BreadcrumbList\",\"@id\":\"https:\/\/annette-ahrens.at\/onlineshop\/produkt\/silberne-jugendstil-teekanne-v-mayers-soehne-wien-um-1900\/#breadcrumb\",\"itemListElement\":[{\"@type\":\"ListItem\",\"position\":1,\"item\":{\"@type\":\"WebPage\",\"@id\":\"https:\/\/annette-ahrens.at\/onlineshop\/\",\"url\":\"https:\/\/annette-ahrens.at\/onlineshop\/\",\"name\":\"Home\"}},{\"@type\":\"ListItem\",\"position\":2,\"item\":{\"@type\":\"WebPage\",\"@id\":\"https:\/\/annette-ahrens.at\/onlineshop\/alle-tafelkultur-objekte\/\",\"url\":\"https:\/\/annette-ahrens.at\/onlineshop\/alle-tafelkultur-objekte\/\",\"name\":\"Alle Tafelkultur Objekte\"}},{\"@type\":\"ListItem\",\"position\":3,\"item\":{\"@type\":\"WebPage\",\"@id\":\"https:\/\/annette-ahrens.at\/onlineshop\/produkt\/silberne-jugendstil-teekanne-v-mayers-soehne-wien-um-1900\/\",\"url\":\"https:\/\/annette-ahrens.at\/onlineshop\/produkt\/silberne-jugendstil-teekanne-v-mayers-soehne-wien-um-1900\/\",\"name\":\"Silberne Jugendstil Teekanne, V. Mayers &#038; S\\u00f6hne, Wien, um 1900\"}}]}]}<\/script>\n<!-- \/ Yoast SEO Premium plugin. -->","_links":{"self":[{"href":"https:\/\/annette-ahrens.at\/onlineshop\/wp-json\/wp\/v2\/product\/19398","targetHints":{"allow":["GET"]}}],"collection":[{"href":"https:\/\/annette-ahrens.at\/onlineshop\/wp-json\/wp\/v2\/product"}],"about":[{"href":"https:\/\/annette-ahrens.at\/onlineshop\/wp-json\/wp\/v2\/types\/product"}],"replies":[{"embeddable":true,"href":"https:\/\/annette-ahrens.at\/onlineshop\/wp-json\/wp\/v2\/comments?post=19398"}],"wp:featuredmedia":[{"embeddable":true,"href":"https:\/\/annette-ahrens.at\/onlineshop\/wp-json\/wp\/v2\/media\/19417"}],"wp:attachment":[{"href":"https:\/\/annette-ahrens.at\/onlineshop\/wp-json\/wp\/v2\/media?parent=19398"}],"wp:term":[{"taxonomy":"product_brand","embeddable":true,"href":"https:\/\/annette-ahrens.at\/onlineshop\/wp-json\/wp\/v2\/product_brand?post=19398"},{"taxonomy":"product_cat","embeddable":true,"href":"https:\/\/annette-ahrens.at\/onlineshop\/wp-json\/wp\/v2\/product_cat?post=19398"},{"taxonomy":"product_tag","embeddable":true,"href":"https:\/\/annette-ahrens.at\/onlineshop\/wp-json\/wp\/v2\/product_tag?post=19398"}],"curies":[{"name":"wp","href":"https:\/\/api.w.org\/{rel}","templated":true}]}}

Silberne Jugendstil Teekanne, V. Mayers &#038; Söhne, Wien, um 1900

<p>Silberne Jugendstil Teekanne</p>
<p>V. Mayer´s &amp; Söhne, Wien, Österreich &#8211; Ungarische Monarchie, um 1900</p>
<p>Silber, gebauchter Gefäßkörper, glatte Wandung, hochgezogener Ausguss, runder Scharnierdeckel mit Beinisolierung und Beinknauf, runder Henkel mit zwei Isolierringen aus Bein, gemarkt mit Wiener Dianakopfpunze, verwendet in den Jahren  1872 – 1922, Meisterpunze V. MAYER´S SÖHNE, österreichische Einfuhrpunze, handpolierter Zustand, frontseitig graviertes Allianzwappen</p>
<p>H 19,5 cm</p>

<p>Silberne Jugendstil Teekanne V. Mayer´s &amp; Söhne, Wien, Österreich &#8211; Ungarische Monarchie, um 1900 Silber, gebauchter Gefäßkörper, glatte Wandung, hochgezogener Ausguss, runder Scharnierdeckel mit Beinisolierung und Beinknauf, runder Henkel mit zwei Isolierringen aus Bein, gemarkt mit Wiener Dianakopfpunze, verwendet in den Jahren  1872 – 1922, Meisterpunze V. MAYER´S SÖHNE, österreichische Einfuhrpunze, handpolierter Zustand, frontseitig graviertes [&hellip;]</p>

<!-- This site is optimized with the Yoast SEO Premium plugin v15.8.2 - https://yoast.com/wordpress/plugins/seo/ -->
<title>Silberne Jugendstil Teekanne, V. Mayers &amp; Söhne, Wien, um 1900</title>
<meta name="description" content="Silberne Jugendstil Teekanne, V. Mayers &amp; Söhne, Wien, um 1900 ♥ Antiquitäten Online kaufen ✓ Sichere Lieferung ✓" />
<meta name="robots" content="index, follow, max-snippet:-1, max-image-preview:large, max-video-preview:-1" />
<link rel="canonical" href="https://annette-ahrens.at/onlineshop/produkt/silberne-jugendstil-teekanne-v-mayers-soehne-wien-um-1900/" />
<meta property="og:locale" content="de_DE" />
<meta property="og:type" content="article" />
<meta property="og:title" content="Silberne Jugendstil Teekanne, V. Mayers &amp; Söhne, Wien, um 1900" />
<meta property="og:description" content="Silberne Jugendstil Teekanne, V. Mayers &amp; Söhne, Wien, um 1900 ♥ Antiquitäten Online kaufen ✓ Sichere Lieferung ✓" />
<meta property="og:url" content="https://annette-ahrens.at/onlineshop/produkt/silberne-jugendstil-teekanne-v-mayers-soehne-wien-um-1900/" />
<meta property="og:site_name" content="Tafelkultur Onlineshop" />
<meta property="article:publisher" content="https://www.facebook.com/AnnetteAhrensTafelkultur" />
<meta property="article:modified_time" content="2026-02-03T22:21:59+00:00" />
<meta property="og:image" content="https://annette-ahrens.at/onlineshop/wp-content/uploads/2022/12/IMG_0551-rotated.jpeg" />
	<meta property="og:image:width" content="1936" />
	<meta property="og:image:height" content="1936" />
<meta name="twitter:card" content="summary_large_image" />
<meta name="twitter:label1" content="Geschätzte Lesezeit">
	<meta name="twitter:data1" content="1 Minute">
<script type="application/ld+json" class="yoast-schema-graph">{"@context":"https://schema.org","@graph":[{"@type":["Person","Organization"],"@id":"https://annette-ahrens.at/onlineshop/#/schema/person/3e19676faae246bba0cb3b7e15f427d8","name":"Annette Ahrens","image":{"@type":"ImageObject","@id":"https://annette-ahrens.at/onlineshop/#personlogo","inLanguage":"de","url":"https://annette-ahrens.at/onlineshop/wp-content/uploads/2020/04/aa_logo_End.png","width":800,"height":164,"caption":"Annette Ahrens"},"logo":{"@id":"https://annette-ahrens.at/onlineshop/#personlogo"},"sameAs":["https://annette-ahrens.at","https://www.facebook.com/AnnetteAhrensTafelkultur","https://www.instagram.com/tafelkulturistin/","https://de.wikipedia.org/wiki/Annette_Ahrens"]},{"@type":"WebSite","@id":"https://annette-ahrens.at/onlineshop/#website","url":"https://annette-ahrens.at/onlineshop/","name":"Tafelkultur Onlineshop","description":"Annette Ahrens","publisher":{"@id":"https://annette-ahrens.at/onlineshop/#/schema/person/3e19676faae246bba0cb3b7e15f427d8"},"potentialAction":[{"@type":"SearchAction","target":"https://annette-ahrens.at/onlineshop/?s={search_term_string}","query-input":"required name=search_term_string"}],"inLanguage":"de"},{"@type":"ImageObject","@id":"https://annette-ahrens.at/onlineshop/produkt/silberne-jugendstil-teekanne-v-mayers-soehne-wien-um-1900/#primaryimage","inLanguage":"de","url":"https://annette-ahrens.at/onlineshop/wp-content/uploads/2022/12/IMG_0551-rotated.jpeg","width":1936,"height":1936,"caption":"teekanne_silber"},{"@type":["WebPage","ItemPage"],"@id":"https://annette-ahrens.at/onlineshop/produkt/silberne-jugendstil-teekanne-v-mayers-soehne-wien-um-1900/#webpage","url":"https://annette-ahrens.at/onlineshop/produkt/silberne-jugendstil-teekanne-v-mayers-soehne-wien-um-1900/","name":"Silberne Jugendstil Teekanne, V. Mayers & S\u00f6hne, Wien, um 1900","isPartOf":{"@id":"https://annette-ahrens.at/onlineshop/#website"},"primaryImageOfPage":{"@id":"https://annette-ahrens.at/onlineshop/produkt/silberne-jugendstil-teekanne-v-mayers-soehne-wien-um-1900/#primaryimage"},"datePublished":"2022-12-21T21:27:15+00:00","dateModified":"2026-02-03T22:21:59+00:00","description":"Silberne Jugendstil Teekanne, V. Mayers & S\u00f6hne, Wien, um 1900 \u2665 Antiquit\u00e4ten Online kaufen \u2713 Sichere Lieferung \u2713","breadcrumb":{"@id":"https://annette-ahrens.at/onlineshop/produkt/silberne-jugendstil-teekanne-v-mayers-soehne-wien-um-1900/#breadcrumb"},"inLanguage":"de","potentialAction":[{"@type":"ReadAction","target":["https://annette-ahrens.at/onlineshop/produkt/silberne-jugendstil-teekanne-v-mayers-soehne-wien-um-1900/"]}]},{"@type":"BreadcrumbList","@id":"https://annette-ahrens.at/onlineshop/produkt/silberne-jugendstil-teekanne-v-mayers-soehne-wien-um-1900/#breadcrumb","itemListElement":[{"@type":"ListItem","position":1,"item":{"@type":"WebPage","@id":"https://annette-ahrens.at/onlineshop/","url":"https://annette-ahrens.at/onlineshop/","name":"Home"}},{"@type":"ListItem","position":2,"item":{"@type":"WebPage","@id":"https://annette-ahrens.at/onlineshop/alle-tafelkultur-objekte/","url":"https://annette-ahrens.at/onlineshop/alle-tafelkultur-objekte/","name":"Alle Tafelkultur Objekte"}},{"@type":"ListItem","position":3,"item":{"@type":"WebPage","@id":"https://annette-ahrens.at/onlineshop/produkt/silberne-jugendstil-teekanne-v-mayers-soehne-wien-um-1900/","url":"https://annette-ahrens.at/onlineshop/produkt/silberne-jugendstil-teekanne-v-mayers-soehne-wien-um-1900/","name":"Silberne Jugendstil Teekanne, V. Mayers &#038; S\u00f6hne, Wien, um 1900"}}]}]}</script>
<!-- / Yoast SEO Premium plugin. -->
