{"id":20318,"date":"2023-02-01T14:34:22","date_gmt":"2023-02-01T13:34:22","guid":{"rendered":"https:\/\/annette-ahrens.at\/onlineshop\/?post_type=product&#038;p=20318"},"modified":"2023-02-21T18:20:57","modified_gmt":"2023-02-21T17:20:57","slug":"otto-desbalmes-aus-dem-leben-eines-k-u-k-hofkochs","status":"publish","type":"product","link":"https:\/\/annette-ahrens.at\/onlineshop\/produkt\/otto-desbalmes-aus-dem-leben-eines-k-u-k-hofkochs\/","title":{"rendered":"Otto Desbalmes: Aus dem Leben eines k.u.k. Hofkochs"},"content":{"rendered":"<p>Ingrid Haslinger<\/p>\n<p>Otto Desbalmes: Aus dem Leben eines k.u.k. Hofkochs<\/p>\n<p>Vom Lehrling in der Hofk\u00fcche zum Hofchefkoch und Hofk\u00fccheninspektor<\/p>\n<p>320 Seiten, Abbildungen (Schwarz- Wei\u00df, F\u00e4rbig), gebunden, 26,00 cm x 22,00 cm<\/p>\n<p><a href=\"https:\/\/www.kral-verlag.at\">Kral Verlag<\/a><\/p>\n<p>1 Auflage 2022: 1 500 Exemplare<\/p>\n<p><span class=\"a-list-item\"><span class=\"a-text-bold\">ISBN-10: \u200e<\/span>3991030462<\/span><\/p>\n<p><span class=\"a-list-item\"><span class=\"a-text-bold\">ISBN-13: \u200e<\/span>978-3991030461<\/span><\/p>\n<p>&nbsp;<\/p>\n","protected":false},"excerpt":{"rendered":"<p><span class=\"readonlyText multiple\">Annettes Etikette: Otto Desbalmes trat 1874 als F\u00fcnfzehnj\u00e4hriger den Dienst als unbezahlter Lehrling in der K\u00fcche am Wiener Kaiserhof an. Bis zum Zusammenbruch der \u00f6sterreichisch-ungarischen Monarchie im Jahr 1918 stieg er \u00fcber alle hierarchischen Stufen bis zum Chefkoch auf und leitete als einer der beiden letzten Hofk\u00fccheninspektoren unter Kaiser Karl s\u00e4mtliche K\u00fcchen am Kaiserhof der Habsburger.<\/span><\/p>\n<p>In den 44 Jahren seiner Karriere versah Otto Desbalmes seinen Dienst in allen Residenzen, in denen sich der Kaiser aufhielt. Auch auf Reisen, bei Hofjagden und bei milit\u00e4rischen Man\u00f6vern \u00fcbte er seine T\u00e4tigkeit als Koch aus. Im Jahr 1901 war Desbalmes dem Erzherzog Thronfolger Franz Ferdinand als Koch zugeteilt.<\/p>\n<p>Aus dem Nachlass von Otto Desbalmes sind zwei von ihm handschriftlich verfasste Kochb\u00fccher erhalten. Die darin enthaltenen Rezepte sind im vorliegenden Buch im Originalwortlaut wiedergegeben und setzen beim Leser mehr als nur Grundkenntnisse der Kochkunst voraus. Geeignet sind diese Rezeptsammlungen daher besonders f\u00fcr K\u00fcchenchefs der gehobenen Gastronomie und f\u00fcr private Liebhaber einer qualitativ herausragenden K\u00fcche.<\/p>\n<p>Der Nachlass von Otto Desbalmes umfasst weiters ein Menubuch, Fotos und amtliche Schriftst\u00fccke, die das Leben und die Arbeit des Hofkochs dokumentieren und auch Einblick in die Organisation der Hofk\u00fcchen am Wiener Kaiserhof geben.<\/p>\n<p>Erg\u00e4nzt wird die Darstellung durch Kurzbiographien von Hofk\u00f6chen und Hofzuckerb\u00e4ckern, mit denen Desbalmes zusammenarbeitete. Auch von einigen dieser Personen sind Rezepte erhalten. Weiters wird im vorliegenden Buch anhand zeitgen\u00f6ssischer Zeitungsartikel das Arbeitsumfeld der Hofk\u00f6che und Hofzuckerb\u00e4cker beschrieben.<\/p>\n<p>Zur Autorin: Die Autorin Dr. Ingrid Haslinger ist Historikerin. Sie studierte Geschichte und Anglistik an der Universit\u00e4t Wien. Ihre Mitte der 1980er Jahre begonnene Archivforschungst\u00e4tigkeit mit Schwerpunkt auf den Themen Hofwirtschaft und Hofk\u00fcche f\u00fchrte zu zahlreichen Publikationen. So verfasste sie den Sammlungskatalog Band II der ehemaligen Hofsilber- und Tafelkammer, das Buch \u201eK\u00fcche und Tafelkultur am kaiserlichen Hofe zu Wien\u201c sowie B\u00fccher \u00fcber die Essgewohnheiten von Kaiser Franz Joseph (\u201eTafeln wie ein Kaiser\u201c) und von Kaiserin Elisabeth (\u201eTafeln mit Sisi\u201c). Wesentlich f\u00fcr die Arbeit von Ingrid Haslinger ist ihre intensive Forschungst\u00e4tigkeit, Basis f\u00fcr ihre Publikationen sind historische Quellen. Die Buchautorin ist seit ihrer Jugend passionierte K\u00f6chin und sammelt seit vielen Jahren alte Kochb\u00fccher und Tafelger\u00e4te. Auch diesen Interessen hat sich die Autorin in ihren B\u00fcchern gewidmet und unter anderem eine Kulturgeschichte der Wiener K\u00fcche geschrieben.<\/p>\n<p>Fotocredit \u00a9 Kral Verlag<\/p>\n","protected":false},"featured_media":20319,"comment_status":"open","ping_status":"closed","template":"","meta":[],"product_brand":[],"product_cat":[372,32,19,31,53,26],"product_tag":[],"class_list":{"0":"post-20318","1":"product","2":"type-product","3":"status-publish","4":"has-post-thumbnail","6":"product_cat-fachbuecher","7":"product_cat-festefeiern","8":"product_cat-gabelfruehstueck","9":"product_cat-gastgeschenke","10":"product_cat-weihnachten","11":"product_cat-wiener-melange","13":"first","14":"instock","15":"taxable","16":"shipping-taxable","17":"purchasable","18":"product-type-simple"},"yoast_head":"<!-- This site is optimized with the Yoast SEO Premium plugin v15.8.2 - https:\/\/yoast.com\/wordpress\/plugins\/seo\/ -->\n<title>Otto Desbalmes: Aus dem Leben eines k.u.k. Hofkochs<\/title>\n<meta name=\"description\" content=\"Otto Desbalmes: Aus dem Leben eines k.u.k. Hofkochs \u2665 Antiquit\u00e4ten Online kaufen \u2713 Sichere Lieferung \u2713\" \/>\n<meta name=\"robots\" content=\"index, follow, max-snippet:-1, max-image-preview:large, max-video-preview:-1\" \/>\n<link rel=\"canonical\" href=\"https:\/\/annette-ahrens.at\/onlineshop\/produkt\/otto-desbalmes-aus-dem-leben-eines-k-u-k-hofkochs\/\" \/>\n<meta property=\"og:locale\" content=\"de_DE\" \/>\n<meta property=\"og:type\" content=\"article\" \/>\n<meta property=\"og:title\" content=\"Otto Desbalmes: Aus dem Leben eines k.u.k. Hofkochs\" \/>\n<meta property=\"og:description\" content=\"Otto Desbalmes: Aus dem Leben eines k.u.k. Hofkochs \u2665 Antiquit\u00e4ten Online kaufen \u2713 Sichere Lieferung \u2713\" \/>\n<meta property=\"og:url\" content=\"https:\/\/annette-ahrens.at\/onlineshop\/produkt\/otto-desbalmes-aus-dem-leben-eines-k-u-k-hofkochs\/\" \/>\n<meta property=\"og:site_name\" content=\"Tafelkultur Onlineshop\" \/>\n<meta property=\"article:publisher\" content=\"https:\/\/www.facebook.com\/AnnetteAhrensTafelkultur\" \/>\n<meta property=\"article:modified_time\" content=\"2023-02-21T17:20:57+00:00\" \/>\n<meta property=\"og:image\" content=\"https:\/\/annette-ahrens.at\/onlineshop\/wp-content\/uploads\/2023\/02\/image-864x1024.jpeg\" \/>\n\t<meta property=\"og:image:width\" content=\"864\" \/>\n\t<meta property=\"og:image:height\" content=\"1024\" \/>\n<meta name=\"twitter:card\" content=\"summary_large_image\" \/>\n<meta name=\"twitter:label1\" content=\"Gesch\u00e4tzte Lesezeit\">\n\t<meta name=\"twitter:data1\" content=\"1\u00a0Minute\">\n<script type=\"application\/ld+json\" class=\"yoast-schema-graph\">{\"@context\":\"https:\/\/schema.org\",\"@graph\":[{\"@type\":[\"Person\",\"Organization\"],\"@id\":\"https:\/\/annette-ahrens.at\/onlineshop\/#\/schema\/person\/3e19676faae246bba0cb3b7e15f427d8\",\"name\":\"Annette Ahrens\",\"image\":{\"@type\":\"ImageObject\",\"@id\":\"https:\/\/annette-ahrens.at\/onlineshop\/#personlogo\",\"inLanguage\":\"de\",\"url\":\"https:\/\/annette-ahrens.at\/onlineshop\/wp-content\/uploads\/2020\/04\/aa_logo_End.png\",\"width\":800,\"height\":164,\"caption\":\"Annette Ahrens\"},\"logo\":{\"@id\":\"https:\/\/annette-ahrens.at\/onlineshop\/#personlogo\"},\"sameAs\":[\"https:\/\/annette-ahrens.at\",\"https:\/\/www.facebook.com\/AnnetteAhrensTafelkultur\",\"https:\/\/www.instagram.com\/tafelkulturistin\/\",\"https:\/\/de.wikipedia.org\/wiki\/Annette_Ahrens\"]},{\"@type\":\"WebSite\",\"@id\":\"https:\/\/annette-ahrens.at\/onlineshop\/#website\",\"url\":\"https:\/\/annette-ahrens.at\/onlineshop\/\",\"name\":\"Tafelkultur Onlineshop\",\"description\":\"Annette Ahrens\",\"publisher\":{\"@id\":\"https:\/\/annette-ahrens.at\/onlineshop\/#\/schema\/person\/3e19676faae246bba0cb3b7e15f427d8\"},\"potentialAction\":[{\"@type\":\"SearchAction\",\"target\":\"https:\/\/annette-ahrens.at\/onlineshop\/?s={search_term_string}\",\"query-input\":\"required name=search_term_string\"}],\"inLanguage\":\"de\"},{\"@type\":\"ImageObject\",\"@id\":\"https:\/\/annette-ahrens.at\/onlineshop\/produkt\/otto-desbalmes-aus-dem-leben-eines-k-u-k-hofkochs\/#primaryimage\",\"inLanguage\":\"de\",\"url\":\"https:\/\/annette-ahrens.at\/onlineshop\/wp-content\/uploads\/2023\/02\/image.jpeg\",\"width\":2159,\"height\":2560,\"caption\":\"desbalmes_cover\"},{\"@type\":[\"WebPage\",\"ItemPage\"],\"@id\":\"https:\/\/annette-ahrens.at\/onlineshop\/produkt\/otto-desbalmes-aus-dem-leben-eines-k-u-k-hofkochs\/#webpage\",\"url\":\"https:\/\/annette-ahrens.at\/onlineshop\/produkt\/otto-desbalmes-aus-dem-leben-eines-k-u-k-hofkochs\/\",\"name\":\"Otto Desbalmes: Aus dem Leben eines k.u.k. Hofkochs\",\"isPartOf\":{\"@id\":\"https:\/\/annette-ahrens.at\/onlineshop\/#website\"},\"primaryImageOfPage\":{\"@id\":\"https:\/\/annette-ahrens.at\/onlineshop\/produkt\/otto-desbalmes-aus-dem-leben-eines-k-u-k-hofkochs\/#primaryimage\"},\"datePublished\":\"2023-02-01T13:34:22+00:00\",\"dateModified\":\"2023-02-21T17:20:57+00:00\",\"description\":\"Otto Desbalmes: Aus dem Leben eines k.u.k. Hofkochs \\u2665 Antiquit\\u00e4ten Online kaufen \\u2713 Sichere Lieferung \\u2713\",\"breadcrumb\":{\"@id\":\"https:\/\/annette-ahrens.at\/onlineshop\/produkt\/otto-desbalmes-aus-dem-leben-eines-k-u-k-hofkochs\/#breadcrumb\"},\"inLanguage\":\"de\",\"potentialAction\":[{\"@type\":\"ReadAction\",\"target\":[\"https:\/\/annette-ahrens.at\/onlineshop\/produkt\/otto-desbalmes-aus-dem-leben-eines-k-u-k-hofkochs\/\"]}]},{\"@type\":\"BreadcrumbList\",\"@id\":\"https:\/\/annette-ahrens.at\/onlineshop\/produkt\/otto-desbalmes-aus-dem-leben-eines-k-u-k-hofkochs\/#breadcrumb\",\"itemListElement\":[{\"@type\":\"ListItem\",\"position\":1,\"item\":{\"@type\":\"WebPage\",\"@id\":\"https:\/\/annette-ahrens.at\/onlineshop\/\",\"url\":\"https:\/\/annette-ahrens.at\/onlineshop\/\",\"name\":\"Home\"}},{\"@type\":\"ListItem\",\"position\":2,\"item\":{\"@type\":\"WebPage\",\"@id\":\"https:\/\/annette-ahrens.at\/onlineshop\/alle-tafelkultur-objekte\/\",\"url\":\"https:\/\/annette-ahrens.at\/onlineshop\/alle-tafelkultur-objekte\/\",\"name\":\"Alle Tafelkultur Objekte\"}},{\"@type\":\"ListItem\",\"position\":3,\"item\":{\"@type\":\"WebPage\",\"@id\":\"https:\/\/annette-ahrens.at\/onlineshop\/produkt\/otto-desbalmes-aus-dem-leben-eines-k-u-k-hofkochs\/\",\"url\":\"https:\/\/annette-ahrens.at\/onlineshop\/produkt\/otto-desbalmes-aus-dem-leben-eines-k-u-k-hofkochs\/\",\"name\":\"Otto Desbalmes: Aus dem Leben eines k.u.k. Hofkochs\"}}]}]}<\/script>\n<!-- \/ Yoast SEO Premium plugin. -->","_links":{"self":[{"href":"https:\/\/annette-ahrens.at\/onlineshop\/wp-json\/wp\/v2\/product\/20318","targetHints":{"allow":["GET"]}}],"collection":[{"href":"https:\/\/annette-ahrens.at\/onlineshop\/wp-json\/wp\/v2\/product"}],"about":[{"href":"https:\/\/annette-ahrens.at\/onlineshop\/wp-json\/wp\/v2\/types\/product"}],"replies":[{"embeddable":true,"href":"https:\/\/annette-ahrens.at\/onlineshop\/wp-json\/wp\/v2\/comments?post=20318"}],"wp:featuredmedia":[{"embeddable":true,"href":"https:\/\/annette-ahrens.at\/onlineshop\/wp-json\/wp\/v2\/media\/20319"}],"wp:attachment":[{"href":"https:\/\/annette-ahrens.at\/onlineshop\/wp-json\/wp\/v2\/media?parent=20318"}],"wp:term":[{"taxonomy":"product_brand","embeddable":true,"href":"https:\/\/annette-ahrens.at\/onlineshop\/wp-json\/wp\/v2\/product_brand?post=20318"},{"taxonomy":"product_cat","embeddable":true,"href":"https:\/\/annette-ahrens.at\/onlineshop\/wp-json\/wp\/v2\/product_cat?post=20318"},{"taxonomy":"product_tag","embeddable":true,"href":"https:\/\/annette-ahrens.at\/onlineshop\/wp-json\/wp\/v2\/product_tag?post=20318"}],"curies":[{"name":"wp","href":"https:\/\/api.w.org\/{rel}","templated":true}]}}

<p>Ingrid Haslinger</p>
<p>Otto Desbalmes: Aus dem Leben eines k.u.k. Hofkochs</p>
<p>Vom Lehrling in der Hofküche zum Hofchefkoch und Hofkücheninspektor</p>
<p>320 Seiten, Abbildungen (Schwarz- Weiß, Färbig), gebunden, 26,00 cm x 22,00 cm</p>
<p><a href="https://www.kral-verlag.at">Kral Verlag</a></p>
<p>1 Auflage 2022: 1 500 Exemplare</p>
<p><span class="a-list-item"><span class="a-text-bold">ISBN-10: ‎</span>3991030462</span></p>
<p><span class="a-list-item"><span class="a-text-bold">ISBN-13: ‎</span>978-3991030461</span></p>
<p>&nbsp;</p>

<p><span class="readonlyText multiple">Annettes Etikette: Otto Desbalmes trat 1874 als Fünfzehnjähriger den Dienst als unbezahlter Lehrling in der Küche am Wiener Kaiserhof an. Bis zum Zusammenbruch der österreichisch-ungarischen Monarchie im Jahr 1918 stieg er über alle hierarchischen Stufen bis zum Chefkoch auf und leitete als einer der beiden letzten Hofkücheninspektoren unter Kaiser Karl sämtliche Küchen am Kaiserhof der Habsburger.</span></p>
<p>In den 44 Jahren seiner Karriere versah Otto Desbalmes seinen Dienst in allen Residenzen, in denen sich der Kaiser aufhielt. Auch auf Reisen, bei Hofjagden und bei militärischen Manövern übte er seine Tätigkeit als Koch aus. Im Jahr 1901 war Desbalmes dem Erzherzog Thronfolger Franz Ferdinand als Koch zugeteilt.</p>
<p>Aus dem Nachlass von Otto Desbalmes sind zwei von ihm handschriftlich verfasste Kochbücher erhalten. Die darin enthaltenen Rezepte sind im vorliegenden Buch im Originalwortlaut wiedergegeben und setzen beim Leser mehr als nur Grundkenntnisse der Kochkunst voraus. Geeignet sind diese Rezeptsammlungen daher besonders für Küchenchefs der gehobenen Gastronomie und für private Liebhaber einer qualitativ herausragenden Küche.</p>
<p>Der Nachlass von Otto Desbalmes umfasst weiters ein Menubuch, Fotos und amtliche Schriftstücke, die das Leben und die Arbeit des Hofkochs dokumentieren und auch Einblick in die Organisation der Hofküchen am Wiener Kaiserhof geben.</p>
<p>Ergänzt wird die Darstellung durch Kurzbiographien von Hofköchen und Hofzuckerbäckern, mit denen Desbalmes zusammenarbeitete. Auch von einigen dieser Personen sind Rezepte erhalten. Weiters wird im vorliegenden Buch anhand zeitgenössischer Zeitungsartikel das Arbeitsumfeld der Hofköche und Hofzuckerbäcker beschrieben.</p>
<p>Zur Autorin: Die Autorin Dr. Ingrid Haslinger ist Historikerin. Sie studierte Geschichte und Anglistik an der Universität Wien. Ihre Mitte der 1980er Jahre begonnene Archivforschungstätigkeit mit Schwerpunkt auf den Themen Hofwirtschaft und Hofküche führte zu zahlreichen Publikationen. So verfasste sie den Sammlungskatalog Band II der ehemaligen Hofsilber- und Tafelkammer, das Buch „Küche und Tafelkultur am kaiserlichen Hofe zu Wien“ sowie Bücher über die Essgewohnheiten von Kaiser Franz Joseph („Tafeln wie ein Kaiser“) und von Kaiserin Elisabeth („Tafeln mit Sisi“). Wesentlich für die Arbeit von Ingrid Haslinger ist ihre intensive Forschungstätigkeit, Basis für ihre Publikationen sind historische Quellen. Die Buchautorin ist seit ihrer Jugend passionierte Köchin und sammelt seit vielen Jahren alte Kochbücher und Tafelgeräte. Auch diesen Interessen hat sich die Autorin in ihren Büchern gewidmet und unter anderem eine Kulturgeschichte der Wiener Küche geschrieben.</p>
<p>Fotocredit © Kral Verlag</p>

<!-- This site is optimized with the Yoast SEO Premium plugin v15.8.2 - https://yoast.com/wordpress/plugins/seo/ -->
<title>Otto Desbalmes: Aus dem Leben eines k.u.k. Hofkochs</title>
<meta name="description" content="Otto Desbalmes: Aus dem Leben eines k.u.k. Hofkochs ♥ Antiquitäten Online kaufen ✓ Sichere Lieferung ✓" />
<meta name="robots" content="index, follow, max-snippet:-1, max-image-preview:large, max-video-preview:-1" />
<link rel="canonical" href="https://annette-ahrens.at/onlineshop/produkt/otto-desbalmes-aus-dem-leben-eines-k-u-k-hofkochs/" />
<meta property="og:locale" content="de_DE" />
<meta property="og:type" content="article" />
<meta property="og:title" content="Otto Desbalmes: Aus dem Leben eines k.u.k. Hofkochs" />
<meta property="og:description" content="Otto Desbalmes: Aus dem Leben eines k.u.k. Hofkochs ♥ Antiquitäten Online kaufen ✓ Sichere Lieferung ✓" />
<meta property="og:url" content="https://annette-ahrens.at/onlineshop/produkt/otto-desbalmes-aus-dem-leben-eines-k-u-k-hofkochs/" />
<meta property="og:site_name" content="Tafelkultur Onlineshop" />
<meta property="article:publisher" content="https://www.facebook.com/AnnetteAhrensTafelkultur" />
<meta property="article:modified_time" content="2023-02-21T17:20:57+00:00" />
<meta property="og:image" content="https://annette-ahrens.at/onlineshop/wp-content/uploads/2023/02/image-864x1024.jpeg" />
	<meta property="og:image:width" content="864" />
	<meta property="og:image:height" content="1024" />
<meta name="twitter:card" content="summary_large_image" />
<meta name="twitter:label1" content="Geschätzte Lesezeit">
	<meta name="twitter:data1" content="1 Minute">
<script type="application/ld+json" class="yoast-schema-graph">{"@context":"https://schema.org","@graph":[{"@type":["Person","Organization"],"@id":"https://annette-ahrens.at/onlineshop/#/schema/person/3e19676faae246bba0cb3b7e15f427d8","name":"Annette Ahrens","image":{"@type":"ImageObject","@id":"https://annette-ahrens.at/onlineshop/#personlogo","inLanguage":"de","url":"https://annette-ahrens.at/onlineshop/wp-content/uploads/2020/04/aa_logo_End.png","width":800,"height":164,"caption":"Annette Ahrens"},"logo":{"@id":"https://annette-ahrens.at/onlineshop/#personlogo"},"sameAs":["https://annette-ahrens.at","https://www.facebook.com/AnnetteAhrensTafelkultur","https://www.instagram.com/tafelkulturistin/","https://de.wikipedia.org/wiki/Annette_Ahrens"]},{"@type":"WebSite","@id":"https://annette-ahrens.at/onlineshop/#website","url":"https://annette-ahrens.at/onlineshop/","name":"Tafelkultur Onlineshop","description":"Annette Ahrens","publisher":{"@id":"https://annette-ahrens.at/onlineshop/#/schema/person/3e19676faae246bba0cb3b7e15f427d8"},"potentialAction":[{"@type":"SearchAction","target":"https://annette-ahrens.at/onlineshop/?s={search_term_string}","query-input":"required name=search_term_string"}],"inLanguage":"de"},{"@type":"ImageObject","@id":"https://annette-ahrens.at/onlineshop/produkt/otto-desbalmes-aus-dem-leben-eines-k-u-k-hofkochs/#primaryimage","inLanguage":"de","url":"https://annette-ahrens.at/onlineshop/wp-content/uploads/2023/02/image.jpeg","width":2159,"height":2560,"caption":"desbalmes_cover"},{"@type":["WebPage","ItemPage"],"@id":"https://annette-ahrens.at/onlineshop/produkt/otto-desbalmes-aus-dem-leben-eines-k-u-k-hofkochs/#webpage","url":"https://annette-ahrens.at/onlineshop/produkt/otto-desbalmes-aus-dem-leben-eines-k-u-k-hofkochs/","name":"Otto Desbalmes: Aus dem Leben eines k.u.k. Hofkochs","isPartOf":{"@id":"https://annette-ahrens.at/onlineshop/#website"},"primaryImageOfPage":{"@id":"https://annette-ahrens.at/onlineshop/produkt/otto-desbalmes-aus-dem-leben-eines-k-u-k-hofkochs/#primaryimage"},"datePublished":"2023-02-01T13:34:22+00:00","dateModified":"2023-02-21T17:20:57+00:00","description":"Otto Desbalmes: Aus dem Leben eines k.u.k. Hofkochs \u2665 Antiquit\u00e4ten Online kaufen \u2713 Sichere Lieferung \u2713","breadcrumb":{"@id":"https://annette-ahrens.at/onlineshop/produkt/otto-desbalmes-aus-dem-leben-eines-k-u-k-hofkochs/#breadcrumb"},"inLanguage":"de","potentialAction":[{"@type":"ReadAction","target":["https://annette-ahrens.at/onlineshop/produkt/otto-desbalmes-aus-dem-leben-eines-k-u-k-hofkochs/"]}]},{"@type":"BreadcrumbList","@id":"https://annette-ahrens.at/onlineshop/produkt/otto-desbalmes-aus-dem-leben-eines-k-u-k-hofkochs/#breadcrumb","itemListElement":[{"@type":"ListItem","position":1,"item":{"@type":"WebPage","@id":"https://annette-ahrens.at/onlineshop/","url":"https://annette-ahrens.at/onlineshop/","name":"Home"}},{"@type":"ListItem","position":2,"item":{"@type":"WebPage","@id":"https://annette-ahrens.at/onlineshop/alle-tafelkultur-objekte/","url":"https://annette-ahrens.at/onlineshop/alle-tafelkultur-objekte/","name":"Alle Tafelkultur Objekte"}},{"@type":"ListItem","position":3,"item":{"@type":"WebPage","@id":"https://annette-ahrens.at/onlineshop/produkt/otto-desbalmes-aus-dem-leben-eines-k-u-k-hofkochs/","url":"https://annette-ahrens.at/onlineshop/produkt/otto-desbalmes-aus-dem-leben-eines-k-u-k-hofkochs/","name":"Otto Desbalmes: Aus dem Leben eines k.u.k. Hofkochs"}}]}]}</script>
<!-- / Yoast SEO Premium plugin. -->
