{"id":25754,"date":"2024-10-15T09:20:27","date_gmt":"2024-10-15T07:20:27","guid":{"rendered":"https:\/\/annette-ahrens.at\/onlineshop\/?post_type=product&#038;p=25754"},"modified":"2025-07-23T21:11:26","modified_gmt":"2025-07-23T19:11:26","slug":"139-teiliges-versilbertes-besteck-rubans-fuer-12-personen-fa-christofle-paris-20-jahrhundert","status":"publish","type":"product","link":"https:\/\/annette-ahrens.at\/onlineshop\/produkt\/139-teiliges-versilbertes-besteck-rubans-fuer-12-personen-fa-christofle-paris-20-jahrhundert\/","title":{"rendered":"165 teiliges, versilbertes Besteck &#8222;Rubans&#8220; f\u00fcr 12 Personen, Fa. Christofle, Paris, 20. Jahrhundert"},"content":{"rendered":"<p>165 teiliges, versilbertes Besteck &#8222;Rubans&#8220; f\u00fcr 12 Personen<\/p>\n<p>Fa. Christofle, Paris, Frankreich, 20. Jahrhundert<\/p>\n<p>Alpacca, stark versilbert, Facon &#8222;Rubans&#8220; (Kreuzband), Umfangreiches Besteck, 165 Teile, alle Teile gemarkt mit der Firmenmarke von Christofle, Paris, alle Messer mit rostfreien Klingen, handpolierter Erhaltungszustand<\/p>\n<p>bestehend aus:<\/p>\n<p>12 Suppenl\u00f6ffel L 20,6 cm<\/p>\n<p>12 Menumesser L 24,6 cm<\/p>\n<p>12 Menugabeln L 20,4 cm<\/p>\n<p>12 Vorspeisgabeln L 17,2 cm<\/p>\n<p>12 Vorspeismesser L 19,8 cm<\/p>\n<p>12 Fischgabeln L 18 cm<\/p>\n<p>12 Fischmesser L 19,8 cm<\/p>\n<p>12 Teel\u00f6ffel L 14 cm<\/p>\n<p>12 Mokkal\u00f6ffel L 9 cm<\/p>\n<p>12 Bouillon- oder Dessertl\u00f6ffel L 18,2 cm<\/p>\n<p>12 Austerngabeln L 14,5 cm<\/p>\n<p>12 Eisl\u00f6ffel L12,5 cm<\/p>\n<p>11 Kuchengabeln L 15,4 cm<\/p>\n<p><strong>10 Vorleger (teilweise altes Modell &#8222;Rubans&#8220;):<\/strong><\/p>\n<p>1 Suppensch\u00f6pfer<\/p>\n<p style=\"font-weight: 400;\">4 Vorlegegabeln<\/p>\n<p style=\"font-weight: 400;\">1 Butterspachtel<\/p>\n<p style=\"font-weight: 400;\">1 K\u00e4semesser<\/p>\n<p style=\"font-weight: 400;\">1 Saucensch\u00f6pfer<\/p>\n<p style=\"font-weight: 400;\">1 Vorlegel\u00f6ffel<\/p>\n<p style=\"font-weight: 400;\">1 Zuckerzange<\/p>\n","protected":false},"excerpt":{"rendered":"<p>Annettes Etikette: Die Form &#8222;Rubans&#8220; geht auf einen Entwurf von 1926 zur\u00fcck und huldigt der Epoche von K\u00f6nig Louis XVI. Die international sehr gesuchte Firma Christofle geh\u00f6rt f\u00fcr mich zum &#8222;Mercedes&#8220; der Silberschmiede und ich bin stolz ein so umfangreiches Christofle Besteck in diesem Zustand anbieten zu k\u00f6nnen. Laut Auskunft von Christofle wird diese Kreuzband-Facon heute noch produziert.<\/p>\n","protected":false},"featured_media":29462,"comment_status":"open","ping_status":"closed","template":"","meta":[],"product_brand":[],"product_cat":[130,276,30,249,251,240,247,258,246,236,237,248,252,238],"product_tag":[],"class_list":{"0":"post-25754","1":"product","2":"type-product","3":"status-publish","4":"has-post-thumbnail","6":"product_cat-abendessen","7":"product_cat-alpacca","8":"product_cat-besteck","9":"product_cat-bouillonloeffel","10":"product_cat-eisloeffel","11":"product_cat-fischbesteck","12":"product_cat-fleischgabel-gabeln","13":"product_cat-hummergabeln","14":"product_cat-kuchengabeln","15":"product_cat-loeffel","16":"product_cat-messer","17":"product_cat-mokkakloeffel","18":"product_cat-suppenloeffel","19":"product_cat-vorleger","21":"first","22":"instock","23":"sold-individually","24":"purchasable","25":"product-type-simple"},"yoast_head":"<!-- This site is optimized with the Yoast SEO Premium plugin v15.8.2 - https:\/\/yoast.com\/wordpress\/plugins\/seo\/ -->\n<title>165 teiliges, versilbertes Besteck &quot;Rubans&quot; f\u00fcr 12 Personen, Fa. Christofle, Paris, 20. Jahrhundert<\/title>\n<meta name=\"description\" content=\"165 teiliges, versilbertes Besteck &quot;Rubans&quot; f\u00fcr 12 Personen, Fa. Christofle, Paris, 20. Jahrhundert \u2665 Antiquit\u00e4ten Online kaufen \u2713 Sichere Lieferung \u2713\" \/>\n<meta name=\"robots\" content=\"index, follow, max-snippet:-1, max-image-preview:large, max-video-preview:-1\" \/>\n<link rel=\"canonical\" href=\"https:\/\/annette-ahrens.at\/onlineshop\/produkt\/139-teiliges-versilbertes-besteck-rubans-fuer-12-personen-fa-christofle-paris-20-jahrhundert\/\" \/>\n<meta property=\"og:locale\" content=\"de_DE\" \/>\n<meta property=\"og:type\" content=\"article\" \/>\n<meta property=\"og:title\" content=\"165 teiliges, versilbertes Besteck &quot;Rubans&quot; f\u00fcr 12 Personen, Fa. Christofle, Paris, 20. Jahrhundert\" \/>\n<meta property=\"og:description\" content=\"165 teiliges, versilbertes Besteck &quot;Rubans&quot; f\u00fcr 12 Personen, Fa. Christofle, Paris, 20. Jahrhundert \u2665 Antiquit\u00e4ten Online kaufen \u2713 Sichere Lieferung \u2713\" \/>\n<meta property=\"og:url\" content=\"https:\/\/annette-ahrens.at\/onlineshop\/produkt\/139-teiliges-versilbertes-besteck-rubans-fuer-12-personen-fa-christofle-paris-20-jahrhundert\/\" \/>\n<meta property=\"og:site_name\" content=\"Tafelkultur Onlineshop\" \/>\n<meta property=\"article:publisher\" content=\"https:\/\/www.facebook.com\/AnnetteAhrensTafelkultur\" \/>\n<meta property=\"article:modified_time\" content=\"2025-07-23T19:11:26+00:00\" \/>\n<meta property=\"og:image\" content=\"https:\/\/annette-ahrens.at\/onlineshop\/wp-content\/uploads\/2024\/06\/B707F493-E5F3-4D73-967C-57689EBED2E4-scaled.jpeg\" \/>\n\t<meta property=\"og:image:width\" content=\"2560\" \/>\n\t<meta property=\"og:image:height\" content=\"1912\" \/>\n<meta name=\"twitter:card\" content=\"summary_large_image\" \/>\n<meta name=\"twitter:label1\" content=\"Gesch\u00e4tzte Lesezeit\">\n\t<meta name=\"twitter:data1\" content=\"1\u00a0Minute\">\n<script type=\"application\/ld+json\" class=\"yoast-schema-graph\">{\"@context\":\"https:\/\/schema.org\",\"@graph\":[{\"@type\":[\"Person\",\"Organization\"],\"@id\":\"https:\/\/annette-ahrens.at\/onlineshop\/#\/schema\/person\/3e19676faae246bba0cb3b7e15f427d8\",\"name\":\"Annette Ahrens\",\"image\":{\"@type\":\"ImageObject\",\"@id\":\"https:\/\/annette-ahrens.at\/onlineshop\/#personlogo\",\"inLanguage\":\"de\",\"url\":\"https:\/\/annette-ahrens.at\/onlineshop\/wp-content\/uploads\/2020\/04\/aa_logo_End.png\",\"width\":800,\"height\":164,\"caption\":\"Annette Ahrens\"},\"logo\":{\"@id\":\"https:\/\/annette-ahrens.at\/onlineshop\/#personlogo\"},\"sameAs\":[\"https:\/\/annette-ahrens.at\",\"https:\/\/www.facebook.com\/AnnetteAhrensTafelkultur\",\"https:\/\/www.instagram.com\/tafelkulturistin\/\",\"https:\/\/de.wikipedia.org\/wiki\/Annette_Ahrens\"]},{\"@type\":\"WebSite\",\"@id\":\"https:\/\/annette-ahrens.at\/onlineshop\/#website\",\"url\":\"https:\/\/annette-ahrens.at\/onlineshop\/\",\"name\":\"Tafelkultur Onlineshop\",\"description\":\"Annette Ahrens\",\"publisher\":{\"@id\":\"https:\/\/annette-ahrens.at\/onlineshop\/#\/schema\/person\/3e19676faae246bba0cb3b7e15f427d8\"},\"potentialAction\":[{\"@type\":\"SearchAction\",\"target\":\"https:\/\/annette-ahrens.at\/onlineshop\/?s={search_term_string}\",\"query-input\":\"required name=search_term_string\"}],\"inLanguage\":\"de\"},{\"@type\":\"ImageObject\",\"@id\":\"https:\/\/annette-ahrens.at\/onlineshop\/produkt\/139-teiliges-versilbertes-besteck-rubans-fuer-12-personen-fa-christofle-paris-20-jahrhundert\/#primaryimage\",\"inLanguage\":\"de\",\"url\":\"https:\/\/annette-ahrens.at\/onlineshop\/wp-content\/uploads\/2024\/06\/B707F493-E5F3-4D73-967C-57689EBED2E4-scaled.jpeg\",\"width\":2560,\"height\":1912,\"caption\":\"besteck_christofle_rubans\"},{\"@type\":[\"WebPage\",\"ItemPage\"],\"@id\":\"https:\/\/annette-ahrens.at\/onlineshop\/produkt\/139-teiliges-versilbertes-besteck-rubans-fuer-12-personen-fa-christofle-paris-20-jahrhundert\/#webpage\",\"url\":\"https:\/\/annette-ahrens.at\/onlineshop\/produkt\/139-teiliges-versilbertes-besteck-rubans-fuer-12-personen-fa-christofle-paris-20-jahrhundert\/\",\"name\":\"165 teiliges, versilbertes Besteck \\\"Rubans\\\" f\\u00fcr 12 Personen, Fa. Christofle, Paris, 20. Jahrhundert\",\"isPartOf\":{\"@id\":\"https:\/\/annette-ahrens.at\/onlineshop\/#website\"},\"primaryImageOfPage\":{\"@id\":\"https:\/\/annette-ahrens.at\/onlineshop\/produkt\/139-teiliges-versilbertes-besteck-rubans-fuer-12-personen-fa-christofle-paris-20-jahrhundert\/#primaryimage\"},\"datePublished\":\"2024-10-15T07:20:27+00:00\",\"dateModified\":\"2025-07-23T19:11:26+00:00\",\"description\":\"165 teiliges, versilbertes Besteck \\\"Rubans\\\" f\\u00fcr 12 Personen, Fa. Christofle, Paris, 20. Jahrhundert \\u2665 Antiquit\\u00e4ten Online kaufen \\u2713 Sichere Lieferung \\u2713\",\"breadcrumb\":{\"@id\":\"https:\/\/annette-ahrens.at\/onlineshop\/produkt\/139-teiliges-versilbertes-besteck-rubans-fuer-12-personen-fa-christofle-paris-20-jahrhundert\/#breadcrumb\"},\"inLanguage\":\"de\",\"potentialAction\":[{\"@type\":\"ReadAction\",\"target\":[\"https:\/\/annette-ahrens.at\/onlineshop\/produkt\/139-teiliges-versilbertes-besteck-rubans-fuer-12-personen-fa-christofle-paris-20-jahrhundert\/\"]}]},{\"@type\":\"BreadcrumbList\",\"@id\":\"https:\/\/annette-ahrens.at\/onlineshop\/produkt\/139-teiliges-versilbertes-besteck-rubans-fuer-12-personen-fa-christofle-paris-20-jahrhundert\/#breadcrumb\",\"itemListElement\":[{\"@type\":\"ListItem\",\"position\":1,\"item\":{\"@type\":\"WebPage\",\"@id\":\"https:\/\/annette-ahrens.at\/onlineshop\/\",\"url\":\"https:\/\/annette-ahrens.at\/onlineshop\/\",\"name\":\"Home\"}},{\"@type\":\"ListItem\",\"position\":2,\"item\":{\"@type\":\"WebPage\",\"@id\":\"https:\/\/annette-ahrens.at\/onlineshop\/alle-tafelkultur-objekte\/\",\"url\":\"https:\/\/annette-ahrens.at\/onlineshop\/alle-tafelkultur-objekte\/\",\"name\":\"Alle Tafelkultur Objekte\"}},{\"@type\":\"ListItem\",\"position\":3,\"item\":{\"@type\":\"WebPage\",\"@id\":\"https:\/\/annette-ahrens.at\/onlineshop\/produkt\/139-teiliges-versilbertes-besteck-rubans-fuer-12-personen-fa-christofle-paris-20-jahrhundert\/\",\"url\":\"https:\/\/annette-ahrens.at\/onlineshop\/produkt\/139-teiliges-versilbertes-besteck-rubans-fuer-12-personen-fa-christofle-paris-20-jahrhundert\/\",\"name\":\"165 teiliges, versilbertes Besteck &#8220;Rubans&#8221; f\\u00fcr 12 Personen, Fa. Christofle, Paris, 20. Jahrhundert\"}}]}]}<\/script>\n<!-- \/ Yoast SEO Premium plugin. -->","_links":{"self":[{"href":"https:\/\/annette-ahrens.at\/onlineshop\/wp-json\/wp\/v2\/product\/25754","targetHints":{"allow":["GET"]}}],"collection":[{"href":"https:\/\/annette-ahrens.at\/onlineshop\/wp-json\/wp\/v2\/product"}],"about":[{"href":"https:\/\/annette-ahrens.at\/onlineshop\/wp-json\/wp\/v2\/types\/product"}],"replies":[{"embeddable":true,"href":"https:\/\/annette-ahrens.at\/onlineshop\/wp-json\/wp\/v2\/comments?post=25754"}],"wp:featuredmedia":[{"embeddable":true,"href":"https:\/\/annette-ahrens.at\/onlineshop\/wp-json\/wp\/v2\/media\/29462"}],"wp:attachment":[{"href":"https:\/\/annette-ahrens.at\/onlineshop\/wp-json\/wp\/v2\/media?parent=25754"}],"wp:term":[{"taxonomy":"product_brand","embeddable":true,"href":"https:\/\/annette-ahrens.at\/onlineshop\/wp-json\/wp\/v2\/product_brand?post=25754"},{"taxonomy":"product_cat","embeddable":true,"href":"https:\/\/annette-ahrens.at\/onlineshop\/wp-json\/wp\/v2\/product_cat?post=25754"},{"taxonomy":"product_tag","embeddable":true,"href":"https:\/\/annette-ahrens.at\/onlineshop\/wp-json\/wp\/v2\/product_tag?post=25754"}],"curies":[{"name":"wp","href":"https:\/\/api.w.org\/{rel}","templated":true}]}}