{"id":26534,"date":"2023-12-26T13:22:26","date_gmt":"2023-12-26T12:22:26","guid":{"rendered":"https:\/\/annette-ahrens.at\/onlineshop\/?post_type=product&#038;p=26534"},"modified":"2023-12-26T18:23:28","modified_gmt":"2023-12-26T17:23:28","slug":"versilbertes-fischbesteck-fuer-12-personen-mit-perlmutt-sheffield-england-um-1900","status":"publish","type":"product","link":"https:\/\/annette-ahrens.at\/onlineshop\/produkt\/versilbertes-fischbesteck-fuer-12-personen-mit-perlmutt-sheffield-england-um-1900\/","title":{"rendered":"Versilbertes Fischbesteck f\u00fcr 12 Personen mit Perlmutt, Sheffield, England, um 1910"},"content":{"rendered":"<p>Versilbertes Fischbesteck f\u00fcr 12 Personen mit Perlmuttheft<\/p>\n<p>Sheffield, England, um 1910<\/p>\n<p>12 Fischmesser und 12 Fischgabeln mit Aufs\u00e4tzen aus Alpacca, versilbert, gemarkt mit englischer Herstellermarke James &amp; Lewis &amp; Sons, Sheffield, silberne Halteringe, gemarkt mit Krone f\u00fcr Sheffield, englischem Beschauzeichen schreitender L\u00f6we, Jahresbuchstabe t f\u00fcr 1911, alle Hefte aus poliertem Perlmutt, in originaler Holzkiste mit Schloss und Schl\u00fcssel, tadelloser Erhaltungszustand<\/p>\n<p>L\u00e4nge\u00a020,5 cm (Fischmesser)<\/p>\n<p>L\u00e4nge 17,7 cm (Fischgabel)<\/p>\n","protected":false},"excerpt":{"rendered":"<p>Annettes Etikette:\u00a0Dieses dekorative Fischbesteck f\u00fcr 12 Personen besticht durch seine handpolierten Griffe aus Perlmutt. Das niveauvolle Filettieren von Fisch ist mit diesem wunderbaren Besteck watschen einfach.<\/p>\n","protected":false},"featured_media":26535,"comment_status":"open","ping_status":"closed","template":"","meta":[],"product_brand":[],"product_cat":[30,32,203,309,240,47,296,53],"product_tag":[],"class_list":{"0":"post-26534","1":"product","2":"type-product","3":"status-publish","4":"has-post-thumbnail","6":"product_cat-besteck","7":"product_cat-festefeiern","8":"product_cat-fisch-speisen","9":"product_cat-fisch-weihnachten","10":"product_cat-fischbesteck","11":"product_cat-meerestiere","12":"product_cat-silvester","13":"product_cat-weihnachten","15":"first","16":"instock","17":"sold-individually","18":"purchasable","19":"product-type-simple"},"yoast_head":"<!-- This site is optimized with the Yoast SEO Premium plugin v15.8.2 - https:\/\/yoast.com\/wordpress\/plugins\/seo\/ -->\n<title>Versilbertes Fischbesteck f\u00fcr 12 Personen mit Perlmutt, Sheffield, England, um 1910<\/title>\n<meta name=\"description\" content=\"Versilbertes Fischbesteck f\u00fcr 12 Personen mit Perlmutt, Sheffield, England, um 1910 \u2665 Antiquit\u00e4ten Online kaufen \u2713 Sichere Lieferung \u2713\" \/>\n<meta name=\"robots\" content=\"index, follow, max-snippet:-1, max-image-preview:large, max-video-preview:-1\" \/>\n<link rel=\"canonical\" href=\"https:\/\/annette-ahrens.at\/onlineshop\/produkt\/versilbertes-fischbesteck-fuer-12-personen-mit-perlmutt-sheffield-england-um-1900\/\" \/>\n<meta property=\"og:locale\" content=\"de_DE\" \/>\n<meta property=\"og:type\" content=\"article\" \/>\n<meta property=\"og:title\" content=\"Versilbertes Fischbesteck f\u00fcr 12 Personen mit Perlmutt, Sheffield, England, um 1910\" \/>\n<meta property=\"og:description\" content=\"Versilbertes Fischbesteck f\u00fcr 12 Personen mit Perlmutt, Sheffield, England, um 1910 \u2665 Antiquit\u00e4ten Online kaufen \u2713 Sichere Lieferung \u2713\" \/>\n<meta property=\"og:url\" content=\"https:\/\/annette-ahrens.at\/onlineshop\/produkt\/versilbertes-fischbesteck-fuer-12-personen-mit-perlmutt-sheffield-england-um-1900\/\" \/>\n<meta property=\"og:site_name\" content=\"Tafelkultur Onlineshop\" \/>\n<meta property=\"article:publisher\" content=\"https:\/\/www.facebook.com\/AnnetteAhrensTafelkultur\" \/>\n<meta property=\"article:modified_time\" content=\"2023-12-26T17:23:28+00:00\" \/>\n<meta property=\"og:image\" content=\"https:\/\/annette-ahrens.at\/onlineshop\/wp-content\/uploads\/2023\/12\/IMG_7432.jpeg\" \/>\n\t<meta property=\"og:image:width\" content=\"1912\" \/>\n\t<meta property=\"og:image:height\" content=\"2216\" \/>\n<meta name=\"twitter:card\" content=\"summary_large_image\" \/>\n<meta name=\"twitter:label1\" content=\"Gesch\u00e4tzte Lesezeit\">\n\t<meta name=\"twitter:data1\" content=\"1\u00a0Minute\">\n<script type=\"application\/ld+json\" class=\"yoast-schema-graph\">{\"@context\":\"https:\/\/schema.org\",\"@graph\":[{\"@type\":[\"Person\",\"Organization\"],\"@id\":\"https:\/\/annette-ahrens.at\/onlineshop\/#\/schema\/person\/3e19676faae246bba0cb3b7e15f427d8\",\"name\":\"Annette Ahrens\",\"image\":{\"@type\":\"ImageObject\",\"@id\":\"https:\/\/annette-ahrens.at\/onlineshop\/#personlogo\",\"inLanguage\":\"de\",\"url\":\"https:\/\/annette-ahrens.at\/onlineshop\/wp-content\/uploads\/2020\/04\/aa_logo_End.png\",\"width\":800,\"height\":164,\"caption\":\"Annette Ahrens\"},\"logo\":{\"@id\":\"https:\/\/annette-ahrens.at\/onlineshop\/#personlogo\"},\"sameAs\":[\"https:\/\/annette-ahrens.at\",\"https:\/\/www.facebook.com\/AnnetteAhrensTafelkultur\",\"https:\/\/www.instagram.com\/tafelkulturistin\/\",\"https:\/\/de.wikipedia.org\/wiki\/Annette_Ahrens\"]},{\"@type\":\"WebSite\",\"@id\":\"https:\/\/annette-ahrens.at\/onlineshop\/#website\",\"url\":\"https:\/\/annette-ahrens.at\/onlineshop\/\",\"name\":\"Tafelkultur Onlineshop\",\"description\":\"Annette Ahrens\",\"publisher\":{\"@id\":\"https:\/\/annette-ahrens.at\/onlineshop\/#\/schema\/person\/3e19676faae246bba0cb3b7e15f427d8\"},\"potentialAction\":[{\"@type\":\"SearchAction\",\"target\":\"https:\/\/annette-ahrens.at\/onlineshop\/?s={search_term_string}\",\"query-input\":\"required name=search_term_string\"}],\"inLanguage\":\"de\"},{\"@type\":\"ImageObject\",\"@id\":\"https:\/\/annette-ahrens.at\/onlineshop\/produkt\/versilbertes-fischbesteck-fuer-12-personen-mit-perlmutt-sheffield-england-um-1900\/#primaryimage\",\"inLanguage\":\"de\",\"url\":\"https:\/\/annette-ahrens.at\/onlineshop\/wp-content\/uploads\/2023\/12\/IMG_7432.jpeg\",\"width\":1912,\"height\":2216,\"caption\":\"fischbesteck_perlmutt_england\"},{\"@type\":[\"WebPage\",\"ItemPage\"],\"@id\":\"https:\/\/annette-ahrens.at\/onlineshop\/produkt\/versilbertes-fischbesteck-fuer-12-personen-mit-perlmutt-sheffield-england-um-1900\/#webpage\",\"url\":\"https:\/\/annette-ahrens.at\/onlineshop\/produkt\/versilbertes-fischbesteck-fuer-12-personen-mit-perlmutt-sheffield-england-um-1900\/\",\"name\":\"Versilbertes Fischbesteck f\\u00fcr 12 Personen mit Perlmutt, Sheffield, England, um 1910\",\"isPartOf\":{\"@id\":\"https:\/\/annette-ahrens.at\/onlineshop\/#website\"},\"primaryImageOfPage\":{\"@id\":\"https:\/\/annette-ahrens.at\/onlineshop\/produkt\/versilbertes-fischbesteck-fuer-12-personen-mit-perlmutt-sheffield-england-um-1900\/#primaryimage\"},\"datePublished\":\"2023-12-26T12:22:26+00:00\",\"dateModified\":\"2023-12-26T17:23:28+00:00\",\"description\":\"Versilbertes Fischbesteck f\\u00fcr 12 Personen mit Perlmutt, Sheffield, England, um 1910 \\u2665 Antiquit\\u00e4ten Online kaufen \\u2713 Sichere Lieferung \\u2713\",\"breadcrumb\":{\"@id\":\"https:\/\/annette-ahrens.at\/onlineshop\/produkt\/versilbertes-fischbesteck-fuer-12-personen-mit-perlmutt-sheffield-england-um-1900\/#breadcrumb\"},\"inLanguage\":\"de\",\"potentialAction\":[{\"@type\":\"ReadAction\",\"target\":[\"https:\/\/annette-ahrens.at\/onlineshop\/produkt\/versilbertes-fischbesteck-fuer-12-personen-mit-perlmutt-sheffield-england-um-1900\/\"]}]},{\"@type\":\"BreadcrumbList\",\"@id\":\"https:\/\/annette-ahrens.at\/onlineshop\/produkt\/versilbertes-fischbesteck-fuer-12-personen-mit-perlmutt-sheffield-england-um-1900\/#breadcrumb\",\"itemListElement\":[{\"@type\":\"ListItem\",\"position\":1,\"item\":{\"@type\":\"WebPage\",\"@id\":\"https:\/\/annette-ahrens.at\/onlineshop\/\",\"url\":\"https:\/\/annette-ahrens.at\/onlineshop\/\",\"name\":\"Home\"}},{\"@type\":\"ListItem\",\"position\":2,\"item\":{\"@type\":\"WebPage\",\"@id\":\"https:\/\/annette-ahrens.at\/onlineshop\/alle-tafelkultur-objekte\/\",\"url\":\"https:\/\/annette-ahrens.at\/onlineshop\/alle-tafelkultur-objekte\/\",\"name\":\"Alle Tafelkultur Objekte\"}},{\"@type\":\"ListItem\",\"position\":3,\"item\":{\"@type\":\"WebPage\",\"@id\":\"https:\/\/annette-ahrens.at\/onlineshop\/produkt\/versilbertes-fischbesteck-fuer-12-personen-mit-perlmutt-sheffield-england-um-1900\/\",\"url\":\"https:\/\/annette-ahrens.at\/onlineshop\/produkt\/versilbertes-fischbesteck-fuer-12-personen-mit-perlmutt-sheffield-england-um-1900\/\",\"name\":\"Versilbertes Fischbesteck f\\u00fcr 12 Personen mit Perlmutt, Sheffield, England, um 1910\"}}]}]}<\/script>\n<!-- \/ Yoast SEO Premium plugin. -->","_links":{"self":[{"href":"https:\/\/annette-ahrens.at\/onlineshop\/wp-json\/wp\/v2\/product\/26534","targetHints":{"allow":["GET"]}}],"collection":[{"href":"https:\/\/annette-ahrens.at\/onlineshop\/wp-json\/wp\/v2\/product"}],"about":[{"href":"https:\/\/annette-ahrens.at\/onlineshop\/wp-json\/wp\/v2\/types\/product"}],"replies":[{"embeddable":true,"href":"https:\/\/annette-ahrens.at\/onlineshop\/wp-json\/wp\/v2\/comments?post=26534"}],"wp:featuredmedia":[{"embeddable":true,"href":"https:\/\/annette-ahrens.at\/onlineshop\/wp-json\/wp\/v2\/media\/26535"}],"wp:attachment":[{"href":"https:\/\/annette-ahrens.at\/onlineshop\/wp-json\/wp\/v2\/media?parent=26534"}],"wp:term":[{"taxonomy":"product_brand","embeddable":true,"href":"https:\/\/annette-ahrens.at\/onlineshop\/wp-json\/wp\/v2\/product_brand?post=26534"},{"taxonomy":"product_cat","embeddable":true,"href":"https:\/\/annette-ahrens.at\/onlineshop\/wp-json\/wp\/v2\/product_cat?post=26534"},{"taxonomy":"product_tag","embeddable":true,"href":"https:\/\/annette-ahrens.at\/onlineshop\/wp-json\/wp\/v2\/product_tag?post=26534"}],"curies":[{"name":"wp","href":"https:\/\/api.w.org\/{rel}","templated":true}]}}