{"id":27715,"date":"2024-03-12T12:36:00","date_gmt":"2024-03-12T11:36:00","guid":{"rendered":"https:\/\/annette-ahrens.at\/onlineshop\/?post_type=product&#038;p=27715"},"modified":"2024-03-18T21:59:13","modified_gmt":"2024-03-18T20:59:13","slug":"oswald-haerdtl-kleine-kugeldose-fa-j-l-lobmeyr-wien-nach-1925-2","status":"publish","type":"product","link":"https:\/\/annette-ahrens.at\/onlineshop\/produkt\/oswald-haerdtl-kleine-kugeldose-fa-j-l-lobmeyr-wien-nach-1925-2\/","title":{"rendered":"Oswald Haerdtl, Kleine Kugeldose, Fa. J. &#038; L. Lobmeyr, Wien, nach 1925"},"content":{"rendered":"<p>Kleine Kugeldose III mit Goldl\u00fcster<\/p>\n<p>Fa. J. &amp; L. Lobmeyr, Wien, nach 1925<\/p>\n<p>Entwurf: Oswald Haerdtl (Wien 1899 &#8211; 1959 Wien), Wien, 1925<\/p>\n<p>Mundgeblasenes, farbloses Musselinglas, Goldl\u00fcster\u00fcberfang, runder Deckel mit Kugelknauf<\/p>\n<p>H 13,8 cm<\/p>\n<p>Dm 8 cm<\/p>\n<p>Literatur: Adolph Stiller, Oswald Haerdtl, Architekt und Designer, Wien 2000<\/p>\n","protected":false},"excerpt":{"rendered":"<p>Annettes Etikette: Diese hauchd\u00fcnne Bonbonni\u00e8re aus Musselinglas wurde erstmals 1925 auf der &#8222;Exposition des Arts D\u00e9coratifs&#8220; in Paris gezeigt. Sie wird in vier Gr\u00f6\u00dfen von 13,8 cm bis 39 cm bei der renommierten Firma L. &amp; J. Lobmeyr in Wien angeboten. Der Goldl\u00fcsterdekor ist eher selten. Ich bedanke mich f\u00fcr die sch\u00f6nen Fotos aus dem Besitz der Firma Lobmeyr.<\/p>\n","protected":false},"featured_media":27787,"comment_status":"open","ping_status":"closed","template":"","meta":[],"product_brand":[],"product_cat":[25,131,311,268,153,308],"product_tag":[],"class_list":{"0":"post-27715","1":"product","2":"type-product","3":"status-publish","4":"has-post-thumbnail","6":"product_cat-5o-clock-tea","7":"product_cat-tafeldekorationen","8":"product_cat-tafelinventar","9":"product_cat-tee-5o-clock-tea","10":"product_cat-teedose","11":"product_cat-weihnachtsgebaeck","13":"first","14":"instock","15":"sold-individually","16":"purchasable","17":"product-type-simple"},"yoast_head":"<!-- This site is optimized with the Yoast SEO Premium plugin v15.8.2 - https:\/\/yoast.com\/wordpress\/plugins\/seo\/ -->\n<title>Oswald Haerdtl, Kleine Kugeldose, Fa. J. &amp; L. Lobmeyr, Wien, nach 1925<\/title>\n<meta name=\"description\" content=\"Oswald Haerdtl, Kleine Kugeldose, Fa. J. &amp; L. Lobmeyr, Wien, nach 1925 \u2665 Antiquit\u00e4ten Online kaufen \u2713 Sichere Lieferung \u2713\" \/>\n<meta name=\"robots\" content=\"index, follow, max-snippet:-1, max-image-preview:large, max-video-preview:-1\" \/>\n<link rel=\"canonical\" href=\"https:\/\/annette-ahrens.at\/onlineshop\/produkt\/oswald-haerdtl-kleine-kugeldose-fa-j-l-lobmeyr-wien-nach-1925-2\/\" \/>\n<meta property=\"og:locale\" content=\"de_DE\" \/>\n<meta property=\"og:type\" content=\"article\" \/>\n<meta property=\"og:title\" content=\"Oswald Haerdtl, Kleine Kugeldose, Fa. J. &amp; L. Lobmeyr, Wien, nach 1925\" \/>\n<meta property=\"og:description\" content=\"Oswald Haerdtl, Kleine Kugeldose, Fa. J. &amp; L. Lobmeyr, Wien, nach 1925 \u2665 Antiquit\u00e4ten Online kaufen \u2713 Sichere Lieferung \u2713\" \/>\n<meta property=\"og:url\" content=\"https:\/\/annette-ahrens.at\/onlineshop\/produkt\/oswald-haerdtl-kleine-kugeldose-fa-j-l-lobmeyr-wien-nach-1925-2\/\" \/>\n<meta property=\"og:site_name\" content=\"Tafelkultur Onlineshop\" \/>\n<meta property=\"article:publisher\" content=\"https:\/\/www.facebook.com\/AnnetteAhrensTafelkultur\" \/>\n<meta property=\"article:modified_time\" content=\"2024-03-18T20:59:13+00:00\" \/>\n<meta property=\"og:image\" content=\"https:\/\/annette-ahrens.at\/onlineshop\/wp-content\/uploads\/2024\/03\/38D00A7B-A72E-416A-A23A-95457F9AD667-rotated.jpeg\" \/>\n\t<meta property=\"og:image:width\" content=\"1936\" \/>\n\t<meta property=\"og:image:height\" content=\"1936\" \/>\n<meta name=\"twitter:card\" content=\"summary_large_image\" \/>\n<meta name=\"twitter:label1\" content=\"Gesch\u00e4tzte Lesezeit\">\n\t<meta name=\"twitter:data1\" content=\"1\u00a0Minute\">\n<script type=\"application\/ld+json\" class=\"yoast-schema-graph\">{\"@context\":\"https:\/\/schema.org\",\"@graph\":[{\"@type\":[\"Person\",\"Organization\"],\"@id\":\"https:\/\/annette-ahrens.at\/onlineshop\/#\/schema\/person\/3e19676faae246bba0cb3b7e15f427d8\",\"name\":\"Annette Ahrens\",\"image\":{\"@type\":\"ImageObject\",\"@id\":\"https:\/\/annette-ahrens.at\/onlineshop\/#personlogo\",\"inLanguage\":\"de\",\"url\":\"https:\/\/annette-ahrens.at\/onlineshop\/wp-content\/uploads\/2020\/04\/aa_logo_End.png\",\"width\":800,\"height\":164,\"caption\":\"Annette Ahrens\"},\"logo\":{\"@id\":\"https:\/\/annette-ahrens.at\/onlineshop\/#personlogo\"},\"sameAs\":[\"https:\/\/annette-ahrens.at\",\"https:\/\/www.facebook.com\/AnnetteAhrensTafelkultur\",\"https:\/\/www.instagram.com\/tafelkulturistin\/\",\"https:\/\/de.wikipedia.org\/wiki\/Annette_Ahrens\"]},{\"@type\":\"WebSite\",\"@id\":\"https:\/\/annette-ahrens.at\/onlineshop\/#website\",\"url\":\"https:\/\/annette-ahrens.at\/onlineshop\/\",\"name\":\"Tafelkultur Onlineshop\",\"description\":\"Annette Ahrens\",\"publisher\":{\"@id\":\"https:\/\/annette-ahrens.at\/onlineshop\/#\/schema\/person\/3e19676faae246bba0cb3b7e15f427d8\"},\"potentialAction\":[{\"@type\":\"SearchAction\",\"target\":\"https:\/\/annette-ahrens.at\/onlineshop\/?s={search_term_string}\",\"query-input\":\"required name=search_term_string\"}],\"inLanguage\":\"de\"},{\"@type\":\"ImageObject\",\"@id\":\"https:\/\/annette-ahrens.at\/onlineshop\/produkt\/oswald-haerdtl-kleine-kugeldose-fa-j-l-lobmeyr-wien-nach-1925-2\/#primaryimage\",\"inLanguage\":\"de\",\"url\":\"https:\/\/annette-ahrens.at\/onlineshop\/wp-content\/uploads\/2024\/03\/38D00A7B-A72E-416A-A23A-95457F9AD667-rotated.jpeg\",\"width\":1936,\"height\":1936,\"caption\":\"glasdose_haerdtl_lobmeyr\"},{\"@type\":[\"WebPage\",\"ItemPage\"],\"@id\":\"https:\/\/annette-ahrens.at\/onlineshop\/produkt\/oswald-haerdtl-kleine-kugeldose-fa-j-l-lobmeyr-wien-nach-1925-2\/#webpage\",\"url\":\"https:\/\/annette-ahrens.at\/onlineshop\/produkt\/oswald-haerdtl-kleine-kugeldose-fa-j-l-lobmeyr-wien-nach-1925-2\/\",\"name\":\"Oswald Haerdtl, Kleine Kugeldose, Fa. J. & L. Lobmeyr, Wien, nach 1925\",\"isPartOf\":{\"@id\":\"https:\/\/annette-ahrens.at\/onlineshop\/#website\"},\"primaryImageOfPage\":{\"@id\":\"https:\/\/annette-ahrens.at\/onlineshop\/produkt\/oswald-haerdtl-kleine-kugeldose-fa-j-l-lobmeyr-wien-nach-1925-2\/#primaryimage\"},\"datePublished\":\"2024-03-12T11:36:00+00:00\",\"dateModified\":\"2024-03-18T20:59:13+00:00\",\"description\":\"Oswald Haerdtl, Kleine Kugeldose, Fa. J. & L. Lobmeyr, Wien, nach 1925 \\u2665 Antiquit\\u00e4ten Online kaufen \\u2713 Sichere Lieferung \\u2713\",\"breadcrumb\":{\"@id\":\"https:\/\/annette-ahrens.at\/onlineshop\/produkt\/oswald-haerdtl-kleine-kugeldose-fa-j-l-lobmeyr-wien-nach-1925-2\/#breadcrumb\"},\"inLanguage\":\"de\",\"potentialAction\":[{\"@type\":\"ReadAction\",\"target\":[\"https:\/\/annette-ahrens.at\/onlineshop\/produkt\/oswald-haerdtl-kleine-kugeldose-fa-j-l-lobmeyr-wien-nach-1925-2\/\"]}]},{\"@type\":\"BreadcrumbList\",\"@id\":\"https:\/\/annette-ahrens.at\/onlineshop\/produkt\/oswald-haerdtl-kleine-kugeldose-fa-j-l-lobmeyr-wien-nach-1925-2\/#breadcrumb\",\"itemListElement\":[{\"@type\":\"ListItem\",\"position\":1,\"item\":{\"@type\":\"WebPage\",\"@id\":\"https:\/\/annette-ahrens.at\/onlineshop\/\",\"url\":\"https:\/\/annette-ahrens.at\/onlineshop\/\",\"name\":\"Home\"}},{\"@type\":\"ListItem\",\"position\":2,\"item\":{\"@type\":\"WebPage\",\"@id\":\"https:\/\/annette-ahrens.at\/onlineshop\/alle-tafelkultur-objekte\/\",\"url\":\"https:\/\/annette-ahrens.at\/onlineshop\/alle-tafelkultur-objekte\/\",\"name\":\"Alle Tafelkultur Objekte\"}},{\"@type\":\"ListItem\",\"position\":3,\"item\":{\"@type\":\"WebPage\",\"@id\":\"https:\/\/annette-ahrens.at\/onlineshop\/produkt\/oswald-haerdtl-kleine-kugeldose-fa-j-l-lobmeyr-wien-nach-1925-2\/\",\"url\":\"https:\/\/annette-ahrens.at\/onlineshop\/produkt\/oswald-haerdtl-kleine-kugeldose-fa-j-l-lobmeyr-wien-nach-1925-2\/\",\"name\":\"Oswald Haerdtl, Kleine Kugeldose, Fa. J. &#038; L. Lobmeyr, Wien, nach 1925\"}}]}]}<\/script>\n<!-- \/ Yoast SEO Premium plugin. -->","_links":{"self":[{"href":"https:\/\/annette-ahrens.at\/onlineshop\/wp-json\/wp\/v2\/product\/27715","targetHints":{"allow":["GET"]}}],"collection":[{"href":"https:\/\/annette-ahrens.at\/onlineshop\/wp-json\/wp\/v2\/product"}],"about":[{"href":"https:\/\/annette-ahrens.at\/onlineshop\/wp-json\/wp\/v2\/types\/product"}],"replies":[{"embeddable":true,"href":"https:\/\/annette-ahrens.at\/onlineshop\/wp-json\/wp\/v2\/comments?post=27715"}],"wp:featuredmedia":[{"embeddable":true,"href":"https:\/\/annette-ahrens.at\/onlineshop\/wp-json\/wp\/v2\/media\/27787"}],"wp:attachment":[{"href":"https:\/\/annette-ahrens.at\/onlineshop\/wp-json\/wp\/v2\/media?parent=27715"}],"wp:term":[{"taxonomy":"product_brand","embeddable":true,"href":"https:\/\/annette-ahrens.at\/onlineshop\/wp-json\/wp\/v2\/product_brand?post=27715"},{"taxonomy":"product_cat","embeddable":true,"href":"https:\/\/annette-ahrens.at\/onlineshop\/wp-json\/wp\/v2\/product_cat?post=27715"},{"taxonomy":"product_tag","embeddable":true,"href":"https:\/\/annette-ahrens.at\/onlineshop\/wp-json\/wp\/v2\/product_tag?post=27715"}],"curies":[{"name":"wp","href":"https:\/\/api.w.org\/{rel}","templated":true}]}}