{"id":28834,"date":"2024-05-22T10:01:32","date_gmt":"2024-05-22T08:01:32","guid":{"rendered":"https:\/\/annette-ahrens.at\/onlineshop\/?post_type=product&#038;p=28834"},"modified":"2024-05-30T23:58:24","modified_gmt":"2024-05-30T21:58:24","slug":"jugendstil-deckeldose-fuer-warme-wuerstchen-waechtersbach-um-1900","status":"publish","type":"product","link":"https:\/\/annette-ahrens.at\/onlineshop\/produkt\/jugendstil-deckeldose-fuer-warme-wuerstchen-waechtersbach-um-1900\/","title":{"rendered":"Jugendstil Deckeldose f\u00fcr warme W\u00fcrstchen, W\u00e4chtersbach, um 1900"},"content":{"rendered":"<p>Jugendstil Deckeldose f\u00fcr warme W\u00fcrstchen<\/p>\n<p>W\u00e4chtersbach, Deutschland, um 1900<\/p>\n<p>Keramik, glasiert, rechteckiger Gef\u00e4\u00dfk\u00f6rper mit zugeh\u00f6rigem Deckel, Deckelknauf aus plastisch ausgeformtem W\u00fcrstchen, naturalistisch bemalt, an der Au\u00dfenwandung in Schwarz bezeichnet: &#8222;Warme W\u00fcrstchen&#8220;, am Boden gemarkt brauner Firmenstempel W\u00e4chtersbach, minimale, altersbedingte Gebrauchsspuren<\/p>\n<p>20 x 17 cm<\/p>\n<p>H 11 cm<\/p>\n","protected":false},"excerpt":{"rendered":"<p>Annettes Etikette: Das perfekte Beh\u00e4ltnis f\u00fcr die Opernballnacht vor dem Fernseher! Sch\u00f6n, dass Wiener W\u00fcrstchen in Wien &#8222;Frankfurter&#8220; heissen, warm sind sie in beiden F\u00e4llen besser zu geniessen. Der plastisch ausgeformte Knauf in Gestalt eines W\u00fcrstchens verr\u00e4t dem Gast den Inhalt dieser mehr als originellen Deckelterrine. Das nenne ich den typischen Charme antiker Tafelkultur.<\/p>\n","protected":false},"featured_media":28841,"comment_status":"open","ping_status":"closed","template":"","meta":[],"product_brand":[],"product_cat":[19,31,23],"product_tag":[],"class_list":{"0":"post-28834","1":"product","2":"type-product","3":"status-publish","4":"has-post-thumbnail","6":"product_cat-gabelfruehstueck","7":"product_cat-gastgeschenke","8":"product_cat-nicht-fisch-nicht-fleisch","10":"first","11":"instock","12":"sold-individually","13":"purchasable","14":"product-type-simple"},"yoast_head":"<!-- This site is optimized with the Yoast SEO Premium plugin v15.8.2 - https:\/\/yoast.com\/wordpress\/plugins\/seo\/ -->\n<title>Jugendstil Deckeldose f\u00fcr warme W\u00fcrstchen, W\u00e4chtersbach, um 1900<\/title>\n<meta name=\"description\" content=\"Jugendstil Deckeldose f\u00fcr warme W\u00fcrstchen, W\u00e4chtersbach, um 1900 \u2665 Antiquit\u00e4ten Online kaufen \u2713 Sichere Lieferung \u2713\" \/>\n<meta name=\"robots\" content=\"index, follow, max-snippet:-1, max-image-preview:large, max-video-preview:-1\" \/>\n<link rel=\"canonical\" href=\"https:\/\/annette-ahrens.at\/onlineshop\/produkt\/jugendstil-deckeldose-fuer-warme-wuerstchen-waechtersbach-um-1900\/\" \/>\n<meta property=\"og:locale\" content=\"de_DE\" \/>\n<meta property=\"og:type\" content=\"article\" \/>\n<meta property=\"og:title\" content=\"Jugendstil Deckeldose f\u00fcr warme W\u00fcrstchen, W\u00e4chtersbach, um 1900\" \/>\n<meta property=\"og:description\" content=\"Jugendstil Deckeldose f\u00fcr warme W\u00fcrstchen, W\u00e4chtersbach, um 1900 \u2665 Antiquit\u00e4ten Online kaufen \u2713 Sichere Lieferung \u2713\" \/>\n<meta property=\"og:url\" content=\"https:\/\/annette-ahrens.at\/onlineshop\/produkt\/jugendstil-deckeldose-fuer-warme-wuerstchen-waechtersbach-um-1900\/\" \/>\n<meta property=\"og:site_name\" content=\"Tafelkultur Onlineshop\" \/>\n<meta property=\"article:publisher\" content=\"https:\/\/www.facebook.com\/AnnetteAhrensTafelkultur\" \/>\n<meta property=\"article:modified_time\" content=\"2024-05-30T21:58:24+00:00\" \/>\n<meta property=\"og:image\" content=\"https:\/\/annette-ahrens.at\/onlineshop\/wp-content\/uploads\/2024\/05\/94F148EE-7E4F-4D9C-A1AE-DD6F429E3E3E-rotated.jpeg\" \/>\n\t<meta property=\"og:image:width\" content=\"1936\" \/>\n\t<meta property=\"og:image:height\" content=\"1936\" \/>\n<meta name=\"twitter:card\" content=\"summary_large_image\" \/>\n<meta name=\"twitter:label1\" content=\"Gesch\u00e4tzte Lesezeit\">\n\t<meta name=\"twitter:data1\" content=\"1\u00a0Minute\">\n<script type=\"application\/ld+json\" class=\"yoast-schema-graph\">{\"@context\":\"https:\/\/schema.org\",\"@graph\":[{\"@type\":[\"Person\",\"Organization\"],\"@id\":\"https:\/\/annette-ahrens.at\/onlineshop\/#\/schema\/person\/3e19676faae246bba0cb3b7e15f427d8\",\"name\":\"Annette Ahrens\",\"image\":{\"@type\":\"ImageObject\",\"@id\":\"https:\/\/annette-ahrens.at\/onlineshop\/#personlogo\",\"inLanguage\":\"de\",\"url\":\"https:\/\/annette-ahrens.at\/onlineshop\/wp-content\/uploads\/2020\/04\/aa_logo_End.png\",\"width\":800,\"height\":164,\"caption\":\"Annette Ahrens\"},\"logo\":{\"@id\":\"https:\/\/annette-ahrens.at\/onlineshop\/#personlogo\"},\"sameAs\":[\"https:\/\/annette-ahrens.at\",\"https:\/\/www.facebook.com\/AnnetteAhrensTafelkultur\",\"https:\/\/www.instagram.com\/tafelkulturistin\/\",\"https:\/\/de.wikipedia.org\/wiki\/Annette_Ahrens\"]},{\"@type\":\"WebSite\",\"@id\":\"https:\/\/annette-ahrens.at\/onlineshop\/#website\",\"url\":\"https:\/\/annette-ahrens.at\/onlineshop\/\",\"name\":\"Tafelkultur Onlineshop\",\"description\":\"Annette Ahrens\",\"publisher\":{\"@id\":\"https:\/\/annette-ahrens.at\/onlineshop\/#\/schema\/person\/3e19676faae246bba0cb3b7e15f427d8\"},\"potentialAction\":[{\"@type\":\"SearchAction\",\"target\":\"https:\/\/annette-ahrens.at\/onlineshop\/?s={search_term_string}\",\"query-input\":\"required name=search_term_string\"}],\"inLanguage\":\"de\"},{\"@type\":\"ImageObject\",\"@id\":\"https:\/\/annette-ahrens.at\/onlineshop\/produkt\/jugendstil-deckeldose-fuer-warme-wuerstchen-waechtersbach-um-1900\/#primaryimage\",\"inLanguage\":\"de\",\"url\":\"https:\/\/annette-ahrens.at\/onlineshop\/wp-content\/uploads\/2024\/05\/94F148EE-7E4F-4D9C-A1AE-DD6F429E3E3E-rotated.jpeg\",\"width\":1936,\"height\":1936,\"caption\":\"deckeldose_w\\u00fcrstchen\"},{\"@type\":[\"WebPage\",\"ItemPage\"],\"@id\":\"https:\/\/annette-ahrens.at\/onlineshop\/produkt\/jugendstil-deckeldose-fuer-warme-wuerstchen-waechtersbach-um-1900\/#webpage\",\"url\":\"https:\/\/annette-ahrens.at\/onlineshop\/produkt\/jugendstil-deckeldose-fuer-warme-wuerstchen-waechtersbach-um-1900\/\",\"name\":\"Jugendstil Deckeldose f\\u00fcr warme W\\u00fcrstchen, W\\u00e4chtersbach, um 1900\",\"isPartOf\":{\"@id\":\"https:\/\/annette-ahrens.at\/onlineshop\/#website\"},\"primaryImageOfPage\":{\"@id\":\"https:\/\/annette-ahrens.at\/onlineshop\/produkt\/jugendstil-deckeldose-fuer-warme-wuerstchen-waechtersbach-um-1900\/#primaryimage\"},\"datePublished\":\"2024-05-22T08:01:32+00:00\",\"dateModified\":\"2024-05-30T21:58:24+00:00\",\"description\":\"Jugendstil Deckeldose f\\u00fcr warme W\\u00fcrstchen, W\\u00e4chtersbach, um 1900 \\u2665 Antiquit\\u00e4ten Online kaufen \\u2713 Sichere Lieferung \\u2713\",\"breadcrumb\":{\"@id\":\"https:\/\/annette-ahrens.at\/onlineshop\/produkt\/jugendstil-deckeldose-fuer-warme-wuerstchen-waechtersbach-um-1900\/#breadcrumb\"},\"inLanguage\":\"de\",\"potentialAction\":[{\"@type\":\"ReadAction\",\"target\":[\"https:\/\/annette-ahrens.at\/onlineshop\/produkt\/jugendstil-deckeldose-fuer-warme-wuerstchen-waechtersbach-um-1900\/\"]}]},{\"@type\":\"BreadcrumbList\",\"@id\":\"https:\/\/annette-ahrens.at\/onlineshop\/produkt\/jugendstil-deckeldose-fuer-warme-wuerstchen-waechtersbach-um-1900\/#breadcrumb\",\"itemListElement\":[{\"@type\":\"ListItem\",\"position\":1,\"item\":{\"@type\":\"WebPage\",\"@id\":\"https:\/\/annette-ahrens.at\/onlineshop\/\",\"url\":\"https:\/\/annette-ahrens.at\/onlineshop\/\",\"name\":\"Home\"}},{\"@type\":\"ListItem\",\"position\":2,\"item\":{\"@type\":\"WebPage\",\"@id\":\"https:\/\/annette-ahrens.at\/onlineshop\/alle-tafelkultur-objekte\/\",\"url\":\"https:\/\/annette-ahrens.at\/onlineshop\/alle-tafelkultur-objekte\/\",\"name\":\"Alle Tafelkultur Objekte\"}},{\"@type\":\"ListItem\",\"position\":3,\"item\":{\"@type\":\"WebPage\",\"@id\":\"https:\/\/annette-ahrens.at\/onlineshop\/produkt\/jugendstil-deckeldose-fuer-warme-wuerstchen-waechtersbach-um-1900\/\",\"url\":\"https:\/\/annette-ahrens.at\/onlineshop\/produkt\/jugendstil-deckeldose-fuer-warme-wuerstchen-waechtersbach-um-1900\/\",\"name\":\"Jugendstil Deckeldose f\\u00fcr warme W\\u00fcrstchen, W\\u00e4chtersbach, um 1900\"}}]}]}<\/script>\n<!-- \/ Yoast SEO Premium plugin. -->","_links":{"self":[{"href":"https:\/\/annette-ahrens.at\/onlineshop\/wp-json\/wp\/v2\/product\/28834","targetHints":{"allow":["GET"]}}],"collection":[{"href":"https:\/\/annette-ahrens.at\/onlineshop\/wp-json\/wp\/v2\/product"}],"about":[{"href":"https:\/\/annette-ahrens.at\/onlineshop\/wp-json\/wp\/v2\/types\/product"}],"replies":[{"embeddable":true,"href":"https:\/\/annette-ahrens.at\/onlineshop\/wp-json\/wp\/v2\/comments?post=28834"}],"wp:featuredmedia":[{"embeddable":true,"href":"https:\/\/annette-ahrens.at\/onlineshop\/wp-json\/wp\/v2\/media\/28841"}],"wp:attachment":[{"href":"https:\/\/annette-ahrens.at\/onlineshop\/wp-json\/wp\/v2\/media?parent=28834"}],"wp:term":[{"taxonomy":"product_brand","embeddable":true,"href":"https:\/\/annette-ahrens.at\/onlineshop\/wp-json\/wp\/v2\/product_brand?post=28834"},{"taxonomy":"product_cat","embeddable":true,"href":"https:\/\/annette-ahrens.at\/onlineshop\/wp-json\/wp\/v2\/product_cat?post=28834"},{"taxonomy":"product_tag","embeddable":true,"href":"https:\/\/annette-ahrens.at\/onlineshop\/wp-json\/wp\/v2\/product_tag?post=28834"}],"curies":[{"name":"wp","href":"https:\/\/api.w.org\/{rel}","templated":true}]}}