{"id":2910,"date":"2020-08-24T12:20:00","date_gmt":"2020-08-24T10:20:00","guid":{"rendered":"https:\/\/annette-ahrens.at\/onlineshop\/?post_type=product&#038;p=2910"},"modified":"2021-04-05T19:14:37","modified_gmt":"2021-04-05T17:14:37","slug":"silbernes-essbesteck-fa-j-c-klinkosch-wien-nach-1922","status":"publish","type":"product","link":"https:\/\/annette-ahrens.at\/onlineshop\/produkt\/silbernes-essbesteck-fa-j-c-klinkosch-wien-nach-1922\/","title":{"rendered":"4 teiliges silbernes Essbesteck, Fa. J.C. Klinkosch, Wien, nach 1922"},"content":{"rendered":"<p>Silbernes Essbesteck f\u00fcr eine Person<\/p>\n<p>Fa. J.C. Klinkosch, Wien, nach 1922<\/p>\n<p>Silber, Facon 176 bestehend aus Gabel, Messer, L\u00f6ffel, Kaffeel\u00f6ffel, gemarkt Tukankopfpunze Wien nach 1922, Firmenzeichen offene Helmzier f\u00fcr Fa. J.C. Klinkosch, Wien, in originaler Kassette, innen mit rosafarbener Satintapezierung<\/p>\n<p>112g (ohne Messer gewogen)<\/p>\n<p>L\u00e4nge 21 cm ( Messer)<\/p>\n","protected":false},"excerpt":{"rendered":"<p>Silbernes Essbesteck f\u00fcr eine Person Fa. J.C. Klinkosch, Wien, nach 1922 Silber, Facon 176 bestehend aus Gabel, Messer, L\u00f6ffel, Kaffeel\u00f6ffel, gemarkt Tukankopfpunze Wien nach 1922, Firmenzeichen offene Helmzier f\u00fcr Fa. J.C. Klinkosch, Wien, in originaler Kassette, innen mit rosafarbener Satintapezierung 112g (ohne Messer gewogen) L\u00e4nge 21 cm ( Messer)<\/p>\n","protected":false},"featured_media":2914,"comment_status":"open","ping_status":"closed","template":"","meta":[],"product_brand":[],"product_cat":[30,235,236,237,305,293,250],"product_tag":[],"class_list":{"0":"post-2910","1":"product","2":"type-product","3":"status-publish","4":"has-post-thumbnail","6":"product_cat-besteck","7":"product_cat-gabeln","8":"product_cat-loeffel","9":"product_cat-messer","10":"product_cat-taufbesteck-taufe","11":"product_cat-taufe","12":"product_cat-teeloeffel-loeffeln","14":"first","15":"instock","16":"sold-individually","17":"purchasable","18":"product-type-simple"},"yoast_head":"<!-- This site is optimized with the Yoast SEO Premium plugin v15.8.2 - https:\/\/yoast.com\/wordpress\/plugins\/seo\/ -->\n<title>4 teiliges silbernes Essbesteck, Fa. J.C. Klinkosch, Wien, nach 1922<\/title>\n<meta name=\"description\" content=\"4 teiliges silbernes Essbesteck, Fa. J.C. Klinkosch, Wien, nach 1922 \u2665 Antiquit\u00e4ten Online kaufen \u2713 Sichere Lieferung \u2713\" \/>\n<meta name=\"robots\" content=\"index, follow, max-snippet:-1, max-image-preview:large, max-video-preview:-1\" \/>\n<link rel=\"canonical\" href=\"https:\/\/annette-ahrens.at\/onlineshop\/produkt\/silbernes-essbesteck-fa-j-c-klinkosch-wien-nach-1922\/\" \/>\n<meta property=\"og:locale\" content=\"de_DE\" \/>\n<meta property=\"og:type\" content=\"article\" \/>\n<meta property=\"og:title\" content=\"4 teiliges silbernes Essbesteck, Fa. J.C. Klinkosch, Wien, nach 1922\" \/>\n<meta property=\"og:description\" content=\"4 teiliges silbernes Essbesteck, Fa. J.C. Klinkosch, Wien, nach 1922 \u2665 Antiquit\u00e4ten Online kaufen \u2713 Sichere Lieferung \u2713\" \/>\n<meta property=\"og:url\" content=\"https:\/\/annette-ahrens.at\/onlineshop\/produkt\/silbernes-essbesteck-fa-j-c-klinkosch-wien-nach-1922\/\" \/>\n<meta property=\"og:site_name\" content=\"Tafelkultur Onlineshop\" \/>\n<meta property=\"article:publisher\" content=\"https:\/\/www.facebook.com\/AnnetteAhrensTafelkultur\" \/>\n<meta property=\"article:modified_time\" content=\"2021-04-05T17:14:37+00:00\" \/>\n<meta property=\"og:image\" content=\"https:\/\/annette-ahrens.at\/onlineshop\/wp-content\/uploads\/2020\/08\/IMG_8700-scaled.jpeg\" \/>\n\t<meta property=\"og:image:width\" content=\"2560\" \/>\n\t<meta property=\"og:image:height\" content=\"2560\" \/>\n<meta name=\"twitter:card\" content=\"summary_large_image\" \/>\n<script type=\"application\/ld+json\" class=\"yoast-schema-graph\">{\"@context\":\"https:\/\/schema.org\",\"@graph\":[{\"@type\":[\"Person\",\"Organization\"],\"@id\":\"https:\/\/annette-ahrens.at\/onlineshop\/#\/schema\/person\/3e19676faae246bba0cb3b7e15f427d8\",\"name\":\"Annette Ahrens\",\"image\":{\"@type\":\"ImageObject\",\"@id\":\"https:\/\/annette-ahrens.at\/onlineshop\/#personlogo\",\"inLanguage\":\"de\",\"url\":\"https:\/\/annette-ahrens.at\/onlineshop\/wp-content\/uploads\/2020\/04\/aa_logo_End.png\",\"width\":800,\"height\":164,\"caption\":\"Annette Ahrens\"},\"logo\":{\"@id\":\"https:\/\/annette-ahrens.at\/onlineshop\/#personlogo\"},\"sameAs\":[\"https:\/\/annette-ahrens.at\",\"https:\/\/www.facebook.com\/AnnetteAhrensTafelkultur\",\"https:\/\/www.instagram.com\/tafelkulturistin\/\",\"https:\/\/de.wikipedia.org\/wiki\/Annette_Ahrens\"]},{\"@type\":\"WebSite\",\"@id\":\"https:\/\/annette-ahrens.at\/onlineshop\/#website\",\"url\":\"https:\/\/annette-ahrens.at\/onlineshop\/\",\"name\":\"Tafelkultur Onlineshop\",\"description\":\"Annette Ahrens\",\"publisher\":{\"@id\":\"https:\/\/annette-ahrens.at\/onlineshop\/#\/schema\/person\/3e19676faae246bba0cb3b7e15f427d8\"},\"potentialAction\":[{\"@type\":\"SearchAction\",\"target\":\"https:\/\/annette-ahrens.at\/onlineshop\/?s={search_term_string}\",\"query-input\":\"required name=search_term_string\"}],\"inLanguage\":\"de\"},{\"@type\":\"ImageObject\",\"@id\":\"https:\/\/annette-ahrens.at\/onlineshop\/produkt\/silbernes-essbesteck-fa-j-c-klinkosch-wien-nach-1922\/#primaryimage\",\"inLanguage\":\"de\",\"url\":\"https:\/\/annette-ahrens.at\/onlineshop\/wp-content\/uploads\/2020\/08\/IMG_8700-scaled.jpeg\",\"width\":2560,\"height\":2560,\"caption\":\"Besteck_Silber_Sturm\"},{\"@type\":[\"WebPage\",\"ItemPage\"],\"@id\":\"https:\/\/annette-ahrens.at\/onlineshop\/produkt\/silbernes-essbesteck-fa-j-c-klinkosch-wien-nach-1922\/#webpage\",\"url\":\"https:\/\/annette-ahrens.at\/onlineshop\/produkt\/silbernes-essbesteck-fa-j-c-klinkosch-wien-nach-1922\/\",\"name\":\"4 teiliges silbernes Essbesteck, Fa. J.C. Klinkosch, Wien, nach 1922\",\"isPartOf\":{\"@id\":\"https:\/\/annette-ahrens.at\/onlineshop\/#website\"},\"primaryImageOfPage\":{\"@id\":\"https:\/\/annette-ahrens.at\/onlineshop\/produkt\/silbernes-essbesteck-fa-j-c-klinkosch-wien-nach-1922\/#primaryimage\"},\"datePublished\":\"2020-08-24T10:20:00+00:00\",\"dateModified\":\"2021-04-05T17:14:37+00:00\",\"description\":\"4 teiliges silbernes Essbesteck, Fa. J.C. Klinkosch, Wien, nach 1922 \\u2665 Antiquit\\u00e4ten Online kaufen \\u2713 Sichere Lieferung \\u2713\",\"breadcrumb\":{\"@id\":\"https:\/\/annette-ahrens.at\/onlineshop\/produkt\/silbernes-essbesteck-fa-j-c-klinkosch-wien-nach-1922\/#breadcrumb\"},\"inLanguage\":\"de\",\"potentialAction\":[{\"@type\":\"ReadAction\",\"target\":[\"https:\/\/annette-ahrens.at\/onlineshop\/produkt\/silbernes-essbesteck-fa-j-c-klinkosch-wien-nach-1922\/\"]}]},{\"@type\":\"BreadcrumbList\",\"@id\":\"https:\/\/annette-ahrens.at\/onlineshop\/produkt\/silbernes-essbesteck-fa-j-c-klinkosch-wien-nach-1922\/#breadcrumb\",\"itemListElement\":[{\"@type\":\"ListItem\",\"position\":1,\"item\":{\"@type\":\"WebPage\",\"@id\":\"https:\/\/annette-ahrens.at\/onlineshop\/\",\"url\":\"https:\/\/annette-ahrens.at\/onlineshop\/\",\"name\":\"Home\"}},{\"@type\":\"ListItem\",\"position\":2,\"item\":{\"@type\":\"WebPage\",\"@id\":\"https:\/\/annette-ahrens.at\/onlineshop\/alle-tafelkultur-objekte\/\",\"url\":\"https:\/\/annette-ahrens.at\/onlineshop\/alle-tafelkultur-objekte\/\",\"name\":\"Alle Tafelkultur Objekte\"}},{\"@type\":\"ListItem\",\"position\":3,\"item\":{\"@type\":\"WebPage\",\"@id\":\"https:\/\/annette-ahrens.at\/onlineshop\/produkt\/silbernes-essbesteck-fa-j-c-klinkosch-wien-nach-1922\/\",\"url\":\"https:\/\/annette-ahrens.at\/onlineshop\/produkt\/silbernes-essbesteck-fa-j-c-klinkosch-wien-nach-1922\/\",\"name\":\"4 teiliges silbernes Essbesteck, Fa. J.C. Klinkosch, Wien, nach 1922\"}}]}]}<\/script>\n<!-- \/ Yoast SEO Premium plugin. -->","_links":{"self":[{"href":"https:\/\/annette-ahrens.at\/onlineshop\/wp-json\/wp\/v2\/product\/2910","targetHints":{"allow":["GET"]}}],"collection":[{"href":"https:\/\/annette-ahrens.at\/onlineshop\/wp-json\/wp\/v2\/product"}],"about":[{"href":"https:\/\/annette-ahrens.at\/onlineshop\/wp-json\/wp\/v2\/types\/product"}],"replies":[{"embeddable":true,"href":"https:\/\/annette-ahrens.at\/onlineshop\/wp-json\/wp\/v2\/comments?post=2910"}],"wp:featuredmedia":[{"embeddable":true,"href":"https:\/\/annette-ahrens.at\/onlineshop\/wp-json\/wp\/v2\/media\/2914"}],"wp:attachment":[{"href":"https:\/\/annette-ahrens.at\/onlineshop\/wp-json\/wp\/v2\/media?parent=2910"}],"wp:term":[{"taxonomy":"product_brand","embeddable":true,"href":"https:\/\/annette-ahrens.at\/onlineshop\/wp-json\/wp\/v2\/product_brand?post=2910"},{"taxonomy":"product_cat","embeddable":true,"href":"https:\/\/annette-ahrens.at\/onlineshop\/wp-json\/wp\/v2\/product_cat?post=2910"},{"taxonomy":"product_tag","embeddable":true,"href":"https:\/\/annette-ahrens.at\/onlineshop\/wp-json\/wp\/v2\/product_tag?post=2910"}],"curies":[{"name":"wp","href":"https:\/\/api.w.org\/{rel}","templated":true}]}}

<p>Silbernes Essbesteck für eine Person</p>
<p>Fa. J.C. Klinkosch, Wien, nach 1922</p>
<p>Silber, Facon 176 bestehend aus Gabel, Messer, Löffel, Kaffeelöffel, gemarkt Tukankopfpunze Wien nach 1922, Firmenzeichen offene Helmzier für Fa. J.C. Klinkosch, Wien, in originaler Kassette, innen mit rosafarbener Satintapezierung</p>
<p>112g (ohne Messer gewogen)</p>
<p>Länge 21 cm ( Messer)</p>

<p>Silbernes Essbesteck für eine Person Fa. J.C. Klinkosch, Wien, nach 1922 Silber, Facon 176 bestehend aus Gabel, Messer, Löffel, Kaffeelöffel, gemarkt Tukankopfpunze Wien nach 1922, Firmenzeichen offene Helmzier für Fa. J.C. Klinkosch, Wien, in originaler Kassette, innen mit rosafarbener Satintapezierung 112g (ohne Messer gewogen) Länge 21 cm ( Messer)</p>

<!-- This site is optimized with the Yoast SEO Premium plugin v15.8.2 - https://yoast.com/wordpress/plugins/seo/ -->
<title>4 teiliges silbernes Essbesteck, Fa. J.C. Klinkosch, Wien, nach 1922</title>
<meta name="description" content="4 teiliges silbernes Essbesteck, Fa. J.C. Klinkosch, Wien, nach 1922 ♥ Antiquitäten Online kaufen ✓ Sichere Lieferung ✓" />
<meta name="robots" content="index, follow, max-snippet:-1, max-image-preview:large, max-video-preview:-1" />
<link rel="canonical" href="https://annette-ahrens.at/onlineshop/produkt/silbernes-essbesteck-fa-j-c-klinkosch-wien-nach-1922/" />
<meta property="og:locale" content="de_DE" />
<meta property="og:type" content="article" />
<meta property="og:title" content="4 teiliges silbernes Essbesteck, Fa. J.C. Klinkosch, Wien, nach 1922" />
<meta property="og:description" content="4 teiliges silbernes Essbesteck, Fa. J.C. Klinkosch, Wien, nach 1922 ♥ Antiquitäten Online kaufen ✓ Sichere Lieferung ✓" />
<meta property="og:url" content="https://annette-ahrens.at/onlineshop/produkt/silbernes-essbesteck-fa-j-c-klinkosch-wien-nach-1922/" />
<meta property="og:site_name" content="Tafelkultur Onlineshop" />
<meta property="article:publisher" content="https://www.facebook.com/AnnetteAhrensTafelkultur" />
<meta property="article:modified_time" content="2021-04-05T17:14:37+00:00" />
<meta property="og:image" content="https://annette-ahrens.at/onlineshop/wp-content/uploads/2020/08/IMG_8700-scaled.jpeg" />
	<meta property="og:image:width" content="2560" />
	<meta property="og:image:height" content="2560" />
<meta name="twitter:card" content="summary_large_image" />
<script type="application/ld+json" class="yoast-schema-graph">{"@context":"https://schema.org","@graph":[{"@type":["Person","Organization"],"@id":"https://annette-ahrens.at/onlineshop/#/schema/person/3e19676faae246bba0cb3b7e15f427d8","name":"Annette Ahrens","image":{"@type":"ImageObject","@id":"https://annette-ahrens.at/onlineshop/#personlogo","inLanguage":"de","url":"https://annette-ahrens.at/onlineshop/wp-content/uploads/2020/04/aa_logo_End.png","width":800,"height":164,"caption":"Annette Ahrens"},"logo":{"@id":"https://annette-ahrens.at/onlineshop/#personlogo"},"sameAs":["https://annette-ahrens.at","https://www.facebook.com/AnnetteAhrensTafelkultur","https://www.instagram.com/tafelkulturistin/","https://de.wikipedia.org/wiki/Annette_Ahrens"]},{"@type":"WebSite","@id":"https://annette-ahrens.at/onlineshop/#website","url":"https://annette-ahrens.at/onlineshop/","name":"Tafelkultur Onlineshop","description":"Annette Ahrens","publisher":{"@id":"https://annette-ahrens.at/onlineshop/#/schema/person/3e19676faae246bba0cb3b7e15f427d8"},"potentialAction":[{"@type":"SearchAction","target":"https://annette-ahrens.at/onlineshop/?s={search_term_string}","query-input":"required name=search_term_string"}],"inLanguage":"de"},{"@type":"ImageObject","@id":"https://annette-ahrens.at/onlineshop/produkt/silbernes-essbesteck-fa-j-c-klinkosch-wien-nach-1922/#primaryimage","inLanguage":"de","url":"https://annette-ahrens.at/onlineshop/wp-content/uploads/2020/08/IMG_8700-scaled.jpeg","width":2560,"height":2560,"caption":"Besteck_Silber_Sturm"},{"@type":["WebPage","ItemPage"],"@id":"https://annette-ahrens.at/onlineshop/produkt/silbernes-essbesteck-fa-j-c-klinkosch-wien-nach-1922/#webpage","url":"https://annette-ahrens.at/onlineshop/produkt/silbernes-essbesteck-fa-j-c-klinkosch-wien-nach-1922/","name":"4 teiliges silbernes Essbesteck, Fa. J.C. Klinkosch, Wien, nach 1922","isPartOf":{"@id":"https://annette-ahrens.at/onlineshop/#website"},"primaryImageOfPage":{"@id":"https://annette-ahrens.at/onlineshop/produkt/silbernes-essbesteck-fa-j-c-klinkosch-wien-nach-1922/#primaryimage"},"datePublished":"2020-08-24T10:20:00+00:00","dateModified":"2021-04-05T17:14:37+00:00","description":"4 teiliges silbernes Essbesteck, Fa. J.C. Klinkosch, Wien, nach 1922 \u2665 Antiquit\u00e4ten Online kaufen \u2713 Sichere Lieferung \u2713","breadcrumb":{"@id":"https://annette-ahrens.at/onlineshop/produkt/silbernes-essbesteck-fa-j-c-klinkosch-wien-nach-1922/#breadcrumb"},"inLanguage":"de","potentialAction":[{"@type":"ReadAction","target":["https://annette-ahrens.at/onlineshop/produkt/silbernes-essbesteck-fa-j-c-klinkosch-wien-nach-1922/"]}]},{"@type":"BreadcrumbList","@id":"https://annette-ahrens.at/onlineshop/produkt/silbernes-essbesteck-fa-j-c-klinkosch-wien-nach-1922/#breadcrumb","itemListElement":[{"@type":"ListItem","position":1,"item":{"@type":"WebPage","@id":"https://annette-ahrens.at/onlineshop/","url":"https://annette-ahrens.at/onlineshop/","name":"Home"}},{"@type":"ListItem","position":2,"item":{"@type":"WebPage","@id":"https://annette-ahrens.at/onlineshop/alle-tafelkultur-objekte/","url":"https://annette-ahrens.at/onlineshop/alle-tafelkultur-objekte/","name":"Alle Tafelkultur Objekte"}},{"@type":"ListItem","position":3,"item":{"@type":"WebPage","@id":"https://annette-ahrens.at/onlineshop/produkt/silbernes-essbesteck-fa-j-c-klinkosch-wien-nach-1922/","url":"https://annette-ahrens.at/onlineshop/produkt/silbernes-essbesteck-fa-j-c-klinkosch-wien-nach-1922/","name":"4 teiliges silbernes Essbesteck, Fa. J.C. Klinkosch, Wien, nach 1922"}}]}]}</script>
<!-- / Yoast SEO Premium plugin. -->
