{"id":29865,"date":"2024-07-06T08:26:01","date_gmt":"2024-07-06T06:26:01","guid":{"rendered":"https:\/\/annette-ahrens.at\/onlineshop\/?post_type=product&#038;p=29865"},"modified":"2024-07-05T16:59:06","modified_gmt":"2024-07-05T14:59:06","slug":"vase-form-2000-raymond-loewy-fuer-fa-rosenthal-um-1950","status":"publish","type":"product","link":"https:\/\/annette-ahrens.at\/onlineshop\/produkt\/vase-form-2000-raymond-loewy-fuer-fa-rosenthal-um-1950\/","title":{"rendered":"Vase, Form 2000, Raymond Loewy f\u00fcr Fa. Rosenthal, um 1950"},"content":{"rendered":"<p>Vase Form 2000<\/p>\n<p>Entwurf: Raymond Loewy f\u00fcr Fa. Rosenthal, Selb, Deutschland, um 1950<\/p>\n<p>Porzellan, weiss glasiert, Unterseite mit unterglasurgr\u00fcner Manufakturmarke Selb &#8222;Rosenthal Germany&#8220;<\/p>\n<p>H 19,5 cm<\/p>\n<p><span style=\"font-size: 12pt; font-family: 'Roboto Slab';\">Literatur: Ausstellungs-Katalog Kestner Museum Hannover &#8222;Rosenthal &#8211; Hundert Jahre Porzellan&#8220;<\/span><\/p>\n","protected":false},"excerpt":{"rendered":"<p>Annettes Etikette: Das Service Form Nr. 2000 wurde erstmals auf der Messe in Hannover 1954 vorgestellt. Im Laufe seiner Produktionszeit wurden ann\u00e4hernd 200 Dekor-Varianten herausgebracht. Rosenthal gelingt es Porzellan von einem \u201cErb-Artikel zu einem Wechsel-Artikel\u201d zu machen (siehe <em>Die Schaulade<\/em> 1976, S. 1456). Dieser Dekor heisst \u201cbunte Gr\u00e4ser\u201d. Philipp Rosenthal (1855 \u2013 1937) selbst nennt als Entwerfer nicht nur den Pionier des amerikanischen Designs Raymond Loewy (1893 Paris \u2013 1986 Monaco), sondern auch Richard S. Latham (Kansas City 1920 \u2013 1991), der in Loewys B\u00fcro in Chicago als Chefdesigner f\u00fcr die Zusammenarbeit mit Rosenthal zust\u00e4ndig war.<\/p>\n","protected":false},"featured_media":29887,"comment_status":"open","ping_status":"closed","template":"","meta":[],"product_brand":[],"product_cat":[274,131,280],"product_tag":[],"class_list":{"0":"post-29865","1":"product","2":"type-product","3":"status-publish","4":"has-post-thumbnail","6":"product_cat-porzellan-fachbuecher","7":"product_cat-tafeldekorationen","8":"product_cat-vase","10":"first","11":"instock","12":"sold-individually","13":"purchasable","14":"product-type-simple"},"yoast_head":"<!-- This site is optimized with the Yoast SEO Premium plugin v15.8.2 - https:\/\/yoast.com\/wordpress\/plugins\/seo\/ -->\n<title>Vase, Form 2000, Raymond Loewy f\u00fcr Fa. Rosenthal, um 1950<\/title>\n<meta name=\"description\" content=\"Vase, Form 2000, Raymond Loewy f\u00fcr Fa. Rosenthal, um 1950 \u2665 Antiquit\u00e4ten Online kaufen \u2713 Sichere Lieferung \u2713\" \/>\n<meta name=\"robots\" content=\"index, follow, max-snippet:-1, max-image-preview:large, max-video-preview:-1\" \/>\n<link rel=\"canonical\" href=\"https:\/\/annette-ahrens.at\/onlineshop\/produkt\/vase-form-2000-raymond-loewy-fuer-fa-rosenthal-um-1950\/\" \/>\n<meta property=\"og:locale\" content=\"de_DE\" \/>\n<meta property=\"og:type\" content=\"article\" \/>\n<meta property=\"og:title\" content=\"Vase, Form 2000, Raymond Loewy f\u00fcr Fa. Rosenthal, um 1950\" \/>\n<meta property=\"og:description\" content=\"Vase, Form 2000, Raymond Loewy f\u00fcr Fa. Rosenthal, um 1950 \u2665 Antiquit\u00e4ten Online kaufen \u2713 Sichere Lieferung \u2713\" \/>\n<meta property=\"og:url\" content=\"https:\/\/annette-ahrens.at\/onlineshop\/produkt\/vase-form-2000-raymond-loewy-fuer-fa-rosenthal-um-1950\/\" \/>\n<meta property=\"og:site_name\" content=\"Tafelkultur Onlineshop\" \/>\n<meta property=\"article:publisher\" content=\"https:\/\/www.facebook.com\/AnnetteAhrensTafelkultur\" \/>\n<meta property=\"article:modified_time\" content=\"2024-07-05T14:59:06+00:00\" \/>\n<meta property=\"og:image\" content=\"https:\/\/annette-ahrens.at\/onlineshop\/wp-content\/uploads\/2024\/07\/D437F469-7FCC-47C2-B577-AE52CDAE84AA-scaled.jpeg\" \/>\n\t<meta property=\"og:image:width\" content=\"1912\" \/>\n\t<meta property=\"og:image:height\" content=\"2560\" \/>\n<meta name=\"twitter:card\" content=\"summary_large_image\" \/>\n<meta name=\"twitter:label1\" content=\"Gesch\u00e4tzte Lesezeit\">\n\t<meta name=\"twitter:data1\" content=\"1\u00a0Minute\">\n<script type=\"application\/ld+json\" class=\"yoast-schema-graph\">{\"@context\":\"https:\/\/schema.org\",\"@graph\":[{\"@type\":[\"Person\",\"Organization\"],\"@id\":\"https:\/\/annette-ahrens.at\/onlineshop\/#\/schema\/person\/3e19676faae246bba0cb3b7e15f427d8\",\"name\":\"Annette Ahrens\",\"image\":{\"@type\":\"ImageObject\",\"@id\":\"https:\/\/annette-ahrens.at\/onlineshop\/#personlogo\",\"inLanguage\":\"de\",\"url\":\"https:\/\/annette-ahrens.at\/onlineshop\/wp-content\/uploads\/2020\/04\/aa_logo_End.png\",\"width\":800,\"height\":164,\"caption\":\"Annette Ahrens\"},\"logo\":{\"@id\":\"https:\/\/annette-ahrens.at\/onlineshop\/#personlogo\"},\"sameAs\":[\"https:\/\/annette-ahrens.at\",\"https:\/\/www.facebook.com\/AnnetteAhrensTafelkultur\",\"https:\/\/www.instagram.com\/tafelkulturistin\/\",\"https:\/\/de.wikipedia.org\/wiki\/Annette_Ahrens\"]},{\"@type\":\"WebSite\",\"@id\":\"https:\/\/annette-ahrens.at\/onlineshop\/#website\",\"url\":\"https:\/\/annette-ahrens.at\/onlineshop\/\",\"name\":\"Tafelkultur Onlineshop\",\"description\":\"Annette Ahrens\",\"publisher\":{\"@id\":\"https:\/\/annette-ahrens.at\/onlineshop\/#\/schema\/person\/3e19676faae246bba0cb3b7e15f427d8\"},\"potentialAction\":[{\"@type\":\"SearchAction\",\"target\":\"https:\/\/annette-ahrens.at\/onlineshop\/?s={search_term_string}\",\"query-input\":\"required name=search_term_string\"}],\"inLanguage\":\"de\"},{\"@type\":\"ImageObject\",\"@id\":\"https:\/\/annette-ahrens.at\/onlineshop\/produkt\/vase-form-2000-raymond-loewy-fuer-fa-rosenthal-um-1950\/#primaryimage\",\"inLanguage\":\"de\",\"url\":\"https:\/\/annette-ahrens.at\/onlineshop\/wp-content\/uploads\/2024\/07\/D437F469-7FCC-47C2-B577-AE52CDAE84AA-scaled.jpeg\",\"width\":1912,\"height\":2560,\"caption\":\"vase_rosenthal_2000\"},{\"@type\":[\"WebPage\",\"ItemPage\"],\"@id\":\"https:\/\/annette-ahrens.at\/onlineshop\/produkt\/vase-form-2000-raymond-loewy-fuer-fa-rosenthal-um-1950\/#webpage\",\"url\":\"https:\/\/annette-ahrens.at\/onlineshop\/produkt\/vase-form-2000-raymond-loewy-fuer-fa-rosenthal-um-1950\/\",\"name\":\"Vase, Form 2000, Raymond Loewy f\\u00fcr Fa. Rosenthal, um 1950\",\"isPartOf\":{\"@id\":\"https:\/\/annette-ahrens.at\/onlineshop\/#website\"},\"primaryImageOfPage\":{\"@id\":\"https:\/\/annette-ahrens.at\/onlineshop\/produkt\/vase-form-2000-raymond-loewy-fuer-fa-rosenthal-um-1950\/#primaryimage\"},\"datePublished\":\"2024-07-06T06:26:01+00:00\",\"dateModified\":\"2024-07-05T14:59:06+00:00\",\"description\":\"Vase, Form 2000, Raymond Loewy f\\u00fcr Fa. Rosenthal, um 1950 \\u2665 Antiquit\\u00e4ten Online kaufen \\u2713 Sichere Lieferung \\u2713\",\"breadcrumb\":{\"@id\":\"https:\/\/annette-ahrens.at\/onlineshop\/produkt\/vase-form-2000-raymond-loewy-fuer-fa-rosenthal-um-1950\/#breadcrumb\"},\"inLanguage\":\"de\",\"potentialAction\":[{\"@type\":\"ReadAction\",\"target\":[\"https:\/\/annette-ahrens.at\/onlineshop\/produkt\/vase-form-2000-raymond-loewy-fuer-fa-rosenthal-um-1950\/\"]}]},{\"@type\":\"BreadcrumbList\",\"@id\":\"https:\/\/annette-ahrens.at\/onlineshop\/produkt\/vase-form-2000-raymond-loewy-fuer-fa-rosenthal-um-1950\/#breadcrumb\",\"itemListElement\":[{\"@type\":\"ListItem\",\"position\":1,\"item\":{\"@type\":\"WebPage\",\"@id\":\"https:\/\/annette-ahrens.at\/onlineshop\/\",\"url\":\"https:\/\/annette-ahrens.at\/onlineshop\/\",\"name\":\"Home\"}},{\"@type\":\"ListItem\",\"position\":2,\"item\":{\"@type\":\"WebPage\",\"@id\":\"https:\/\/annette-ahrens.at\/onlineshop\/alle-tafelkultur-objekte\/\",\"url\":\"https:\/\/annette-ahrens.at\/onlineshop\/alle-tafelkultur-objekte\/\",\"name\":\"Alle Tafelkultur Objekte\"}},{\"@type\":\"ListItem\",\"position\":3,\"item\":{\"@type\":\"WebPage\",\"@id\":\"https:\/\/annette-ahrens.at\/onlineshop\/produkt\/vase-form-2000-raymond-loewy-fuer-fa-rosenthal-um-1950\/\",\"url\":\"https:\/\/annette-ahrens.at\/onlineshop\/produkt\/vase-form-2000-raymond-loewy-fuer-fa-rosenthal-um-1950\/\",\"name\":\"Vase, Form 2000, Raymond Loewy f\\u00fcr Fa. Rosenthal, um 1950\"}}]}]}<\/script>\n<!-- \/ Yoast SEO Premium plugin. -->","_links":{"self":[{"href":"https:\/\/annette-ahrens.at\/onlineshop\/wp-json\/wp\/v2\/product\/29865","targetHints":{"allow":["GET"]}}],"collection":[{"href":"https:\/\/annette-ahrens.at\/onlineshop\/wp-json\/wp\/v2\/product"}],"about":[{"href":"https:\/\/annette-ahrens.at\/onlineshop\/wp-json\/wp\/v2\/types\/product"}],"replies":[{"embeddable":true,"href":"https:\/\/annette-ahrens.at\/onlineshop\/wp-json\/wp\/v2\/comments?post=29865"}],"wp:featuredmedia":[{"embeddable":true,"href":"https:\/\/annette-ahrens.at\/onlineshop\/wp-json\/wp\/v2\/media\/29887"}],"wp:attachment":[{"href":"https:\/\/annette-ahrens.at\/onlineshop\/wp-json\/wp\/v2\/media?parent=29865"}],"wp:term":[{"taxonomy":"product_brand","embeddable":true,"href":"https:\/\/annette-ahrens.at\/onlineshop\/wp-json\/wp\/v2\/product_brand?post=29865"},{"taxonomy":"product_cat","embeddable":true,"href":"https:\/\/annette-ahrens.at\/onlineshop\/wp-json\/wp\/v2\/product_cat?post=29865"},{"taxonomy":"product_tag","embeddable":true,"href":"https:\/\/annette-ahrens.at\/onlineshop\/wp-json\/wp\/v2\/product_tag?post=29865"}],"curies":[{"name":"wp","href":"https:\/\/api.w.org\/{rel}","templated":true}]}}