{"id":30785,"date":"2024-09-01T06:47:09","date_gmt":"2024-09-01T04:47:09","guid":{"rendered":"https:\/\/annette-ahrens.at\/onlineshop\/?post_type=product&#038;p=30785"},"modified":"2024-08-31T00:51:00","modified_gmt":"2024-08-30T22:51:00","slug":"flaschenkuehler-aus-dem-restaurant-moskau-in-berlin-d-d-r-um-1960","status":"publish","type":"product","link":"https:\/\/annette-ahrens.at\/onlineshop\/produkt\/flaschenkuehler-aus-dem-restaurant-moskau-in-berlin-d-d-r-um-1960\/","title":{"rendered":"Flaschenk\u00fchler aus dem Restaurant Moskau in Berlin, D.D.R., um 1960"},"content":{"rendered":"<p>Flaschenk\u00fchler aus dem Restaurant Moskau in Berlin<\/p>\n<p>wohl Fa. Sonnau, D.D.R., um 1960<\/p>\n<p>Aluminium, eloxiert, runder Sektk\u00fchler, ungemarkt, Gebrauchsspuren<\/p>\n<p style=\"font-weight: 400;\"><span style=\"font-weight: 400;\">H 22 cm<\/span><\/p>\n<p><span style=\"font-weight: 400;\">Dm 28,5 cm<\/span><\/p>\n","protected":false},"excerpt":{"rendered":"<p>Annettes Etikette: Dem Besuch der Ausstellung &#8222;Deutsches Design 1949 &#8211; 1989, Zwei L\u00e4nder, eine Geschichte&#8220; verdanke ich die exakte Zuschreibung dieses originellen Midcentury Flaschenk\u00fchlers aus eloxiertem Aluminium. Nach einem Entwurf des Architekten Josef Kaiser beinhaltete dieser zweigeschossige Atriumsbau ein Restaurant, ein Weinrestaurant, einen Laden f\u00fcr sowjetische Volkskunst, ein Konzert- und Tanzcaf\u00e9, Mocca- und Teestuben sowie R\u00e4ume f\u00fcr geschlossene Gesellschaften. Das 1964 er\u00f6ffnete Restaurant Moskau an dem ersten sozialistischen Stra\u00dfenzug Berlins, der Karl-Marx-Allee 34 (ehemals Stalinallee) bot als Nationalit\u00e4ten-Restaurant landestypische Spezialit\u00e4ten der Sowjetunion an und war mit diesen hoch modernen Flaschenk\u00fchlern ausgestattet. Das Foto zeigt das Interieur des Foyers. (\u00a9 ddrbildarchiv.de\/Wolfgang Rasch)<\/p>\n","protected":false},"featured_media":31479,"comment_status":"open","ping_status":"closed","template":"","meta":[],"product_brand":[],"product_cat":[219,27,32,231,296],"product_tag":[],"class_list":{"0":"post-30785","1":"product","2":"type-product","3":"status-publish","4":"has-post-thumbnail","6":"product_cat-barutensilien","7":"product_cat-barware","8":"product_cat-festefeiern","9":"product_cat-sektkuehler","10":"product_cat-silvester","12":"first","13":"instock","14":"sold-individually","15":"purchasable","16":"product-type-simple"},"yoast_head":"<!-- This site is optimized with the Yoast SEO Premium plugin v15.8.2 - https:\/\/yoast.com\/wordpress\/plugins\/seo\/ -->\n<title>Flaschenk\u00fchler aus dem Restaurant Moskau in Berlin, D.D.R., um 1960<\/title>\n<meta name=\"description\" content=\"Flaschenk\u00fchler aus dem Restaurant Moskau in Berlin, D.D.R., um 1960 \u2665 Antiquit\u00e4ten Online kaufen \u2713 Sichere Lieferung \u2713\" \/>\n<meta name=\"robots\" content=\"index, follow, max-snippet:-1, max-image-preview:large, max-video-preview:-1\" \/>\n<link rel=\"canonical\" href=\"https:\/\/annette-ahrens.at\/onlineshop\/produkt\/flaschenkuehler-aus-dem-restaurant-moskau-in-berlin-d-d-r-um-1960\/\" \/>\n<meta property=\"og:locale\" content=\"de_DE\" \/>\n<meta property=\"og:type\" content=\"article\" \/>\n<meta property=\"og:title\" content=\"Flaschenk\u00fchler aus dem Restaurant Moskau in Berlin, D.D.R., um 1960\" \/>\n<meta property=\"og:description\" content=\"Flaschenk\u00fchler aus dem Restaurant Moskau in Berlin, D.D.R., um 1960 \u2665 Antiquit\u00e4ten Online kaufen \u2713 Sichere Lieferung \u2713\" \/>\n<meta property=\"og:url\" content=\"https:\/\/annette-ahrens.at\/onlineshop\/produkt\/flaschenkuehler-aus-dem-restaurant-moskau-in-berlin-d-d-r-um-1960\/\" \/>\n<meta property=\"og:site_name\" content=\"Tafelkultur Onlineshop\" \/>\n<meta property=\"article:publisher\" content=\"https:\/\/www.facebook.com\/AnnetteAhrensTafelkultur\" \/>\n<meta property=\"article:modified_time\" content=\"2024-08-30T22:51:00+00:00\" \/>\n<meta property=\"og:image\" content=\"https:\/\/annette-ahrens.at\/onlineshop\/wp-content\/uploads\/2024\/09\/IMG_1086-scaled.jpeg\" \/>\n\t<meta property=\"og:image:width\" content=\"2247\" \/>\n\t<meta property=\"og:image:height\" content=\"2560\" \/>\n<meta name=\"twitter:card\" content=\"summary_large_image\" \/>\n<meta name=\"twitter:label1\" content=\"Gesch\u00e4tzte Lesezeit\">\n\t<meta name=\"twitter:data1\" content=\"1\u00a0Minute\">\n<script type=\"application\/ld+json\" class=\"yoast-schema-graph\">{\"@context\":\"https:\/\/schema.org\",\"@graph\":[{\"@type\":[\"Person\",\"Organization\"],\"@id\":\"https:\/\/annette-ahrens.at\/onlineshop\/#\/schema\/person\/3e19676faae246bba0cb3b7e15f427d8\",\"name\":\"Annette Ahrens\",\"image\":{\"@type\":\"ImageObject\",\"@id\":\"https:\/\/annette-ahrens.at\/onlineshop\/#personlogo\",\"inLanguage\":\"de\",\"url\":\"https:\/\/annette-ahrens.at\/onlineshop\/wp-content\/uploads\/2020\/04\/aa_logo_End.png\",\"width\":800,\"height\":164,\"caption\":\"Annette Ahrens\"},\"logo\":{\"@id\":\"https:\/\/annette-ahrens.at\/onlineshop\/#personlogo\"},\"sameAs\":[\"https:\/\/annette-ahrens.at\",\"https:\/\/www.facebook.com\/AnnetteAhrensTafelkultur\",\"https:\/\/www.instagram.com\/tafelkulturistin\/\",\"https:\/\/de.wikipedia.org\/wiki\/Annette_Ahrens\"]},{\"@type\":\"WebSite\",\"@id\":\"https:\/\/annette-ahrens.at\/onlineshop\/#website\",\"url\":\"https:\/\/annette-ahrens.at\/onlineshop\/\",\"name\":\"Tafelkultur Onlineshop\",\"description\":\"Annette Ahrens\",\"publisher\":{\"@id\":\"https:\/\/annette-ahrens.at\/onlineshop\/#\/schema\/person\/3e19676faae246bba0cb3b7e15f427d8\"},\"potentialAction\":[{\"@type\":\"SearchAction\",\"target\":\"https:\/\/annette-ahrens.at\/onlineshop\/?s={search_term_string}\",\"query-input\":\"required name=search_term_string\"}],\"inLanguage\":\"de\"},{\"@type\":\"ImageObject\",\"@id\":\"https:\/\/annette-ahrens.at\/onlineshop\/produkt\/flaschenkuehler-aus-dem-restaurant-moskau-in-berlin-d-d-r-um-1960\/#primaryimage\",\"inLanguage\":\"de\",\"url\":\"https:\/\/annette-ahrens.at\/onlineshop\/wp-content\/uploads\/2024\/09\/IMG_1086-scaled.jpeg\",\"width\":2247,\"height\":2560,\"caption\":\"flaschenk\\u00fchler_moskau\"},{\"@type\":[\"WebPage\",\"ItemPage\"],\"@id\":\"https:\/\/annette-ahrens.at\/onlineshop\/produkt\/flaschenkuehler-aus-dem-restaurant-moskau-in-berlin-d-d-r-um-1960\/#webpage\",\"url\":\"https:\/\/annette-ahrens.at\/onlineshop\/produkt\/flaschenkuehler-aus-dem-restaurant-moskau-in-berlin-d-d-r-um-1960\/\",\"name\":\"Flaschenk\\u00fchler aus dem Restaurant Moskau in Berlin, D.D.R., um 1960\",\"isPartOf\":{\"@id\":\"https:\/\/annette-ahrens.at\/onlineshop\/#website\"},\"primaryImageOfPage\":{\"@id\":\"https:\/\/annette-ahrens.at\/onlineshop\/produkt\/flaschenkuehler-aus-dem-restaurant-moskau-in-berlin-d-d-r-um-1960\/#primaryimage\"},\"datePublished\":\"2024-09-01T04:47:09+00:00\",\"dateModified\":\"2024-08-30T22:51:00+00:00\",\"description\":\"Flaschenk\\u00fchler aus dem Restaurant Moskau in Berlin, D.D.R., um 1960 \\u2665 Antiquit\\u00e4ten Online kaufen \\u2713 Sichere Lieferung \\u2713\",\"breadcrumb\":{\"@id\":\"https:\/\/annette-ahrens.at\/onlineshop\/produkt\/flaschenkuehler-aus-dem-restaurant-moskau-in-berlin-d-d-r-um-1960\/#breadcrumb\"},\"inLanguage\":\"de\",\"potentialAction\":[{\"@type\":\"ReadAction\",\"target\":[\"https:\/\/annette-ahrens.at\/onlineshop\/produkt\/flaschenkuehler-aus-dem-restaurant-moskau-in-berlin-d-d-r-um-1960\/\"]}]},{\"@type\":\"BreadcrumbList\",\"@id\":\"https:\/\/annette-ahrens.at\/onlineshop\/produkt\/flaschenkuehler-aus-dem-restaurant-moskau-in-berlin-d-d-r-um-1960\/#breadcrumb\",\"itemListElement\":[{\"@type\":\"ListItem\",\"position\":1,\"item\":{\"@type\":\"WebPage\",\"@id\":\"https:\/\/annette-ahrens.at\/onlineshop\/\",\"url\":\"https:\/\/annette-ahrens.at\/onlineshop\/\",\"name\":\"Home\"}},{\"@type\":\"ListItem\",\"position\":2,\"item\":{\"@type\":\"WebPage\",\"@id\":\"https:\/\/annette-ahrens.at\/onlineshop\/alle-tafelkultur-objekte\/\",\"url\":\"https:\/\/annette-ahrens.at\/onlineshop\/alle-tafelkultur-objekte\/\",\"name\":\"Alle Tafelkultur Objekte\"}},{\"@type\":\"ListItem\",\"position\":3,\"item\":{\"@type\":\"WebPage\",\"@id\":\"https:\/\/annette-ahrens.at\/onlineshop\/produkt\/flaschenkuehler-aus-dem-restaurant-moskau-in-berlin-d-d-r-um-1960\/\",\"url\":\"https:\/\/annette-ahrens.at\/onlineshop\/produkt\/flaschenkuehler-aus-dem-restaurant-moskau-in-berlin-d-d-r-um-1960\/\",\"name\":\"Flaschenk\\u00fchler aus dem Restaurant Moskau in Berlin, D.D.R., um 1960\"}}]}]}<\/script>\n<!-- \/ Yoast SEO Premium plugin. -->","_links":{"self":[{"href":"https:\/\/annette-ahrens.at\/onlineshop\/wp-json\/wp\/v2\/product\/30785","targetHints":{"allow":["GET"]}}],"collection":[{"href":"https:\/\/annette-ahrens.at\/onlineshop\/wp-json\/wp\/v2\/product"}],"about":[{"href":"https:\/\/annette-ahrens.at\/onlineshop\/wp-json\/wp\/v2\/types\/product"}],"replies":[{"embeddable":true,"href":"https:\/\/annette-ahrens.at\/onlineshop\/wp-json\/wp\/v2\/comments?post=30785"}],"wp:featuredmedia":[{"embeddable":true,"href":"https:\/\/annette-ahrens.at\/onlineshop\/wp-json\/wp\/v2\/media\/31479"}],"wp:attachment":[{"href":"https:\/\/annette-ahrens.at\/onlineshop\/wp-json\/wp\/v2\/media?parent=30785"}],"wp:term":[{"taxonomy":"product_brand","embeddable":true,"href":"https:\/\/annette-ahrens.at\/onlineshop\/wp-json\/wp\/v2\/product_brand?post=30785"},{"taxonomy":"product_cat","embeddable":true,"href":"https:\/\/annette-ahrens.at\/onlineshop\/wp-json\/wp\/v2\/product_cat?post=30785"},{"taxonomy":"product_tag","embeddable":true,"href":"https:\/\/annette-ahrens.at\/onlineshop\/wp-json\/wp\/v2\/product_tag?post=30785"}],"curies":[{"name":"wp","href":"https:\/\/api.w.org\/{rel}","templated":true}]}}