{"id":31934,"date":"2024-10-01T08:49:14","date_gmt":"2024-10-01T06:49:14","guid":{"rendered":"https:\/\/annette-ahrens.at\/onlineshop\/?post_type=product&#038;p=31934"},"modified":"2024-10-03T23:14:13","modified_gmt":"2024-10-03T21:14:13","slug":"versilberte-jugendstil-jardiniere-fa-orivit-koeln-um-1900","status":"publish","type":"product","link":"https:\/\/annette-ahrens.at\/onlineshop\/produkt\/versilberte-jugendstil-jardiniere-fa-orivit-koeln-um-1900\/","title":{"rendered":"Versilberte Jugendstil Jardini\u00e8re, Fa. Orivit, K\u00f6ln, um 1900"},"content":{"rendered":"<p>Versilberte Jugendstil Jardini\u00e8re<\/p>\n<p>Fa. Orivit AG, K\u00f6ln, Deutschland, um 1900<\/p>\n<p>Orivit-Metall, oval, Wandung mit Jugendstil-Dekor, zwei seitlich hochgezogene, vegetabile Henkel, am Boden gemarkt &#8222;ORIVIT&#8220; und Modellnummer 2452, farbloser Glaseinsatz mit Bodenschliffstern, tadelloser, handpolierter Erhaltungszustand<\/p>\n<p>H 8 cm<\/p>\n<p>L 25 x 9 cm<\/p>\n<p>Literatur: ORIVIT, Zinn des Jugendstils aus K\u00f6ln, K\u00f6ln 1992<\/p>\n","protected":false},"excerpt":{"rendered":"<p>Annettes Etikette: \u00a0Im Jahre 1898 wurde die\u00a0\u201cRheinische Bronze- und Metallwarenfabrik Johann Heinrich Welke&#8220; aus Bedburg in ORIVIT unbenannt. Stilistisch orientierte sich der Hersteller an bekannten deutschen Konkurrenten wie der\u00a0W\u00fcrttemmbergischen Metallwarenfabrik (WMF) oder Kayserzinn aus Krefeld. Die Pariser Weltausstellung im Jahre 1900 brachte die Auszeichnung mit einer Goldmedaille. Schon 1905 erfolgte die \u00dcbernahme durch die W\u00fcrttemmbergische Metallwarenfabrik, somit ist nur eine kurze Fertigungsdauer dieser gelungenen Jugendstilobjekte gegeben.<\/p>\n","protected":false},"featured_media":31943,"comment_status":"open","ping_status":"closed","template":"","meta":[],"product_brand":[],"product_cat":[299,300,291,282,20,131,53],"product_tag":[],"class_list":{"0":"post-31934","1":"product","2":"type-product","3":"status-publish","4":"has-post-thumbnail","6":"product_cat-cocktailparty","7":"product_cat-gartenfest","8":"product_cat-hochzeit","9":"product_cat-jardiniere","10":"product_cat-lunchtime","11":"product_cat-tafeldekorationen","12":"product_cat-weihnachten","14":"first","15":"instock","16":"sold-individually","17":"purchasable","18":"product-type-simple"},"yoast_head":"<!-- This site is optimized with the Yoast SEO Premium plugin v15.8.2 - https:\/\/yoast.com\/wordpress\/plugins\/seo\/ -->\n<title>Versilberte Jugendstil Jardini\u00e8re, Fa. Orivit, K\u00f6ln, um 1900<\/title>\n<meta name=\"description\" content=\"Versilberte Jugendstil Jardini\u00e8re, Fa. Orivit, K\u00f6ln, um 1900 \u2665 Antiquit\u00e4ten Online kaufen \u2713 Sichere Lieferung \u2713\" \/>\n<meta name=\"robots\" content=\"index, follow, max-snippet:-1, max-image-preview:large, max-video-preview:-1\" \/>\n<link rel=\"canonical\" href=\"https:\/\/annette-ahrens.at\/onlineshop\/produkt\/versilberte-jugendstil-jardiniere-fa-orivit-koeln-um-1900\/\" \/>\n<meta property=\"og:locale\" content=\"de_DE\" \/>\n<meta property=\"og:type\" content=\"article\" \/>\n<meta property=\"og:title\" content=\"Versilberte Jugendstil Jardini\u00e8re, Fa. Orivit, K\u00f6ln, um 1900\" \/>\n<meta property=\"og:description\" content=\"Versilberte Jugendstil Jardini\u00e8re, Fa. Orivit, K\u00f6ln, um 1900 \u2665 Antiquit\u00e4ten Online kaufen \u2713 Sichere Lieferung \u2713\" \/>\n<meta property=\"og:url\" content=\"https:\/\/annette-ahrens.at\/onlineshop\/produkt\/versilberte-jugendstil-jardiniere-fa-orivit-koeln-um-1900\/\" \/>\n<meta property=\"og:site_name\" content=\"Tafelkultur Onlineshop\" \/>\n<meta property=\"article:publisher\" content=\"https:\/\/www.facebook.com\/AnnetteAhrensTafelkultur\" \/>\n<meta property=\"article:modified_time\" content=\"2024-10-03T21:14:13+00:00\" \/>\n<meta property=\"og:image\" content=\"https:\/\/annette-ahrens.at\/onlineshop\/wp-content\/uploads\/2024\/10\/IMG_1978-scaled.jpeg\" \/>\n\t<meta property=\"og:image:width\" content=\"2560\" \/>\n\t<meta property=\"og:image:height\" content=\"2252\" \/>\n<meta name=\"twitter:card\" content=\"summary_large_image\" \/>\n<meta name=\"twitter:label1\" content=\"Gesch\u00e4tzte Lesezeit\">\n\t<meta name=\"twitter:data1\" content=\"1\u00a0Minute\">\n<script type=\"application\/ld+json\" class=\"yoast-schema-graph\">{\"@context\":\"https:\/\/schema.org\",\"@graph\":[{\"@type\":[\"Person\",\"Organization\"],\"@id\":\"https:\/\/annette-ahrens.at\/onlineshop\/#\/schema\/person\/3e19676faae246bba0cb3b7e15f427d8\",\"name\":\"Annette Ahrens\",\"image\":{\"@type\":\"ImageObject\",\"@id\":\"https:\/\/annette-ahrens.at\/onlineshop\/#personlogo\",\"inLanguage\":\"de\",\"url\":\"https:\/\/annette-ahrens.at\/onlineshop\/wp-content\/uploads\/2020\/04\/aa_logo_End.png\",\"width\":800,\"height\":164,\"caption\":\"Annette Ahrens\"},\"logo\":{\"@id\":\"https:\/\/annette-ahrens.at\/onlineshop\/#personlogo\"},\"sameAs\":[\"https:\/\/annette-ahrens.at\",\"https:\/\/www.facebook.com\/AnnetteAhrensTafelkultur\",\"https:\/\/www.instagram.com\/tafelkulturistin\/\",\"https:\/\/de.wikipedia.org\/wiki\/Annette_Ahrens\"]},{\"@type\":\"WebSite\",\"@id\":\"https:\/\/annette-ahrens.at\/onlineshop\/#website\",\"url\":\"https:\/\/annette-ahrens.at\/onlineshop\/\",\"name\":\"Tafelkultur Onlineshop\",\"description\":\"Annette Ahrens\",\"publisher\":{\"@id\":\"https:\/\/annette-ahrens.at\/onlineshop\/#\/schema\/person\/3e19676faae246bba0cb3b7e15f427d8\"},\"potentialAction\":[{\"@type\":\"SearchAction\",\"target\":\"https:\/\/annette-ahrens.at\/onlineshop\/?s={search_term_string}\",\"query-input\":\"required name=search_term_string\"}],\"inLanguage\":\"de\"},{\"@type\":\"ImageObject\",\"@id\":\"https:\/\/annette-ahrens.at\/onlineshop\/produkt\/versilberte-jugendstil-jardiniere-fa-orivit-koeln-um-1900\/#primaryimage\",\"inLanguage\":\"de\",\"url\":\"https:\/\/annette-ahrens.at\/onlineshop\/wp-content\/uploads\/2024\/10\/IMG_1978-scaled.jpeg\",\"width\":2560,\"height\":2252,\"caption\":\"jardiniere_orivit\"},{\"@type\":[\"WebPage\",\"ItemPage\"],\"@id\":\"https:\/\/annette-ahrens.at\/onlineshop\/produkt\/versilberte-jugendstil-jardiniere-fa-orivit-koeln-um-1900\/#webpage\",\"url\":\"https:\/\/annette-ahrens.at\/onlineshop\/produkt\/versilberte-jugendstil-jardiniere-fa-orivit-koeln-um-1900\/\",\"name\":\"Versilberte Jugendstil Jardini\\u00e8re, Fa. Orivit, K\\u00f6ln, um 1900\",\"isPartOf\":{\"@id\":\"https:\/\/annette-ahrens.at\/onlineshop\/#website\"},\"primaryImageOfPage\":{\"@id\":\"https:\/\/annette-ahrens.at\/onlineshop\/produkt\/versilberte-jugendstil-jardiniere-fa-orivit-koeln-um-1900\/#primaryimage\"},\"datePublished\":\"2024-10-01T06:49:14+00:00\",\"dateModified\":\"2024-10-03T21:14:13+00:00\",\"description\":\"Versilberte Jugendstil Jardini\\u00e8re, Fa. Orivit, K\\u00f6ln, um 1900 \\u2665 Antiquit\\u00e4ten Online kaufen \\u2713 Sichere Lieferung \\u2713\",\"breadcrumb\":{\"@id\":\"https:\/\/annette-ahrens.at\/onlineshop\/produkt\/versilberte-jugendstil-jardiniere-fa-orivit-koeln-um-1900\/#breadcrumb\"},\"inLanguage\":\"de\",\"potentialAction\":[{\"@type\":\"ReadAction\",\"target\":[\"https:\/\/annette-ahrens.at\/onlineshop\/produkt\/versilberte-jugendstil-jardiniere-fa-orivit-koeln-um-1900\/\"]}]},{\"@type\":\"BreadcrumbList\",\"@id\":\"https:\/\/annette-ahrens.at\/onlineshop\/produkt\/versilberte-jugendstil-jardiniere-fa-orivit-koeln-um-1900\/#breadcrumb\",\"itemListElement\":[{\"@type\":\"ListItem\",\"position\":1,\"item\":{\"@type\":\"WebPage\",\"@id\":\"https:\/\/annette-ahrens.at\/onlineshop\/\",\"url\":\"https:\/\/annette-ahrens.at\/onlineshop\/\",\"name\":\"Home\"}},{\"@type\":\"ListItem\",\"position\":2,\"item\":{\"@type\":\"WebPage\",\"@id\":\"https:\/\/annette-ahrens.at\/onlineshop\/alle-tafelkultur-objekte\/\",\"url\":\"https:\/\/annette-ahrens.at\/onlineshop\/alle-tafelkultur-objekte\/\",\"name\":\"Alle Tafelkultur Objekte\"}},{\"@type\":\"ListItem\",\"position\":3,\"item\":{\"@type\":\"WebPage\",\"@id\":\"https:\/\/annette-ahrens.at\/onlineshop\/produkt\/versilberte-jugendstil-jardiniere-fa-orivit-koeln-um-1900\/\",\"url\":\"https:\/\/annette-ahrens.at\/onlineshop\/produkt\/versilberte-jugendstil-jardiniere-fa-orivit-koeln-um-1900\/\",\"name\":\"Versilberte Jugendstil Jardini\\u00e8re, Fa. Orivit, K\\u00f6ln, um 1900\"}}]}]}<\/script>\n<!-- \/ Yoast SEO Premium plugin. -->","_links":{"self":[{"href":"https:\/\/annette-ahrens.at\/onlineshop\/wp-json\/wp\/v2\/product\/31934","targetHints":{"allow":["GET"]}}],"collection":[{"href":"https:\/\/annette-ahrens.at\/onlineshop\/wp-json\/wp\/v2\/product"}],"about":[{"href":"https:\/\/annette-ahrens.at\/onlineshop\/wp-json\/wp\/v2\/types\/product"}],"replies":[{"embeddable":true,"href":"https:\/\/annette-ahrens.at\/onlineshop\/wp-json\/wp\/v2\/comments?post=31934"}],"wp:featuredmedia":[{"embeddable":true,"href":"https:\/\/annette-ahrens.at\/onlineshop\/wp-json\/wp\/v2\/media\/31943"}],"wp:attachment":[{"href":"https:\/\/annette-ahrens.at\/onlineshop\/wp-json\/wp\/v2\/media?parent=31934"}],"wp:term":[{"taxonomy":"product_brand","embeddable":true,"href":"https:\/\/annette-ahrens.at\/onlineshop\/wp-json\/wp\/v2\/product_brand?post=31934"},{"taxonomy":"product_cat","embeddable":true,"href":"https:\/\/annette-ahrens.at\/onlineshop\/wp-json\/wp\/v2\/product_cat?post=31934"},{"taxonomy":"product_tag","embeddable":true,"href":"https:\/\/annette-ahrens.at\/onlineshop\/wp-json\/wp\/v2\/product_tag?post=31934"}],"curies":[{"name":"wp","href":"https:\/\/api.w.org\/{rel}","templated":true}]}}

Versilberte Jugendstil Jardinière, Fa. Orivit, Köln, um 1900

<p>Versilberte Jugendstil Jardinière</p>
<p>Fa. Orivit AG, Köln, Deutschland, um 1900</p>
<p>Orivit-Metall, oval, Wandung mit Jugendstil-Dekor, zwei seitlich hochgezogene, vegetabile Henkel, am Boden gemarkt &#8222;ORIVIT&#8220; und Modellnummer 2452, farbloser Glaseinsatz mit Bodenschliffstern, tadelloser, handpolierter Erhaltungszustand</p>
<p>H 8 cm</p>
<p>L 25 x 9 cm</p>
<p>Literatur: ORIVIT, Zinn des Jugendstils aus Köln, Köln 1992</p>

<p>Annettes Etikette:  Im Jahre 1898 wurde die “Rheinische Bronze- und Metallwarenfabrik Johann Heinrich Welke&#8220; aus Bedburg in ORIVIT unbenannt. Stilistisch orientierte sich der Hersteller an bekannten deutschen Konkurrenten wie der Württemmbergischen Metallwarenfabrik (WMF) oder Kayserzinn aus Krefeld. Die Pariser Weltausstellung im Jahre 1900 brachte die Auszeichnung mit einer Goldmedaille. Schon 1905 erfolgte die Übernahme durch die Württemmbergische Metallwarenfabrik, somit ist nur eine kurze Fertigungsdauer dieser gelungenen Jugendstilobjekte gegeben.</p>

<!-- This site is optimized with the Yoast SEO Premium plugin v15.8.2 - https://yoast.com/wordpress/plugins/seo/ -->
<title>Versilberte Jugendstil Jardinière, Fa. Orivit, Köln, um 1900</title>
<meta name="description" content="Versilberte Jugendstil Jardinière, Fa. Orivit, Köln, um 1900 ♥ Antiquitäten Online kaufen ✓ Sichere Lieferung ✓" />
<meta name="robots" content="index, follow, max-snippet:-1, max-image-preview:large, max-video-preview:-1" />
<link rel="canonical" href="https://annette-ahrens.at/onlineshop/produkt/versilberte-jugendstil-jardiniere-fa-orivit-koeln-um-1900/" />
<meta property="og:locale" content="de_DE" />
<meta property="og:type" content="article" />
<meta property="og:title" content="Versilberte Jugendstil Jardinière, Fa. Orivit, Köln, um 1900" />
<meta property="og:description" content="Versilberte Jugendstil Jardinière, Fa. Orivit, Köln, um 1900 ♥ Antiquitäten Online kaufen ✓ Sichere Lieferung ✓" />
<meta property="og:url" content="https://annette-ahrens.at/onlineshop/produkt/versilberte-jugendstil-jardiniere-fa-orivit-koeln-um-1900/" />
<meta property="og:site_name" content="Tafelkultur Onlineshop" />
<meta property="article:publisher" content="https://www.facebook.com/AnnetteAhrensTafelkultur" />
<meta property="article:modified_time" content="2024-10-03T21:14:13+00:00" />
<meta property="og:image" content="https://annette-ahrens.at/onlineshop/wp-content/uploads/2024/10/IMG_1978-scaled.jpeg" />
	<meta property="og:image:width" content="2560" />
	<meta property="og:image:height" content="2252" />
<meta name="twitter:card" content="summary_large_image" />
<meta name="twitter:label1" content="Geschätzte Lesezeit">
	<meta name="twitter:data1" content="1 Minute">
<script type="application/ld+json" class="yoast-schema-graph">{"@context":"https://schema.org","@graph":[{"@type":["Person","Organization"],"@id":"https://annette-ahrens.at/onlineshop/#/schema/person/3e19676faae246bba0cb3b7e15f427d8","name":"Annette Ahrens","image":{"@type":"ImageObject","@id":"https://annette-ahrens.at/onlineshop/#personlogo","inLanguage":"de","url":"https://annette-ahrens.at/onlineshop/wp-content/uploads/2020/04/aa_logo_End.png","width":800,"height":164,"caption":"Annette Ahrens"},"logo":{"@id":"https://annette-ahrens.at/onlineshop/#personlogo"},"sameAs":["https://annette-ahrens.at","https://www.facebook.com/AnnetteAhrensTafelkultur","https://www.instagram.com/tafelkulturistin/","https://de.wikipedia.org/wiki/Annette_Ahrens"]},{"@type":"WebSite","@id":"https://annette-ahrens.at/onlineshop/#website","url":"https://annette-ahrens.at/onlineshop/","name":"Tafelkultur Onlineshop","description":"Annette Ahrens","publisher":{"@id":"https://annette-ahrens.at/onlineshop/#/schema/person/3e19676faae246bba0cb3b7e15f427d8"},"potentialAction":[{"@type":"SearchAction","target":"https://annette-ahrens.at/onlineshop/?s={search_term_string}","query-input":"required name=search_term_string"}],"inLanguage":"de"},{"@type":"ImageObject","@id":"https://annette-ahrens.at/onlineshop/produkt/versilberte-jugendstil-jardiniere-fa-orivit-koeln-um-1900/#primaryimage","inLanguage":"de","url":"https://annette-ahrens.at/onlineshop/wp-content/uploads/2024/10/IMG_1978-scaled.jpeg","width":2560,"height":2252,"caption":"jardiniere_orivit"},{"@type":["WebPage","ItemPage"],"@id":"https://annette-ahrens.at/onlineshop/produkt/versilberte-jugendstil-jardiniere-fa-orivit-koeln-um-1900/#webpage","url":"https://annette-ahrens.at/onlineshop/produkt/versilberte-jugendstil-jardiniere-fa-orivit-koeln-um-1900/","name":"Versilberte Jugendstil Jardini\u00e8re, Fa. Orivit, K\u00f6ln, um 1900","isPartOf":{"@id":"https://annette-ahrens.at/onlineshop/#website"},"primaryImageOfPage":{"@id":"https://annette-ahrens.at/onlineshop/produkt/versilberte-jugendstil-jardiniere-fa-orivit-koeln-um-1900/#primaryimage"},"datePublished":"2024-10-01T06:49:14+00:00","dateModified":"2024-10-03T21:14:13+00:00","description":"Versilberte Jugendstil Jardini\u00e8re, Fa. Orivit, K\u00f6ln, um 1900 \u2665 Antiquit\u00e4ten Online kaufen \u2713 Sichere Lieferung \u2713","breadcrumb":{"@id":"https://annette-ahrens.at/onlineshop/produkt/versilberte-jugendstil-jardiniere-fa-orivit-koeln-um-1900/#breadcrumb"},"inLanguage":"de","potentialAction":[{"@type":"ReadAction","target":["https://annette-ahrens.at/onlineshop/produkt/versilberte-jugendstil-jardiniere-fa-orivit-koeln-um-1900/"]}]},{"@type":"BreadcrumbList","@id":"https://annette-ahrens.at/onlineshop/produkt/versilberte-jugendstil-jardiniere-fa-orivit-koeln-um-1900/#breadcrumb","itemListElement":[{"@type":"ListItem","position":1,"item":{"@type":"WebPage","@id":"https://annette-ahrens.at/onlineshop/","url":"https://annette-ahrens.at/onlineshop/","name":"Home"}},{"@type":"ListItem","position":2,"item":{"@type":"WebPage","@id":"https://annette-ahrens.at/onlineshop/alle-tafelkultur-objekte/","url":"https://annette-ahrens.at/onlineshop/alle-tafelkultur-objekte/","name":"Alle Tafelkultur Objekte"}},{"@type":"ListItem","position":3,"item":{"@type":"WebPage","@id":"https://annette-ahrens.at/onlineshop/produkt/versilberte-jugendstil-jardiniere-fa-orivit-koeln-um-1900/","url":"https://annette-ahrens.at/onlineshop/produkt/versilberte-jugendstil-jardiniere-fa-orivit-koeln-um-1900/","name":"Versilberte Jugendstil Jardini\u00e8re, Fa. Orivit, K\u00f6ln, um 1900"}}]}]}</script>
<!-- / Yoast SEO Premium plugin. -->
