{"id":3235,"date":"2020-10-07T22:16:10","date_gmt":"2020-10-07T20:16:10","guid":{"rendered":"https:\/\/annette-ahrens.at\/onlineshop\/?post_type=product&#038;p=3235"},"modified":"2024-02-19T17:08:40","modified_gmt":"2024-02-19T16:08:40","slug":"midcentury-service-jaroslav-jezek-fa-pirkenhammer-um-1958","status":"publish","type":"product","link":"https:\/\/annette-ahrens.at\/onlineshop\/produkt\/midcentury-service-jaroslav-jezek-fa-pirkenhammer-um-1958\/","title":{"rendered":"Midcentury Mokkaservice &#8222;Cornelia&#8220;, Jaroslav Je\u017eek, Fa. Pirkenhammer, um 1958"},"content":{"rendered":"<p>Midcentury Mokkaservice &#8222;Cornelia&#8220;<\/p>\n<p>Entwurf: Jaroslav Je\u017eek (1923 &#8211; 2002), Fa. Lou\u010dky, Karlsbad, B\u00f6hmen, f\u00fcr die Expo Br\u00fcssel 1958<\/p>\n<p>Porzellan, bunt bemalt, bestehend aus Mokkakanne mit Deckel, Zuckerdose mit Deckel und sechs Tassen mit Untertassen, gemarkt &#8222;CORNELIA, Lou\u010dky, CARLSBAD, \u00a0CZECHOSLOVAKIA&#8220;<\/p>\n<p>Dm 6 cm<\/p>\n<p>Literatur: Lenka\u00a0P\u00e1nkov\u00e1,\u00a0<i>Jaroslav Je\u017eek<\/i>, Porzellan, Keramik, Zeichnung, Malerei, Ausstellung zu seinem Jubil\u00e4um, Karlsbad 1998<\/p>\n","protected":false},"excerpt":{"rendered":"<p>Annettes Etikette: Die Fahrt durchs Egerland f\u00fchrt an vielen Porzellanmanufakturen vorbei. Im Ortsteil Loucky befindet sich die Manufaktur von Rudolf K\u00e4mpf Gr\u00fcnlas, welche 1911 gegr\u00fcndet wurde. Um 1950 konnten namhafte K\u00fcnstler f\u00fcr Entw\u00fcrfe zeittypischer Porzellane gewonnen werden. Bis heute wird die Manufaktur ihrem Namen gerecht: alles wird per Hand angefertigt. Der tschechische Designer\u00a0Jaroslav Je\u017eek (1923 &#8211; 2002) zeichnet f\u00fcr rund 52 verschiedene Porzellanservice verantwortlich und erfreut sich eines umtriebigen, internationalen Sammlerkreises.<\/p>\n","protected":false},"featured_media":3224,"comment_status":"open","ping_status":"closed","template":"","meta":[],"product_brand":[],"product_cat":[25,297,18,37,148,155,147,157,158],"product_tag":[],"class_list":{"0":"post-3235","1":"product","2":"type-product","3":"status-publish","4":"has-post-thumbnail","6":"product_cat-5o-clock-tea","7":"product_cat-adventjause","8":"product_cat-fruehstueck","9":"product_cat-kaffee","10":"product_cat-kaffeekannen","11":"product_cat-milchgiesser","12":"product_cat-moccatassen","13":"product_cat-zucker-fruehstueck","14":"product_cat-zuckerdose","16":"first","17":"instock","18":"sold-individually","19":"purchasable","20":"product-type-simple"},"yoast_head":"<!-- This site is optimized with the Yoast SEO Premium plugin v15.8.2 - https:\/\/yoast.com\/wordpress\/plugins\/seo\/ -->\n<title>Midcentury Mokkaservice &quot;Cornelia&quot;, Jaroslav Je\u017eek, Fa. Pirkenhammer, um 1958<\/title>\n<meta name=\"description\" content=\"Midcentury Mokkaservice &quot;Cornelia&quot;, Jaroslav Je\u017eek, Fa. Pirkenhammer, um 1958 \u2665 Antiquit\u00e4ten Online kaufen \u2713 Sichere Lieferung \u2713\" \/>\n<meta name=\"robots\" content=\"index, follow, max-snippet:-1, max-image-preview:large, max-video-preview:-1\" \/>\n<link rel=\"canonical\" href=\"https:\/\/annette-ahrens.at\/onlineshop\/produkt\/midcentury-service-jaroslav-jezek-fa-pirkenhammer-um-1958\/\" \/>\n<meta property=\"og:locale\" content=\"de_DE\" \/>\n<meta property=\"og:type\" content=\"article\" \/>\n<meta property=\"og:title\" content=\"Midcentury Mokkaservice &quot;Cornelia&quot;, Jaroslav Je\u017eek, Fa. Pirkenhammer, um 1958\" \/>\n<meta property=\"og:description\" content=\"Midcentury Mokkaservice &quot;Cornelia&quot;, Jaroslav Je\u017eek, Fa. Pirkenhammer, um 1958 \u2665 Antiquit\u00e4ten Online kaufen \u2713 Sichere Lieferung \u2713\" \/>\n<meta property=\"og:url\" content=\"https:\/\/annette-ahrens.at\/onlineshop\/produkt\/midcentury-service-jaroslav-jezek-fa-pirkenhammer-um-1958\/\" \/>\n<meta property=\"og:site_name\" content=\"Tafelkultur Onlineshop\" \/>\n<meta property=\"article:publisher\" content=\"https:\/\/www.facebook.com\/AnnetteAhrensTafelkultur\" \/>\n<meta property=\"article:modified_time\" content=\"2024-02-19T16:08:40+00:00\" \/>\n<meta property=\"og:image\" content=\"https:\/\/annette-ahrens.at\/onlineshop\/wp-content\/uploads\/2020\/10\/IMG_1066-scaled.jpeg\" \/>\n\t<meta property=\"og:image:width\" content=\"2560\" \/>\n\t<meta property=\"og:image:height\" content=\"2560\" \/>\n<meta name=\"twitter:card\" content=\"summary_large_image\" \/>\n<script type=\"application\/ld+json\" class=\"yoast-schema-graph\">{\"@context\":\"https:\/\/schema.org\",\"@graph\":[{\"@type\":[\"Person\",\"Organization\"],\"@id\":\"https:\/\/annette-ahrens.at\/onlineshop\/#\/schema\/person\/3e19676faae246bba0cb3b7e15f427d8\",\"name\":\"Annette Ahrens\",\"image\":{\"@type\":\"ImageObject\",\"@id\":\"https:\/\/annette-ahrens.at\/onlineshop\/#personlogo\",\"inLanguage\":\"de\",\"url\":\"https:\/\/annette-ahrens.at\/onlineshop\/wp-content\/uploads\/2020\/04\/aa_logo_End.png\",\"width\":800,\"height\":164,\"caption\":\"Annette Ahrens\"},\"logo\":{\"@id\":\"https:\/\/annette-ahrens.at\/onlineshop\/#personlogo\"},\"sameAs\":[\"https:\/\/annette-ahrens.at\",\"https:\/\/www.facebook.com\/AnnetteAhrensTafelkultur\",\"https:\/\/www.instagram.com\/tafelkulturistin\/\",\"https:\/\/de.wikipedia.org\/wiki\/Annette_Ahrens\"]},{\"@type\":\"WebSite\",\"@id\":\"https:\/\/annette-ahrens.at\/onlineshop\/#website\",\"url\":\"https:\/\/annette-ahrens.at\/onlineshop\/\",\"name\":\"Tafelkultur Onlineshop\",\"description\":\"Annette Ahrens\",\"publisher\":{\"@id\":\"https:\/\/annette-ahrens.at\/onlineshop\/#\/schema\/person\/3e19676faae246bba0cb3b7e15f427d8\"},\"potentialAction\":[{\"@type\":\"SearchAction\",\"target\":\"https:\/\/annette-ahrens.at\/onlineshop\/?s={search_term_string}\",\"query-input\":\"required name=search_term_string\"}],\"inLanguage\":\"de\"},{\"@type\":\"ImageObject\",\"@id\":\"https:\/\/annette-ahrens.at\/onlineshop\/produkt\/midcentury-service-jaroslav-jezek-fa-pirkenhammer-um-1958\/#primaryimage\",\"inLanguage\":\"de\",\"url\":\"https:\/\/annette-ahrens.at\/onlineshop\/wp-content\/uploads\/2020\/10\/IMG_1066-scaled.jpeg\",\"width\":2560,\"height\":2560,\"caption\":\"Mokkaservice 50ties\"},{\"@type\":[\"WebPage\",\"ItemPage\"],\"@id\":\"https:\/\/annette-ahrens.at\/onlineshop\/produkt\/midcentury-service-jaroslav-jezek-fa-pirkenhammer-um-1958\/#webpage\",\"url\":\"https:\/\/annette-ahrens.at\/onlineshop\/produkt\/midcentury-service-jaroslav-jezek-fa-pirkenhammer-um-1958\/\",\"name\":\"Midcentury Mokkaservice \\\"Cornelia\\\", Jaroslav Je\\u017eek, Fa. Pirkenhammer, um 1958\",\"isPartOf\":{\"@id\":\"https:\/\/annette-ahrens.at\/onlineshop\/#website\"},\"primaryImageOfPage\":{\"@id\":\"https:\/\/annette-ahrens.at\/onlineshop\/produkt\/midcentury-service-jaroslav-jezek-fa-pirkenhammer-um-1958\/#primaryimage\"},\"datePublished\":\"2020-10-07T20:16:10+00:00\",\"dateModified\":\"2024-02-19T16:08:40+00:00\",\"description\":\"Midcentury Mokkaservice \\\"Cornelia\\\", Jaroslav Je\\u017eek, Fa. Pirkenhammer, um 1958 \\u2665 Antiquit\\u00e4ten Online kaufen \\u2713 Sichere Lieferung \\u2713\",\"breadcrumb\":{\"@id\":\"https:\/\/annette-ahrens.at\/onlineshop\/produkt\/midcentury-service-jaroslav-jezek-fa-pirkenhammer-um-1958\/#breadcrumb\"},\"inLanguage\":\"de\",\"potentialAction\":[{\"@type\":\"ReadAction\",\"target\":[\"https:\/\/annette-ahrens.at\/onlineshop\/produkt\/midcentury-service-jaroslav-jezek-fa-pirkenhammer-um-1958\/\"]}]},{\"@type\":\"BreadcrumbList\",\"@id\":\"https:\/\/annette-ahrens.at\/onlineshop\/produkt\/midcentury-service-jaroslav-jezek-fa-pirkenhammer-um-1958\/#breadcrumb\",\"itemListElement\":[{\"@type\":\"ListItem\",\"position\":1,\"item\":{\"@type\":\"WebPage\",\"@id\":\"https:\/\/annette-ahrens.at\/onlineshop\/\",\"url\":\"https:\/\/annette-ahrens.at\/onlineshop\/\",\"name\":\"Home\"}},{\"@type\":\"ListItem\",\"position\":2,\"item\":{\"@type\":\"WebPage\",\"@id\":\"https:\/\/annette-ahrens.at\/onlineshop\/alle-tafelkultur-objekte\/\",\"url\":\"https:\/\/annette-ahrens.at\/onlineshop\/alle-tafelkultur-objekte\/\",\"name\":\"Alle Tafelkultur Objekte\"}},{\"@type\":\"ListItem\",\"position\":3,\"item\":{\"@type\":\"WebPage\",\"@id\":\"https:\/\/annette-ahrens.at\/onlineshop\/produkt\/midcentury-service-jaroslav-jezek-fa-pirkenhammer-um-1958\/\",\"url\":\"https:\/\/annette-ahrens.at\/onlineshop\/produkt\/midcentury-service-jaroslav-jezek-fa-pirkenhammer-um-1958\/\",\"name\":\"Midcentury Mokkaservice &#8220;Cornelia&#8221;, Jaroslav Je\\u017eek, Fa. Pirkenhammer, um 1958\"}}]}]}<\/script>\n<!-- \/ Yoast SEO Premium plugin. -->","_links":{"self":[{"href":"https:\/\/annette-ahrens.at\/onlineshop\/wp-json\/wp\/v2\/product\/3235","targetHints":{"allow":["GET"]}}],"collection":[{"href":"https:\/\/annette-ahrens.at\/onlineshop\/wp-json\/wp\/v2\/product"}],"about":[{"href":"https:\/\/annette-ahrens.at\/onlineshop\/wp-json\/wp\/v2\/types\/product"}],"replies":[{"embeddable":true,"href":"https:\/\/annette-ahrens.at\/onlineshop\/wp-json\/wp\/v2\/comments?post=3235"}],"wp:featuredmedia":[{"embeddable":true,"href":"https:\/\/annette-ahrens.at\/onlineshop\/wp-json\/wp\/v2\/media\/3224"}],"wp:attachment":[{"href":"https:\/\/annette-ahrens.at\/onlineshop\/wp-json\/wp\/v2\/media?parent=3235"}],"wp:term":[{"taxonomy":"product_brand","embeddable":true,"href":"https:\/\/annette-ahrens.at\/onlineshop\/wp-json\/wp\/v2\/product_brand?post=3235"},{"taxonomy":"product_cat","embeddable":true,"href":"https:\/\/annette-ahrens.at\/onlineshop\/wp-json\/wp\/v2\/product_cat?post=3235"},{"taxonomy":"product_tag","embeddable":true,"href":"https:\/\/annette-ahrens.at\/onlineshop\/wp-json\/wp\/v2\/product_tag?post=3235"}],"curies":[{"name":"wp","href":"https:\/\/api.w.org\/{rel}","templated":true}]}}