{"id":34690,"date":"2025-06-06T07:10:15","date_gmt":"2025-06-06T05:10:15","guid":{"rendered":"https:\/\/annette-ahrens.at\/onlineshop\/?post_type=product&#038;p=34690"},"modified":"2025-06-04T18:30:34","modified_gmt":"2025-06-04T16:30:34","slug":"grosses-versilbertes-art-deco-tablett-fa-sandrik-um-1920","status":"publish","type":"product","link":"https:\/\/annette-ahrens.at\/onlineshop\/produkt\/grosses-versilbertes-art-deco-tablett-fa-sandrik-um-1920\/","title":{"rendered":"Gro\u00dfes versilbertes Art Deco Tablett, Fa. Sandrik, um 1920"},"content":{"rendered":"<p>Gro\u00dfes versilbertes Art Deco Henkeltablett<\/p>\n<p>Fa. Sandrik, Tschechoslowakei, um 1920<\/p>\n<p>Alpacca, versilbert, glatter Spiegel mit geschwungener Fahne, zwei vegetabile Henkel, gemarkt mit Firmenmarke Blume f\u00fcr Sandrik, tadelloser Erhaltungszustand<\/p>\n<p>L 74 cm x 48 cm<\/p>\n","protected":false},"excerpt":{"rendered":"<p>Annettes Etikette: Die Firma Sandrik wurde von ihrem Namensgeber Jan Sandrik 1895 in Hodrusa-Hamre der Slowakei gegr\u00fcndet. Mit Eintritt von Jan Peterka um 1900 \u00e4nderte die Firma ihre Angebotspalette und reagierte mit der Produktion von plattierter Ware auf die neue Nachfrage leistbarer Objekte der Tafelkultur. 70% der Produktion entfiel auf Bestecke aus Alpaka oder versilberter Alpaka, zu 30% aus der Herstellung von luxuri\u00f6sen Tafelger\u00e4ten. Sandrik hat im Jahre 1918 auch den Auftrag f\u00fcr die ehemaligen \u00d6sterreich-Ungarischen Kriegsschiffe erhalten und hat fast die H\u00e4lfte der hochwertigen Ausstattungen f\u00fcr Luxus-Hotels in Wien geliefert. Schon in dieser Zeit kam es zu Kontakten mit der Firma Arthur Krupp aus Berndorf, die die gr\u00f6\u00dfte Firma in dieser Branche war und zu dieser Zeit fast 1500 Mitarbeiter hatte. Berndorf beteiligte sich zu dieser Zeit mit Kapital an der Firma Sandrik. Nach 1945 wurde die Firma verstaatlicht. Im Jahre 1991, nach dem Regimewechsel, haben sich die beiden Marken wieder zusammengeschlossen und es wurde die Gesellschaft \u2013 Berndorf Sandrik gegr\u00fcndet und diese ist bis heute eine traditionsreiche Marke f\u00fcr Tischkultur.<\/p>\n","protected":false},"featured_media":37803,"comment_status":"open","ping_status":"closed","template":"","meta":[],"product_brand":[],"product_cat":[283,131],"product_tag":[],"class_list":{"0":"post-34690","1":"product","2":"type-product","3":"status-publish","4":"has-post-thumbnail","6":"product_cat-tablett","7":"product_cat-tafeldekorationen","9":"first","10":"instock","11":"sold-individually","12":"purchasable","13":"product-type-simple"},"yoast_head":"<!-- This site is optimized with the Yoast SEO Premium plugin v15.8.2 - https:\/\/yoast.com\/wordpress\/plugins\/seo\/ -->\n<title>Gro\u00dfes versilbertes Art Deco Tablett, Fa. Sandrik, um 1920<\/title>\n<meta name=\"description\" content=\"Gro\u00dfes versilbertes Art Deco Tablett, Fa. Sandrik, um 1920 \u2665 Antiquit\u00e4ten Online kaufen \u2713 Sichere Lieferung \u2713\" \/>\n<meta name=\"robots\" content=\"index, follow, max-snippet:-1, max-image-preview:large, max-video-preview:-1\" \/>\n<link rel=\"canonical\" href=\"https:\/\/annette-ahrens.at\/onlineshop\/produkt\/grosses-versilbertes-art-deco-tablett-fa-sandrik-um-1920\/\" \/>\n<meta property=\"og:locale\" content=\"de_DE\" \/>\n<meta property=\"og:type\" content=\"article\" \/>\n<meta property=\"og:title\" content=\"Gro\u00dfes versilbertes Art Deco Tablett, Fa. Sandrik, um 1920\" \/>\n<meta property=\"og:description\" content=\"Gro\u00dfes versilbertes Art Deco Tablett, Fa. Sandrik, um 1920 \u2665 Antiquit\u00e4ten Online kaufen \u2713 Sichere Lieferung \u2713\" \/>\n<meta property=\"og:url\" content=\"https:\/\/annette-ahrens.at\/onlineshop\/produkt\/grosses-versilbertes-art-deco-tablett-fa-sandrik-um-1920\/\" \/>\n<meta property=\"og:site_name\" content=\"Tafelkultur Onlineshop\" \/>\n<meta property=\"article:publisher\" content=\"https:\/\/www.facebook.com\/AnnetteAhrensTafelkultur\" \/>\n<meta property=\"article:modified_time\" content=\"2025-06-04T16:30:34+00:00\" \/>\n<meta property=\"og:image\" content=\"https:\/\/annette-ahrens.at\/onlineshop\/wp-content\/uploads\/2025\/06\/IMG_7393-scaled.jpeg\" \/>\n\t<meta property=\"og:image:width\" content=\"1536\" \/>\n\t<meta property=\"og:image:height\" content=\"2048\" \/>\n<meta name=\"twitter:card\" content=\"summary_large_image\" \/>\n<meta name=\"twitter:label1\" content=\"Gesch\u00e4tzte Lesezeit\">\n\t<meta name=\"twitter:data1\" content=\"1\u00a0Minute\">\n<script type=\"application\/ld+json\" class=\"yoast-schema-graph\">{\"@context\":\"https:\/\/schema.org\",\"@graph\":[{\"@type\":[\"Person\",\"Organization\"],\"@id\":\"https:\/\/annette-ahrens.at\/onlineshop\/#\/schema\/person\/3e19676faae246bba0cb3b7e15f427d8\",\"name\":\"Annette Ahrens\",\"image\":{\"@type\":\"ImageObject\",\"@id\":\"https:\/\/annette-ahrens.at\/onlineshop\/#personlogo\",\"inLanguage\":\"de\",\"url\":\"https:\/\/annette-ahrens.at\/onlineshop\/wp-content\/uploads\/2020\/04\/aa_logo_End.png\",\"width\":800,\"height\":164,\"caption\":\"Annette Ahrens\"},\"logo\":{\"@id\":\"https:\/\/annette-ahrens.at\/onlineshop\/#personlogo\"},\"sameAs\":[\"https:\/\/annette-ahrens.at\",\"https:\/\/www.facebook.com\/AnnetteAhrensTafelkultur\",\"https:\/\/www.instagram.com\/tafelkulturistin\/\",\"https:\/\/de.wikipedia.org\/wiki\/Annette_Ahrens\"]},{\"@type\":\"WebSite\",\"@id\":\"https:\/\/annette-ahrens.at\/onlineshop\/#website\",\"url\":\"https:\/\/annette-ahrens.at\/onlineshop\/\",\"name\":\"Tafelkultur Onlineshop\",\"description\":\"Annette Ahrens\",\"publisher\":{\"@id\":\"https:\/\/annette-ahrens.at\/onlineshop\/#\/schema\/person\/3e19676faae246bba0cb3b7e15f427d8\"},\"potentialAction\":[{\"@type\":\"SearchAction\",\"target\":\"https:\/\/annette-ahrens.at\/onlineshop\/?s={search_term_string}\",\"query-input\":\"required name=search_term_string\"}],\"inLanguage\":\"de\"},{\"@type\":\"ImageObject\",\"@id\":\"https:\/\/annette-ahrens.at\/onlineshop\/produkt\/grosses-versilbertes-art-deco-tablett-fa-sandrik-um-1920\/#primaryimage\",\"inLanguage\":\"de\",\"url\":\"https:\/\/annette-ahrens.at\/onlineshop\/wp-content\/uploads\/2025\/06\/IMG_7393-scaled.jpeg\",\"width\":1536,\"height\":2048,\"caption\":\"henkeltablett_sandrik\"},{\"@type\":[\"WebPage\",\"ItemPage\"],\"@id\":\"https:\/\/annette-ahrens.at\/onlineshop\/produkt\/grosses-versilbertes-art-deco-tablett-fa-sandrik-um-1920\/#webpage\",\"url\":\"https:\/\/annette-ahrens.at\/onlineshop\/produkt\/grosses-versilbertes-art-deco-tablett-fa-sandrik-um-1920\/\",\"name\":\"Gro\\u00dfes versilbertes Art Deco Tablett, Fa. Sandrik, um 1920\",\"isPartOf\":{\"@id\":\"https:\/\/annette-ahrens.at\/onlineshop\/#website\"},\"primaryImageOfPage\":{\"@id\":\"https:\/\/annette-ahrens.at\/onlineshop\/produkt\/grosses-versilbertes-art-deco-tablett-fa-sandrik-um-1920\/#primaryimage\"},\"datePublished\":\"2025-06-06T05:10:15+00:00\",\"dateModified\":\"2025-06-04T16:30:34+00:00\",\"description\":\"Gro\\u00dfes versilbertes Art Deco Tablett, Fa. Sandrik, um 1920 \\u2665 Antiquit\\u00e4ten Online kaufen \\u2713 Sichere Lieferung \\u2713\",\"breadcrumb\":{\"@id\":\"https:\/\/annette-ahrens.at\/onlineshop\/produkt\/grosses-versilbertes-art-deco-tablett-fa-sandrik-um-1920\/#breadcrumb\"},\"inLanguage\":\"de\",\"potentialAction\":[{\"@type\":\"ReadAction\",\"target\":[\"https:\/\/annette-ahrens.at\/onlineshop\/produkt\/grosses-versilbertes-art-deco-tablett-fa-sandrik-um-1920\/\"]}]},{\"@type\":\"BreadcrumbList\",\"@id\":\"https:\/\/annette-ahrens.at\/onlineshop\/produkt\/grosses-versilbertes-art-deco-tablett-fa-sandrik-um-1920\/#breadcrumb\",\"itemListElement\":[{\"@type\":\"ListItem\",\"position\":1,\"item\":{\"@type\":\"WebPage\",\"@id\":\"https:\/\/annette-ahrens.at\/onlineshop\/\",\"url\":\"https:\/\/annette-ahrens.at\/onlineshop\/\",\"name\":\"Home\"}},{\"@type\":\"ListItem\",\"position\":2,\"item\":{\"@type\":\"WebPage\",\"@id\":\"https:\/\/annette-ahrens.at\/onlineshop\/alle-tafelkultur-objekte\/\",\"url\":\"https:\/\/annette-ahrens.at\/onlineshop\/alle-tafelkultur-objekte\/\",\"name\":\"Alle Tafelkultur Objekte\"}},{\"@type\":\"ListItem\",\"position\":3,\"item\":{\"@type\":\"WebPage\",\"@id\":\"https:\/\/annette-ahrens.at\/onlineshop\/produkt\/grosses-versilbertes-art-deco-tablett-fa-sandrik-um-1920\/\",\"url\":\"https:\/\/annette-ahrens.at\/onlineshop\/produkt\/grosses-versilbertes-art-deco-tablett-fa-sandrik-um-1920\/\",\"name\":\"Gro\\u00dfes versilbertes Art Deco Tablett, Fa. Sandrik, um 1920\"}}]}]}<\/script>\n<!-- \/ Yoast SEO Premium plugin. -->","_links":{"self":[{"href":"https:\/\/annette-ahrens.at\/onlineshop\/wp-json\/wp\/v2\/product\/34690","targetHints":{"allow":["GET"]}}],"collection":[{"href":"https:\/\/annette-ahrens.at\/onlineshop\/wp-json\/wp\/v2\/product"}],"about":[{"href":"https:\/\/annette-ahrens.at\/onlineshop\/wp-json\/wp\/v2\/types\/product"}],"replies":[{"embeddable":true,"href":"https:\/\/annette-ahrens.at\/onlineshop\/wp-json\/wp\/v2\/comments?post=34690"}],"wp:featuredmedia":[{"embeddable":true,"href":"https:\/\/annette-ahrens.at\/onlineshop\/wp-json\/wp\/v2\/media\/37803"}],"wp:attachment":[{"href":"https:\/\/annette-ahrens.at\/onlineshop\/wp-json\/wp\/v2\/media?parent=34690"}],"wp:term":[{"taxonomy":"product_brand","embeddable":true,"href":"https:\/\/annette-ahrens.at\/onlineshop\/wp-json\/wp\/v2\/product_brand?post=34690"},{"taxonomy":"product_cat","embeddable":true,"href":"https:\/\/annette-ahrens.at\/onlineshop\/wp-json\/wp\/v2\/product_cat?post=34690"},{"taxonomy":"product_tag","embeddable":true,"href":"https:\/\/annette-ahrens.at\/onlineshop\/wp-json\/wp\/v2\/product_tag?post=34690"}],"curies":[{"name":"wp","href":"https:\/\/api.w.org\/{rel}","templated":true}]}}