{"id":36254,"date":"2025-04-11T22:23:41","date_gmt":"2025-04-11T20:23:41","guid":{"rendered":"https:\/\/annette-ahrens.at\/onlineshop\/?post_type=product&#038;p=36254"},"modified":"2026-01-10T16:04:49","modified_gmt":"2026-01-10T15:04:49","slug":"63-teiliges-silbernes-art-deco-besteck-fuer-6-personen-tschechoslowakei-nach-1940","status":"publish","type":"product","link":"https:\/\/annette-ahrens.at\/onlineshop\/produkt\/63-teiliges-silbernes-art-deco-besteck-fuer-6-personen-tschechoslowakei-nach-1940\/","title":{"rendered":"63 teiliges, silbernes Art Deco Besteck f\u00fcr 6 Personen, Tschechoslowakei, nach 1940"},"content":{"rendered":"<p>Silbernes Art Deco Besteck f\u00fcr 6 Personen<\/p>\n<p>Tschechoslowakei, um 1940<\/p>\n<p>63 Teile, Silber, teilweise vergoldet, Art Deco-Facon, alle Teile gemarkt mit tschechoslowakischer Punze, Meistermarke JL im Rechteck und Feingehalt 800 im Rechteck, alle Messer mit rostfreien Klingen, in originaler Kassette, funktionierendes Schlo\u00df mit Schl\u00fcssel, innen mit grauem Filz tapeziert, handpolierter, tadelloser Erhaltungszustand<\/p>\n<p>2.920 g<\/p>\n<p>Bestehend aus:<\/p>\n<p>6 Suppenl\u00f6ffel<\/p>\n<p>6 Menugabeln<\/p>\n<p>6 Menumesser<\/p>\n<p>6 Vorspeisgabeln<\/p>\n<p>6 Vorspeismesser<\/p>\n<p>6 Teel\u00f6ffel<\/p>\n<p>6 Mokkal\u00f6ffel<\/p>\n<p>6 Fischmesser<\/p>\n<p>6 Fischgabeln<\/p>\n<p>&amp; 9 Vorlegern (Fleischgabel, Vorlegel\u00f6ffel, Suppensch\u00f6pfer, Tortenheber, Wurstgabel, Zuckerzange, Milchsch\u00f6pfer und 2 Fischvorlegern)<\/p>\n<p>&nbsp;<\/p>\n<p>&nbsp;<\/p>\n","protected":false},"excerpt":{"rendered":"<p>Silbernes Art Deco Besteck f\u00fcr 6 Personen Tschechoslowakei, um 1940 63 Teile, Silber, teilweise vergoldet, Art Deco-Facon, alle Teile gemarkt mit tschechoslowakischer Punze, Meistermarke JL im Rechteck und Feingehalt 800 im Rechteck, alle Messer mit rostfreien Klingen, in originaler Kassette, funktionierendes Schlo\u00df mit Schl\u00fcssel, innen mit grauem Filz tapeziert, handpolierter, tadelloser Erhaltungszustand 2.920 g Bestehend [&hellip;]<\/p>\n","protected":false},"featured_media":36261,"comment_status":"open","ping_status":"closed","template":"","meta":[],"product_brand":[],"product_cat":[130,30,309,235,236,237,296,250,53],"product_tag":[],"class_list":{"0":"post-36254","1":"product","2":"type-product","3":"status-publish","4":"has-post-thumbnail","6":"product_cat-abendessen","7":"product_cat-besteck","8":"product_cat-fisch-weihnachten","9":"product_cat-gabeln","10":"product_cat-loeffel","11":"product_cat-messer","12":"product_cat-silvester","13":"product_cat-teeloeffel-loeffeln","14":"product_cat-weihnachten","16":"first","17":"instock","18":"sold-individually","19":"purchasable","20":"product-type-simple"},"yoast_head":"<!-- This site is optimized with the Yoast SEO Premium plugin v15.8.2 - https:\/\/yoast.com\/wordpress\/plugins\/seo\/ -->\n<title>63 teiliges, silbernes Art Deco Besteck f\u00fcr 6 Personen, Tschechoslowakei, nach 1940<\/title>\n<meta name=\"description\" content=\"63 teiliges, silbernes Art Deco Besteck f\u00fcr 6 Personen, Tschechoslowakei, nach 1940 \u2665 Antiquit\u00e4ten Online kaufen \u2713 Sichere Lieferung \u2713\" \/>\n<meta name=\"robots\" content=\"index, follow, max-snippet:-1, max-image-preview:large, max-video-preview:-1\" \/>\n<link rel=\"canonical\" href=\"https:\/\/annette-ahrens.at\/onlineshop\/produkt\/63-teiliges-silbernes-art-deco-besteck-fuer-6-personen-tschechoslowakei-nach-1940\/\" \/>\n<meta property=\"og:locale\" content=\"de_DE\" \/>\n<meta property=\"og:type\" content=\"article\" \/>\n<meta property=\"og:title\" content=\"63 teiliges, silbernes Art Deco Besteck f\u00fcr 6 Personen, Tschechoslowakei, nach 1940\" \/>\n<meta property=\"og:description\" content=\"63 teiliges, silbernes Art Deco Besteck f\u00fcr 6 Personen, Tschechoslowakei, nach 1940 \u2665 Antiquit\u00e4ten Online kaufen \u2713 Sichere Lieferung \u2713\" \/>\n<meta property=\"og:url\" content=\"https:\/\/annette-ahrens.at\/onlineshop\/produkt\/63-teiliges-silbernes-art-deco-besteck-fuer-6-personen-tschechoslowakei-nach-1940\/\" \/>\n<meta property=\"og:site_name\" content=\"Tafelkultur Onlineshop\" \/>\n<meta property=\"article:publisher\" content=\"https:\/\/www.facebook.com\/AnnetteAhrensTafelkultur\" \/>\n<meta property=\"article:modified_time\" content=\"2026-01-10T15:04:49+00:00\" \/>\n<meta property=\"og:image\" content=\"https:\/\/annette-ahrens.at\/onlineshop\/wp-content\/uploads\/2025\/03\/IMG_6004-scaled.jpeg\" \/>\n\t<meta property=\"og:image:width\" content=\"2048\" \/>\n\t<meta property=\"og:image:height\" content=\"1536\" \/>\n<meta name=\"twitter:card\" content=\"summary_large_image\" \/>\n<meta name=\"twitter:label1\" content=\"Gesch\u00e4tzte Lesezeit\">\n\t<meta name=\"twitter:data1\" content=\"1\u00a0Minute\">\n<script type=\"application\/ld+json\" class=\"yoast-schema-graph\">{\"@context\":\"https:\/\/schema.org\",\"@graph\":[{\"@type\":[\"Person\",\"Organization\"],\"@id\":\"https:\/\/annette-ahrens.at\/onlineshop\/#\/schema\/person\/3e19676faae246bba0cb3b7e15f427d8\",\"name\":\"Annette Ahrens\",\"image\":{\"@type\":\"ImageObject\",\"@id\":\"https:\/\/annette-ahrens.at\/onlineshop\/#personlogo\",\"inLanguage\":\"de\",\"url\":\"https:\/\/annette-ahrens.at\/onlineshop\/wp-content\/uploads\/2020\/04\/aa_logo_End.png\",\"width\":800,\"height\":164,\"caption\":\"Annette Ahrens\"},\"logo\":{\"@id\":\"https:\/\/annette-ahrens.at\/onlineshop\/#personlogo\"},\"sameAs\":[\"https:\/\/annette-ahrens.at\",\"https:\/\/www.facebook.com\/AnnetteAhrensTafelkultur\",\"https:\/\/www.instagram.com\/tafelkulturistin\/\",\"https:\/\/de.wikipedia.org\/wiki\/Annette_Ahrens\"]},{\"@type\":\"WebSite\",\"@id\":\"https:\/\/annette-ahrens.at\/onlineshop\/#website\",\"url\":\"https:\/\/annette-ahrens.at\/onlineshop\/\",\"name\":\"Tafelkultur Onlineshop\",\"description\":\"Annette Ahrens\",\"publisher\":{\"@id\":\"https:\/\/annette-ahrens.at\/onlineshop\/#\/schema\/person\/3e19676faae246bba0cb3b7e15f427d8\"},\"potentialAction\":[{\"@type\":\"SearchAction\",\"target\":\"https:\/\/annette-ahrens.at\/onlineshop\/?s={search_term_string}\",\"query-input\":\"required name=search_term_string\"}],\"inLanguage\":\"de\"},{\"@type\":\"ImageObject\",\"@id\":\"https:\/\/annette-ahrens.at\/onlineshop\/produkt\/63-teiliges-silbernes-art-deco-besteck-fuer-6-personen-tschechoslowakei-nach-1940\/#primaryimage\",\"inLanguage\":\"de\",\"url\":\"https:\/\/annette-ahrens.at\/onlineshop\/wp-content\/uploads\/2025\/03\/IMG_6004-scaled.jpeg\",\"width\":2048,\"height\":1536,\"caption\":\"silberbesteck\"},{\"@type\":[\"WebPage\",\"ItemPage\"],\"@id\":\"https:\/\/annette-ahrens.at\/onlineshop\/produkt\/63-teiliges-silbernes-art-deco-besteck-fuer-6-personen-tschechoslowakei-nach-1940\/#webpage\",\"url\":\"https:\/\/annette-ahrens.at\/onlineshop\/produkt\/63-teiliges-silbernes-art-deco-besteck-fuer-6-personen-tschechoslowakei-nach-1940\/\",\"name\":\"63 teiliges, silbernes Art Deco Besteck f\\u00fcr 6 Personen, Tschechoslowakei, nach 1940\",\"isPartOf\":{\"@id\":\"https:\/\/annette-ahrens.at\/onlineshop\/#website\"},\"primaryImageOfPage\":{\"@id\":\"https:\/\/annette-ahrens.at\/onlineshop\/produkt\/63-teiliges-silbernes-art-deco-besteck-fuer-6-personen-tschechoslowakei-nach-1940\/#primaryimage\"},\"datePublished\":\"2025-04-11T20:23:41+00:00\",\"dateModified\":\"2026-01-10T15:04:49+00:00\",\"description\":\"63 teiliges, silbernes Art Deco Besteck f\\u00fcr 6 Personen, Tschechoslowakei, nach 1940 \\u2665 Antiquit\\u00e4ten Online kaufen \\u2713 Sichere Lieferung \\u2713\",\"breadcrumb\":{\"@id\":\"https:\/\/annette-ahrens.at\/onlineshop\/produkt\/63-teiliges-silbernes-art-deco-besteck-fuer-6-personen-tschechoslowakei-nach-1940\/#breadcrumb\"},\"inLanguage\":\"de\",\"potentialAction\":[{\"@type\":\"ReadAction\",\"target\":[\"https:\/\/annette-ahrens.at\/onlineshop\/produkt\/63-teiliges-silbernes-art-deco-besteck-fuer-6-personen-tschechoslowakei-nach-1940\/\"]}]},{\"@type\":\"BreadcrumbList\",\"@id\":\"https:\/\/annette-ahrens.at\/onlineshop\/produkt\/63-teiliges-silbernes-art-deco-besteck-fuer-6-personen-tschechoslowakei-nach-1940\/#breadcrumb\",\"itemListElement\":[{\"@type\":\"ListItem\",\"position\":1,\"item\":{\"@type\":\"WebPage\",\"@id\":\"https:\/\/annette-ahrens.at\/onlineshop\/\",\"url\":\"https:\/\/annette-ahrens.at\/onlineshop\/\",\"name\":\"Home\"}},{\"@type\":\"ListItem\",\"position\":2,\"item\":{\"@type\":\"WebPage\",\"@id\":\"https:\/\/annette-ahrens.at\/onlineshop\/alle-tafelkultur-objekte\/\",\"url\":\"https:\/\/annette-ahrens.at\/onlineshop\/alle-tafelkultur-objekte\/\",\"name\":\"Alle Tafelkultur Objekte\"}},{\"@type\":\"ListItem\",\"position\":3,\"item\":{\"@type\":\"WebPage\",\"@id\":\"https:\/\/annette-ahrens.at\/onlineshop\/produkt\/63-teiliges-silbernes-art-deco-besteck-fuer-6-personen-tschechoslowakei-nach-1940\/\",\"url\":\"https:\/\/annette-ahrens.at\/onlineshop\/produkt\/63-teiliges-silbernes-art-deco-besteck-fuer-6-personen-tschechoslowakei-nach-1940\/\",\"name\":\"63 teiliges, silbernes Art Deco Besteck f\\u00fcr 6 Personen, Tschechoslowakei, nach 1940\"}}]}]}<\/script>\n<!-- \/ Yoast SEO Premium plugin. -->","_links":{"self":[{"href":"https:\/\/annette-ahrens.at\/onlineshop\/wp-json\/wp\/v2\/product\/36254","targetHints":{"allow":["GET"]}}],"collection":[{"href":"https:\/\/annette-ahrens.at\/onlineshop\/wp-json\/wp\/v2\/product"}],"about":[{"href":"https:\/\/annette-ahrens.at\/onlineshop\/wp-json\/wp\/v2\/types\/product"}],"replies":[{"embeddable":true,"href":"https:\/\/annette-ahrens.at\/onlineshop\/wp-json\/wp\/v2\/comments?post=36254"}],"wp:featuredmedia":[{"embeddable":true,"href":"https:\/\/annette-ahrens.at\/onlineshop\/wp-json\/wp\/v2\/media\/36261"}],"wp:attachment":[{"href":"https:\/\/annette-ahrens.at\/onlineshop\/wp-json\/wp\/v2\/media?parent=36254"}],"wp:term":[{"taxonomy":"product_brand","embeddable":true,"href":"https:\/\/annette-ahrens.at\/onlineshop\/wp-json\/wp\/v2\/product_brand?post=36254"},{"taxonomy":"product_cat","embeddable":true,"href":"https:\/\/annette-ahrens.at\/onlineshop\/wp-json\/wp\/v2\/product_cat?post=36254"},{"taxonomy":"product_tag","embeddable":true,"href":"https:\/\/annette-ahrens.at\/onlineshop\/wp-json\/wp\/v2\/product_tag?post=36254"}],"curies":[{"name":"wp","href":"https:\/\/api.w.org\/{rel}","templated":true}]}}