{"id":37100,"date":"2025-04-23T06:16:39","date_gmt":"2025-04-23T04:16:39","guid":{"rendered":"https:\/\/annette-ahrens.at\/onlineshop\/?post_type=product&#038;p=37100"},"modified":"2025-12-04T22:41:01","modified_gmt":"2025-12-04T21:41:01","slug":"seltene-marcolini-marroniere-porzellanmanufaktur-meissen-um-1790","status":"publish","type":"product","link":"https:\/\/annette-ahrens.at\/onlineshop\/produkt\/seltene-marcolini-marroniere-porzellanmanufaktur-meissen-um-1790\/","title":{"rendered":"Seltene Marcolini Marroni\u00e8re, Porzellanmanufaktur Meissen, um 1790"},"content":{"rendered":"<p>Seltene Marcolini Marroni\u00e8re \u00e1 ozier<\/p>\n<p>Porzellanmanufaktur Meissen, Deutschland, um 1790<\/p>\n<p>Porzellan, glasiert, ovaler Grundriss mit reliefierter, durchbrochen gearbeiteter Wandung, zugeh\u00f6riger Deckel mit Griff, von Band umwickelt: am Boden gemarkt mit unterglasurblauer Schwertermarke mit Stern, tadelloser Erhaltungszustand mit fachm\u00e4nnisch restaurierter Stelle am Korb<\/p>\n<p>27 x 21 cm<\/p>\n<p>H 15 cm<\/p>\n","protected":false},"excerpt":{"rendered":"<p>Annettes Etikette: Dieser elegante und fein bossierte Maronikorb wurde wohl nach einem Vorbild aus S\u00e8vres in Meissen gefertigt (siehe Tamara Pr\u00e9aud et Marcelle Brunet, <i>S\u00e8vres des origines \u00e0 nos jours<\/i>, Paris, 1978, p. 157, pl. 101.) Die Literatur beschreibt unterschiedliche Verwendungsformen: &#8222;<i class=\"spip\">On sert dans les meilleurs tables, au dessert, les marrons r\u00f4tis sous la cendre\u00a0; on les p\u00e8le ensuite &amp; on les enduit de Suc d\u2019orange, ou de limon avec un peu de sucre<\/i>.&#8220; (siehe: D. Diderot et J. d\u2019Alembert, <i class=\"spip\">Encyclop\u00e9die ou dictionnaire raisonn\u00e9 des Sciences, des Arts et des M\u00e9tiers<\/i>, 1772, p.240, cit\u00e9 par R. Savill, <i class=\"spip\">op. cit<\/i>., p. 760.<\/p>\n","protected":false},"featured_media":37076,"comment_status":"open","ping_status":"closed","template":"","meta":[],"product_brand":[],"product_cat":[36,18,19,22],"product_tag":[],"class_list":{"0":"post-37100","1":"product","2":"type-product","3":"status-publish","4":"has-post-thumbnail","6":"product_cat-eierbecher","7":"product_cat-fruehstueck","8":"product_cat-gabelfruehstueck","9":"product_cat-suess-sauer","11":"first","12":"instock","13":"sold-individually","14":"purchasable","15":"product-type-simple"},"yoast_head":"<!-- This site is optimized with the Yoast SEO Premium plugin v15.8.2 - https:\/\/yoast.com\/wordpress\/plugins\/seo\/ -->\n<title>Seltene Marcolini Marroni\u00e8re, Porzellanmanufaktur Meissen, um 1790<\/title>\n<meta name=\"description\" content=\"Seltene Marcolini Marroni\u00e8re, Porzellanmanufaktur Meissen, um 1790 \u2665 Antiquit\u00e4ten Online kaufen \u2713 Sichere Lieferung \u2713\" \/>\n<meta name=\"robots\" content=\"index, follow, max-snippet:-1, max-image-preview:large, max-video-preview:-1\" \/>\n<link rel=\"canonical\" href=\"https:\/\/annette-ahrens.at\/onlineshop\/produkt\/seltene-marcolini-marroniere-porzellanmanufaktur-meissen-um-1790\/\" \/>\n<meta property=\"og:locale\" content=\"de_DE\" \/>\n<meta property=\"og:type\" content=\"article\" \/>\n<meta property=\"og:title\" content=\"Seltene Marcolini Marroni\u00e8re, Porzellanmanufaktur Meissen, um 1790\" \/>\n<meta property=\"og:description\" content=\"Seltene Marcolini Marroni\u00e8re, Porzellanmanufaktur Meissen, um 1790 \u2665 Antiquit\u00e4ten Online kaufen \u2713 Sichere Lieferung \u2713\" \/>\n<meta property=\"og:url\" content=\"https:\/\/annette-ahrens.at\/onlineshop\/produkt\/seltene-marcolini-marroniere-porzellanmanufaktur-meissen-um-1790\/\" \/>\n<meta property=\"og:site_name\" content=\"Tafelkultur Onlineshop\" \/>\n<meta property=\"article:publisher\" content=\"https:\/\/www.facebook.com\/AnnetteAhrensTafelkultur\" \/>\n<meta property=\"article:modified_time\" content=\"2025-12-04T21:41:01+00:00\" \/>\n<meta property=\"og:image\" content=\"https:\/\/annette-ahrens.at\/onlineshop\/wp-content\/uploads\/2025\/04\/IMG_6729-scaled.jpeg\" \/>\n\t<meta property=\"og:image:width\" content=\"2048\" \/>\n\t<meta property=\"og:image:height\" content=\"1704\" \/>\n<meta name=\"twitter:card\" content=\"summary_large_image\" \/>\n<meta name=\"twitter:label1\" content=\"Gesch\u00e4tzte Lesezeit\">\n\t<meta name=\"twitter:data1\" content=\"1\u00a0Minute\">\n<script type=\"application\/ld+json\" class=\"yoast-schema-graph\">{\"@context\":\"https:\/\/schema.org\",\"@graph\":[{\"@type\":[\"Person\",\"Organization\"],\"@id\":\"https:\/\/annette-ahrens.at\/onlineshop\/#\/schema\/person\/3e19676faae246bba0cb3b7e15f427d8\",\"name\":\"Annette Ahrens\",\"image\":{\"@type\":\"ImageObject\",\"@id\":\"https:\/\/annette-ahrens.at\/onlineshop\/#personlogo\",\"inLanguage\":\"de\",\"url\":\"https:\/\/annette-ahrens.at\/onlineshop\/wp-content\/uploads\/2020\/04\/aa_logo_End.png\",\"width\":800,\"height\":164,\"caption\":\"Annette Ahrens\"},\"logo\":{\"@id\":\"https:\/\/annette-ahrens.at\/onlineshop\/#personlogo\"},\"sameAs\":[\"https:\/\/annette-ahrens.at\",\"https:\/\/www.facebook.com\/AnnetteAhrensTafelkultur\",\"https:\/\/www.instagram.com\/tafelkulturistin\/\",\"https:\/\/de.wikipedia.org\/wiki\/Annette_Ahrens\"]},{\"@type\":\"WebSite\",\"@id\":\"https:\/\/annette-ahrens.at\/onlineshop\/#website\",\"url\":\"https:\/\/annette-ahrens.at\/onlineshop\/\",\"name\":\"Tafelkultur Onlineshop\",\"description\":\"Annette Ahrens\",\"publisher\":{\"@id\":\"https:\/\/annette-ahrens.at\/onlineshop\/#\/schema\/person\/3e19676faae246bba0cb3b7e15f427d8\"},\"potentialAction\":[{\"@type\":\"SearchAction\",\"target\":\"https:\/\/annette-ahrens.at\/onlineshop\/?s={search_term_string}\",\"query-input\":\"required name=search_term_string\"}],\"inLanguage\":\"de\"},{\"@type\":\"ImageObject\",\"@id\":\"https:\/\/annette-ahrens.at\/onlineshop\/produkt\/seltene-marcolini-marroniere-porzellanmanufaktur-meissen-um-1790\/#primaryimage\",\"inLanguage\":\"de\",\"url\":\"https:\/\/annette-ahrens.at\/onlineshop\/wp-content\/uploads\/2025\/04\/IMG_6729-scaled.jpeg\",\"width\":2048,\"height\":1704,\"caption\":\"marroniere_meissen\"},{\"@type\":[\"WebPage\",\"ItemPage\"],\"@id\":\"https:\/\/annette-ahrens.at\/onlineshop\/produkt\/seltene-marcolini-marroniere-porzellanmanufaktur-meissen-um-1790\/#webpage\",\"url\":\"https:\/\/annette-ahrens.at\/onlineshop\/produkt\/seltene-marcolini-marroniere-porzellanmanufaktur-meissen-um-1790\/\",\"name\":\"Seltene Marcolini Marroni\\u00e8re, Porzellanmanufaktur Meissen, um 1790\",\"isPartOf\":{\"@id\":\"https:\/\/annette-ahrens.at\/onlineshop\/#website\"},\"primaryImageOfPage\":{\"@id\":\"https:\/\/annette-ahrens.at\/onlineshop\/produkt\/seltene-marcolini-marroniere-porzellanmanufaktur-meissen-um-1790\/#primaryimage\"},\"datePublished\":\"2025-04-23T04:16:39+00:00\",\"dateModified\":\"2025-12-04T21:41:01+00:00\",\"description\":\"Seltene Marcolini Marroni\\u00e8re, Porzellanmanufaktur Meissen, um 1790 \\u2665 Antiquit\\u00e4ten Online kaufen \\u2713 Sichere Lieferung \\u2713\",\"breadcrumb\":{\"@id\":\"https:\/\/annette-ahrens.at\/onlineshop\/produkt\/seltene-marcolini-marroniere-porzellanmanufaktur-meissen-um-1790\/#breadcrumb\"},\"inLanguage\":\"de\",\"potentialAction\":[{\"@type\":\"ReadAction\",\"target\":[\"https:\/\/annette-ahrens.at\/onlineshop\/produkt\/seltene-marcolini-marroniere-porzellanmanufaktur-meissen-um-1790\/\"]}]},{\"@type\":\"BreadcrumbList\",\"@id\":\"https:\/\/annette-ahrens.at\/onlineshop\/produkt\/seltene-marcolini-marroniere-porzellanmanufaktur-meissen-um-1790\/#breadcrumb\",\"itemListElement\":[{\"@type\":\"ListItem\",\"position\":1,\"item\":{\"@type\":\"WebPage\",\"@id\":\"https:\/\/annette-ahrens.at\/onlineshop\/\",\"url\":\"https:\/\/annette-ahrens.at\/onlineshop\/\",\"name\":\"Home\"}},{\"@type\":\"ListItem\",\"position\":2,\"item\":{\"@type\":\"WebPage\",\"@id\":\"https:\/\/annette-ahrens.at\/onlineshop\/alle-tafelkultur-objekte\/\",\"url\":\"https:\/\/annette-ahrens.at\/onlineshop\/alle-tafelkultur-objekte\/\",\"name\":\"Alle Tafelkultur Objekte\"}},{\"@type\":\"ListItem\",\"position\":3,\"item\":{\"@type\":\"WebPage\",\"@id\":\"https:\/\/annette-ahrens.at\/onlineshop\/produkt\/seltene-marcolini-marroniere-porzellanmanufaktur-meissen-um-1790\/\",\"url\":\"https:\/\/annette-ahrens.at\/onlineshop\/produkt\/seltene-marcolini-marroniere-porzellanmanufaktur-meissen-um-1790\/\",\"name\":\"Seltene Marcolini Marroni\\u00e8re, Porzellanmanufaktur Meissen, um 1790\"}}]}]}<\/script>\n<!-- \/ Yoast SEO Premium plugin. -->","_links":{"self":[{"href":"https:\/\/annette-ahrens.at\/onlineshop\/wp-json\/wp\/v2\/product\/37100","targetHints":{"allow":["GET"]}}],"collection":[{"href":"https:\/\/annette-ahrens.at\/onlineshop\/wp-json\/wp\/v2\/product"}],"about":[{"href":"https:\/\/annette-ahrens.at\/onlineshop\/wp-json\/wp\/v2\/types\/product"}],"replies":[{"embeddable":true,"href":"https:\/\/annette-ahrens.at\/onlineshop\/wp-json\/wp\/v2\/comments?post=37100"}],"wp:featuredmedia":[{"embeddable":true,"href":"https:\/\/annette-ahrens.at\/onlineshop\/wp-json\/wp\/v2\/media\/37076"}],"wp:attachment":[{"href":"https:\/\/annette-ahrens.at\/onlineshop\/wp-json\/wp\/v2\/media?parent=37100"}],"wp:term":[{"taxonomy":"product_brand","embeddable":true,"href":"https:\/\/annette-ahrens.at\/onlineshop\/wp-json\/wp\/v2\/product_brand?post=37100"},{"taxonomy":"product_cat","embeddable":true,"href":"https:\/\/annette-ahrens.at\/onlineshop\/wp-json\/wp\/v2\/product_cat?post=37100"},{"taxonomy":"product_tag","embeddable":true,"href":"https:\/\/annette-ahrens.at\/onlineshop\/wp-json\/wp\/v2\/product_tag?post=37100"}],"curies":[{"name":"wp","href":"https:\/\/api.w.org\/{rel}","templated":true}]}}