{"id":37435,"date":"2025-05-17T05:30:04","date_gmt":"2025-05-17T03:30:04","guid":{"rendered":"https:\/\/annette-ahrens.at\/onlineshop\/?post_type=product&#038;p=37435"},"modified":"2025-05-16T22:36:35","modified_gmt":"2025-05-16T20:36:35","slug":"sammeltasse-mit-blumen-monogramm-loe-porzellanmanufaktur-wien-um-1815","status":"publish","type":"product","link":"https:\/\/annette-ahrens.at\/onlineshop\/produkt\/sammeltasse-mit-blumen-monogramm-loe-porzellanmanufaktur-wien-um-1815\/","title":{"rendered":"Sammeltasse mit Blumen-Monogramm &#8222;L\u00d6&#8220;, Porzellanmanufaktur Wien, um 1815"},"content":{"rendered":"<p>Tasse mit Untertasse mit Blumen-Monogramm &#8222;L\u00d6&#8220;<\/p>\n<p>Kaiserliche Porzellanmanufaktur Wien, um 1815<\/p>\n<p>Porzellan, glasiert, abgesetzter Standring, zylindrische &#8222;gleichweite&#8220; Wandung mit gr\u00fcnem Fond, frontseitiges Medaillon mit ligiertem Blumen-Monogramm, &#8222;L&#8220; aus Rosenbl\u00fcten, &#8222;\u00d6&#8220; aus Vergissmeinnicht, umlaufendes, vergoldetes Bl\u00e4tterband, vergoldeter Lippenrand, kantiger, vergoldeter Henkel, unterglasurblaue Bindenschild-Marke, eingepresster Jahrestempel (18)15, eingepresste Weissdrehernummer 31 und 57, zugeh\u00f6rige Untertasse, guter Erhaltungszustand mit leichten Gebrauchsspuren in der Glasur<\/p>\n<p>H 6 cm<\/p>\n<p>Dm 6,4 cm<\/p>\n<p>Dm 13,3 cm (Untertasse)<\/p>\n","protected":false},"excerpt":{"rendered":"<div class=\"page\" title=\"Page 12\">\n<div class=\"section\">\n<div class=\"layoutArea\">\n<div class=\"column\">\n<p>Annettes Etikette: Die kostbaren und hei\u00dfen Modegetra\u0308nke wie Kaffee und Schokolade sollten in den geschmacksneutralen und Wa\u0308rme schlecht leitenden Porzellantassen, mit welchen man sich im Gegensatz zu den zuvor u\u0308blichen Metallgefa\u0308\u00dfen die Finger nicht verbrannte, serviert werden. Das ligierte Monoramm weist entweder auf den Schenkenden oder mehr noch auf den Beschenkten im Sinne der biedermeierlichen Erinnerungskultur hin.<\/p>\n<\/div>\n<\/div>\n<\/div>\n<\/div>\n","protected":false},"featured_media":37461,"comment_status":"open","ping_status":"closed","template":"","meta":[],"product_brand":[],"product_cat":[25,217,37,226,147,274,26],"product_tag":[],"class_list":{"0":"post-37435","1":"product","2":"type-product","3":"status-publish","4":"has-post-thumbnail","6":"product_cat-5o-clock-tea","7":"product_cat-heissgetraenke","8":"product_cat-kaffee","9":"product_cat-kaffee-tee","10":"product_cat-moccatassen","11":"product_cat-porzellan-fachbuecher","12":"product_cat-wiener-melange","14":"first","15":"instock","16":"sold-individually","17":"purchasable","18":"product-type-simple"},"yoast_head":"<!-- This site is optimized with the Yoast SEO Premium plugin v15.8.2 - https:\/\/yoast.com\/wordpress\/plugins\/seo\/ -->\n<title>Sammeltasse mit Blumen-Monogramm &quot;L\u00d6&quot;, Porzellanmanufaktur Wien, um 1815<\/title>\n<meta name=\"description\" content=\"Sammeltasse mit Blumen-Monogramm &quot;L\u00d6&quot;, Porzellanmanufaktur Wien, um 1815 \u2665 Antiquit\u00e4ten Online kaufen \u2713 Sichere Lieferung \u2713\" \/>\n<meta name=\"robots\" content=\"index, follow, max-snippet:-1, max-image-preview:large, max-video-preview:-1\" \/>\n<link rel=\"canonical\" href=\"https:\/\/annette-ahrens.at\/onlineshop\/produkt\/sammeltasse-mit-blumen-monogramm-loe-porzellanmanufaktur-wien-um-1815\/\" \/>\n<meta property=\"og:locale\" content=\"de_DE\" \/>\n<meta property=\"og:type\" content=\"article\" \/>\n<meta property=\"og:title\" content=\"Sammeltasse mit Blumen-Monogramm &quot;L\u00d6&quot;, Porzellanmanufaktur Wien, um 1815\" \/>\n<meta property=\"og:description\" content=\"Sammeltasse mit Blumen-Monogramm &quot;L\u00d6&quot;, Porzellanmanufaktur Wien, um 1815 \u2665 Antiquit\u00e4ten Online kaufen \u2713 Sichere Lieferung \u2713\" \/>\n<meta property=\"og:url\" content=\"https:\/\/annette-ahrens.at\/onlineshop\/produkt\/sammeltasse-mit-blumen-monogramm-loe-porzellanmanufaktur-wien-um-1815\/\" \/>\n<meta property=\"og:site_name\" content=\"Tafelkultur Onlineshop\" \/>\n<meta property=\"article:publisher\" content=\"https:\/\/www.facebook.com\/AnnetteAhrensTafelkultur\" \/>\n<meta property=\"article:modified_time\" content=\"2025-05-16T20:36:35+00:00\" \/>\n<meta property=\"og:image\" content=\"https:\/\/annette-ahrens.at\/onlineshop\/wp-content\/uploads\/2025\/05\/IMG_7069-scaled.jpeg\" \/>\n\t<meta property=\"og:image:width\" content=\"2048\" \/>\n\t<meta property=\"og:image:height\" content=\"1799\" \/>\n<meta name=\"twitter:card\" content=\"summary_large_image\" \/>\n<meta name=\"twitter:label1\" content=\"Gesch\u00e4tzte Lesezeit\">\n\t<meta name=\"twitter:data1\" content=\"1\u00a0Minute\">\n<script type=\"application\/ld+json\" class=\"yoast-schema-graph\">{\"@context\":\"https:\/\/schema.org\",\"@graph\":[{\"@type\":[\"Person\",\"Organization\"],\"@id\":\"https:\/\/annette-ahrens.at\/onlineshop\/#\/schema\/person\/3e19676faae246bba0cb3b7e15f427d8\",\"name\":\"Annette Ahrens\",\"image\":{\"@type\":\"ImageObject\",\"@id\":\"https:\/\/annette-ahrens.at\/onlineshop\/#personlogo\",\"inLanguage\":\"de\",\"url\":\"https:\/\/annette-ahrens.at\/onlineshop\/wp-content\/uploads\/2020\/04\/aa_logo_End.png\",\"width\":800,\"height\":164,\"caption\":\"Annette Ahrens\"},\"logo\":{\"@id\":\"https:\/\/annette-ahrens.at\/onlineshop\/#personlogo\"},\"sameAs\":[\"https:\/\/annette-ahrens.at\",\"https:\/\/www.facebook.com\/AnnetteAhrensTafelkultur\",\"https:\/\/www.instagram.com\/tafelkulturistin\/\",\"https:\/\/de.wikipedia.org\/wiki\/Annette_Ahrens\"]},{\"@type\":\"WebSite\",\"@id\":\"https:\/\/annette-ahrens.at\/onlineshop\/#website\",\"url\":\"https:\/\/annette-ahrens.at\/onlineshop\/\",\"name\":\"Tafelkultur Onlineshop\",\"description\":\"Annette Ahrens\",\"publisher\":{\"@id\":\"https:\/\/annette-ahrens.at\/onlineshop\/#\/schema\/person\/3e19676faae246bba0cb3b7e15f427d8\"},\"potentialAction\":[{\"@type\":\"SearchAction\",\"target\":\"https:\/\/annette-ahrens.at\/onlineshop\/?s={search_term_string}\",\"query-input\":\"required name=search_term_string\"}],\"inLanguage\":\"de\"},{\"@type\":\"ImageObject\",\"@id\":\"https:\/\/annette-ahrens.at\/onlineshop\/produkt\/sammeltasse-mit-blumen-monogramm-loe-porzellanmanufaktur-wien-um-1815\/#primaryimage\",\"inLanguage\":\"de\",\"url\":\"https:\/\/annette-ahrens.at\/onlineshop\/wp-content\/uploads\/2025\/05\/IMG_7069-scaled.jpeg\",\"width\":2048,\"height\":1799,\"caption\":\"alt_wien_tasse_monogramm\"},{\"@type\":[\"WebPage\",\"ItemPage\"],\"@id\":\"https:\/\/annette-ahrens.at\/onlineshop\/produkt\/sammeltasse-mit-blumen-monogramm-loe-porzellanmanufaktur-wien-um-1815\/#webpage\",\"url\":\"https:\/\/annette-ahrens.at\/onlineshop\/produkt\/sammeltasse-mit-blumen-monogramm-loe-porzellanmanufaktur-wien-um-1815\/\",\"name\":\"Sammeltasse mit Blumen-Monogramm \\\"L\\u00d6\\\", Porzellanmanufaktur Wien, um 1815\",\"isPartOf\":{\"@id\":\"https:\/\/annette-ahrens.at\/onlineshop\/#website\"},\"primaryImageOfPage\":{\"@id\":\"https:\/\/annette-ahrens.at\/onlineshop\/produkt\/sammeltasse-mit-blumen-monogramm-loe-porzellanmanufaktur-wien-um-1815\/#primaryimage\"},\"datePublished\":\"2025-05-17T03:30:04+00:00\",\"dateModified\":\"2025-05-16T20:36:35+00:00\",\"description\":\"Sammeltasse mit Blumen-Monogramm \\\"L\\u00d6\\\", Porzellanmanufaktur Wien, um 1815 \\u2665 Antiquit\\u00e4ten Online kaufen \\u2713 Sichere Lieferung \\u2713\",\"breadcrumb\":{\"@id\":\"https:\/\/annette-ahrens.at\/onlineshop\/produkt\/sammeltasse-mit-blumen-monogramm-loe-porzellanmanufaktur-wien-um-1815\/#breadcrumb\"},\"inLanguage\":\"de\",\"potentialAction\":[{\"@type\":\"ReadAction\",\"target\":[\"https:\/\/annette-ahrens.at\/onlineshop\/produkt\/sammeltasse-mit-blumen-monogramm-loe-porzellanmanufaktur-wien-um-1815\/\"]}]},{\"@type\":\"BreadcrumbList\",\"@id\":\"https:\/\/annette-ahrens.at\/onlineshop\/produkt\/sammeltasse-mit-blumen-monogramm-loe-porzellanmanufaktur-wien-um-1815\/#breadcrumb\",\"itemListElement\":[{\"@type\":\"ListItem\",\"position\":1,\"item\":{\"@type\":\"WebPage\",\"@id\":\"https:\/\/annette-ahrens.at\/onlineshop\/\",\"url\":\"https:\/\/annette-ahrens.at\/onlineshop\/\",\"name\":\"Home\"}},{\"@type\":\"ListItem\",\"position\":2,\"item\":{\"@type\":\"WebPage\",\"@id\":\"https:\/\/annette-ahrens.at\/onlineshop\/alle-tafelkultur-objekte\/\",\"url\":\"https:\/\/annette-ahrens.at\/onlineshop\/alle-tafelkultur-objekte\/\",\"name\":\"Alle Tafelkultur Objekte\"}},{\"@type\":\"ListItem\",\"position\":3,\"item\":{\"@type\":\"WebPage\",\"@id\":\"https:\/\/annette-ahrens.at\/onlineshop\/produkt\/sammeltasse-mit-blumen-monogramm-loe-porzellanmanufaktur-wien-um-1815\/\",\"url\":\"https:\/\/annette-ahrens.at\/onlineshop\/produkt\/sammeltasse-mit-blumen-monogramm-loe-porzellanmanufaktur-wien-um-1815\/\",\"name\":\"Sammeltasse mit Blumen-Monogramm &#8220;L\\u00d6&#8221;, Porzellanmanufaktur Wien, um 1815\"}}]}]}<\/script>\n<!-- \/ Yoast SEO Premium plugin. -->","_links":{"self":[{"href":"https:\/\/annette-ahrens.at\/onlineshop\/wp-json\/wp\/v2\/product\/37435","targetHints":{"allow":["GET"]}}],"collection":[{"href":"https:\/\/annette-ahrens.at\/onlineshop\/wp-json\/wp\/v2\/product"}],"about":[{"href":"https:\/\/annette-ahrens.at\/onlineshop\/wp-json\/wp\/v2\/types\/product"}],"replies":[{"embeddable":true,"href":"https:\/\/annette-ahrens.at\/onlineshop\/wp-json\/wp\/v2\/comments?post=37435"}],"wp:featuredmedia":[{"embeddable":true,"href":"https:\/\/annette-ahrens.at\/onlineshop\/wp-json\/wp\/v2\/media\/37461"}],"wp:attachment":[{"href":"https:\/\/annette-ahrens.at\/onlineshop\/wp-json\/wp\/v2\/media?parent=37435"}],"wp:term":[{"taxonomy":"product_brand","embeddable":true,"href":"https:\/\/annette-ahrens.at\/onlineshop\/wp-json\/wp\/v2\/product_brand?post=37435"},{"taxonomy":"product_cat","embeddable":true,"href":"https:\/\/annette-ahrens.at\/onlineshop\/wp-json\/wp\/v2\/product_cat?post=37435"},{"taxonomy":"product_tag","embeddable":true,"href":"https:\/\/annette-ahrens.at\/onlineshop\/wp-json\/wp\/v2\/product_tag?post=37435"}],"curies":[{"name":"wp","href":"https:\/\/api.w.org\/{rel}","templated":true}]}}