{"id":38371,"date":"2025-07-10T14:22:10","date_gmt":"2025-07-10T12:22:10","guid":{"rendered":"https:\/\/annette-ahrens.at\/onlineshop\/?post_type=product&#038;p=38371"},"modified":"2025-07-10T14:55:38","modified_gmt":"2025-07-10T12:55:38","slug":"rattenfaenger-porzellanmanufaktur-augarten-wien-um-1925","status":"publish","type":"product","link":"https:\/\/annette-ahrens.at\/onlineshop\/produkt\/rattenfaenger-porzellanmanufaktur-augarten-wien-um-1925\/","title":{"rendered":"Rattenf\u00e4nger, Porzellanmanufaktur Augarten, Wien, um 1930"},"content":{"rendered":"<p>Rattenf\u00e4nger<\/p>\n<p>Entwurf: Hildegarde Goldbach <span class=\"pjBG2e\" data-cid=\"0634b972-40e0-478a-8511-26fa9e1c5da4\"><span class=\"UV3uM\"> (1904-1987) <\/span><\/span>f\u00fcr die Porzellanmanufaktur Augarten, Wien, um 1930<\/p>\n<p>Porzellan, naturalistisch bemalt, sitzender Rattenf\u00e4bger mit einer Fl\u00f6te drei Ratten verzaubernd, gemarkt mit unterglasurblaue Bindenschildmarke AUGARTEN VIENNA, Made in Austria, J, Modellnummer 1639, tadelloser Erhaltungszustand<\/p>\n<p>H 13 cm<\/p>\n<p>Literatur: Claudia Lehner-Jobst, Die gro\u00dfen Manufakturen, Augarten Wien, Golden Twenties &#8211; Swinging Fifties, Selb 2017<\/p>\n","protected":false},"excerpt":{"rendered":"<p>Annettes Etikette: Die Sage der Gebr\u00fcder Grimm <mark class=\"QVRyCf\">vom Rattenf\u00e4nger von Hameln handelt von einem Mann, der mit seiner Fl\u00f6te Ratten aus der Stadt lockt und sie dann ertr\u00e4nkt, nachdem die Stadt ihn f\u00fcr seine Dienste nicht bezahlen will.<\/mark> <mark class=\"QVRyCf\">Als Rache entf\u00fchrt er anschlie\u00dfend die Kinder der Stadt auf \u00e4hnliche Weise<\/mark>.<span class=\"pjBG2e\" data-cid=\"0634b972-40e0-478a-8511-26fa9e1c5da4\"><span class=\"UV3uM\"> Augarten greift nach Gr\u00fcndung 1923 diese Geschichten f\u00fcr sein Figurenprogramm des Art Deco auf. Eine der besten Entwerferinnen der Porzellanmanufaktur Augarten, Hildegarde Goldbach (1904-1987) leistete hier einen nicht unbedeutenden Beitrag.<\/span><\/span><\/p>\n<div class=\"WaaZC\">\n<div class=\"RJPOee EIJn2\">\n<div class=\"rPeykc\" data-hveid=\"CAMQAQ\" data-ved=\"2ahUKEwim3tSFpbKOAxWCSP4FHePgDrwQo_EKegQIAxAB\">\n<div class=\"NPrrbc\" data-cid=\"0634b972-40e0-478a-8511-26fa9e1c5da4\" data-uuids=\"9469143824004912872,9469143824004911315\">\n<div class=\"BMebGe btku5b fCrZyc LwdV0e FR7ZSc OJeuxf\" tabindex=\"0\" role=\"button\" aria-label=\"Weitere Informationen anzeigen\" data-hveid=\"CAQQAg\" data-ved=\"2ahUKEwim3tSFpbKOAxWCSP4FHePgDrwQ3fYKegQIBBAC\">\n<div class=\"niO4u\">\n<div class=\"kHtcsd\"><\/div>\n<\/div>\n<\/div>\n<\/div>\n<\/div>\n<\/div>\n<\/div>\n<div class=\"WaaZC\">\n<div class=\"RJPOee EIJn2\"><\/div>\n<\/div>\n","protected":false},"featured_media":38356,"comment_status":"open","ping_status":"closed","template":"","meta":[],"product_brand":[],"product_cat":[300,274,131],"product_tag":[],"class_list":{"0":"post-38371","1":"product","2":"type-product","3":"status-publish","4":"has-post-thumbnail","6":"product_cat-gartenfest","7":"product_cat-porzellan-fachbuecher","8":"product_cat-tafeldekorationen","10":"first","11":"instock","12":"purchasable","13":"product-type-simple"},"yoast_head":"<!-- This site is optimized with the Yoast SEO Premium plugin v15.8.2 - https:\/\/yoast.com\/wordpress\/plugins\/seo\/ -->\n<title>Rattenf\u00e4nger, Porzellanmanufaktur Augarten, Wien, um 1930<\/title>\n<meta name=\"description\" content=\"Rattenf\u00e4nger, Porzellanmanufaktur Augarten, Wien, um 1930 \u2665 Antiquit\u00e4ten Online kaufen \u2713 Sichere Lieferung \u2713\" \/>\n<meta name=\"robots\" content=\"index, follow, max-snippet:-1, max-image-preview:large, max-video-preview:-1\" \/>\n<link rel=\"canonical\" href=\"https:\/\/annette-ahrens.at\/onlineshop\/produkt\/rattenfaenger-porzellanmanufaktur-augarten-wien-um-1925\/\" \/>\n<meta property=\"og:locale\" content=\"de_DE\" \/>\n<meta property=\"og:type\" content=\"article\" \/>\n<meta property=\"og:title\" content=\"Rattenf\u00e4nger, Porzellanmanufaktur Augarten, Wien, um 1930\" \/>\n<meta property=\"og:description\" content=\"Rattenf\u00e4nger, Porzellanmanufaktur Augarten, Wien, um 1930 \u2665 Antiquit\u00e4ten Online kaufen \u2713 Sichere Lieferung \u2713\" \/>\n<meta property=\"og:url\" content=\"https:\/\/annette-ahrens.at\/onlineshop\/produkt\/rattenfaenger-porzellanmanufaktur-augarten-wien-um-1925\/\" \/>\n<meta property=\"og:site_name\" content=\"Tafelkultur Onlineshop\" \/>\n<meta property=\"article:publisher\" content=\"https:\/\/www.facebook.com\/AnnetteAhrensTafelkultur\" \/>\n<meta property=\"article:modified_time\" content=\"2025-07-10T12:55:38+00:00\" \/>\n<meta property=\"og:image\" content=\"https:\/\/annette-ahrens.at\/onlineshop\/wp-content\/uploads\/2025\/07\/IMG_7789-scaled.jpeg\" \/>\n\t<meta property=\"og:image:width\" content=\"1536\" \/>\n\t<meta property=\"og:image:height\" content=\"2048\" \/>\n<meta name=\"twitter:card\" content=\"summary_large_image\" \/>\n<meta name=\"twitter:label1\" content=\"Gesch\u00e4tzte Lesezeit\">\n\t<meta name=\"twitter:data1\" content=\"1\u00a0Minute\">\n<script type=\"application\/ld+json\" class=\"yoast-schema-graph\">{\"@context\":\"https:\/\/schema.org\",\"@graph\":[{\"@type\":[\"Person\",\"Organization\"],\"@id\":\"https:\/\/annette-ahrens.at\/onlineshop\/#\/schema\/person\/3e19676faae246bba0cb3b7e15f427d8\",\"name\":\"Annette Ahrens\",\"image\":{\"@type\":\"ImageObject\",\"@id\":\"https:\/\/annette-ahrens.at\/onlineshop\/#personlogo\",\"inLanguage\":\"de\",\"url\":\"https:\/\/annette-ahrens.at\/onlineshop\/wp-content\/uploads\/2020\/04\/aa_logo_End.png\",\"width\":800,\"height\":164,\"caption\":\"Annette Ahrens\"},\"logo\":{\"@id\":\"https:\/\/annette-ahrens.at\/onlineshop\/#personlogo\"},\"sameAs\":[\"https:\/\/annette-ahrens.at\",\"https:\/\/www.facebook.com\/AnnetteAhrensTafelkultur\",\"https:\/\/www.instagram.com\/tafelkulturistin\/\",\"https:\/\/de.wikipedia.org\/wiki\/Annette_Ahrens\"]},{\"@type\":\"WebSite\",\"@id\":\"https:\/\/annette-ahrens.at\/onlineshop\/#website\",\"url\":\"https:\/\/annette-ahrens.at\/onlineshop\/\",\"name\":\"Tafelkultur Onlineshop\",\"description\":\"Annette Ahrens\",\"publisher\":{\"@id\":\"https:\/\/annette-ahrens.at\/onlineshop\/#\/schema\/person\/3e19676faae246bba0cb3b7e15f427d8\"},\"potentialAction\":[{\"@type\":\"SearchAction\",\"target\":\"https:\/\/annette-ahrens.at\/onlineshop\/?s={search_term_string}\",\"query-input\":\"required name=search_term_string\"}],\"inLanguage\":\"de\"},{\"@type\":\"ImageObject\",\"@id\":\"https:\/\/annette-ahrens.at\/onlineshop\/produkt\/rattenfaenger-porzellanmanufaktur-augarten-wien-um-1925\/#primaryimage\",\"inLanguage\":\"de\",\"url\":\"https:\/\/annette-ahrens.at\/onlineshop\/wp-content\/uploads\/2025\/07\/IMG_7789-scaled.jpeg\",\"width\":1536,\"height\":2048,\"caption\":\"rattenf\\u00e4nger_augarten\"},{\"@type\":[\"WebPage\",\"ItemPage\"],\"@id\":\"https:\/\/annette-ahrens.at\/onlineshop\/produkt\/rattenfaenger-porzellanmanufaktur-augarten-wien-um-1925\/#webpage\",\"url\":\"https:\/\/annette-ahrens.at\/onlineshop\/produkt\/rattenfaenger-porzellanmanufaktur-augarten-wien-um-1925\/\",\"name\":\"Rattenf\\u00e4nger, Porzellanmanufaktur Augarten, Wien, um 1930\",\"isPartOf\":{\"@id\":\"https:\/\/annette-ahrens.at\/onlineshop\/#website\"},\"primaryImageOfPage\":{\"@id\":\"https:\/\/annette-ahrens.at\/onlineshop\/produkt\/rattenfaenger-porzellanmanufaktur-augarten-wien-um-1925\/#primaryimage\"},\"datePublished\":\"2025-07-10T12:22:10+00:00\",\"dateModified\":\"2025-07-10T12:55:38+00:00\",\"description\":\"Rattenf\\u00e4nger, Porzellanmanufaktur Augarten, Wien, um 1930 \\u2665 Antiquit\\u00e4ten Online kaufen \\u2713 Sichere Lieferung \\u2713\",\"breadcrumb\":{\"@id\":\"https:\/\/annette-ahrens.at\/onlineshop\/produkt\/rattenfaenger-porzellanmanufaktur-augarten-wien-um-1925\/#breadcrumb\"},\"inLanguage\":\"de\",\"potentialAction\":[{\"@type\":\"ReadAction\",\"target\":[\"https:\/\/annette-ahrens.at\/onlineshop\/produkt\/rattenfaenger-porzellanmanufaktur-augarten-wien-um-1925\/\"]}]},{\"@type\":\"BreadcrumbList\",\"@id\":\"https:\/\/annette-ahrens.at\/onlineshop\/produkt\/rattenfaenger-porzellanmanufaktur-augarten-wien-um-1925\/#breadcrumb\",\"itemListElement\":[{\"@type\":\"ListItem\",\"position\":1,\"item\":{\"@type\":\"WebPage\",\"@id\":\"https:\/\/annette-ahrens.at\/onlineshop\/\",\"url\":\"https:\/\/annette-ahrens.at\/onlineshop\/\",\"name\":\"Home\"}},{\"@type\":\"ListItem\",\"position\":2,\"item\":{\"@type\":\"WebPage\",\"@id\":\"https:\/\/annette-ahrens.at\/onlineshop\/alle-tafelkultur-objekte\/\",\"url\":\"https:\/\/annette-ahrens.at\/onlineshop\/alle-tafelkultur-objekte\/\",\"name\":\"Alle Tafelkultur Objekte\"}},{\"@type\":\"ListItem\",\"position\":3,\"item\":{\"@type\":\"WebPage\",\"@id\":\"https:\/\/annette-ahrens.at\/onlineshop\/produkt\/rattenfaenger-porzellanmanufaktur-augarten-wien-um-1925\/\",\"url\":\"https:\/\/annette-ahrens.at\/onlineshop\/produkt\/rattenfaenger-porzellanmanufaktur-augarten-wien-um-1925\/\",\"name\":\"Rattenf\\u00e4nger, Porzellanmanufaktur Augarten, Wien, um 1930\"}}]}]}<\/script>\n<!-- \/ Yoast SEO Premium plugin. -->","_links":{"self":[{"href":"https:\/\/annette-ahrens.at\/onlineshop\/wp-json\/wp\/v2\/product\/38371","targetHints":{"allow":["GET"]}}],"collection":[{"href":"https:\/\/annette-ahrens.at\/onlineshop\/wp-json\/wp\/v2\/product"}],"about":[{"href":"https:\/\/annette-ahrens.at\/onlineshop\/wp-json\/wp\/v2\/types\/product"}],"replies":[{"embeddable":true,"href":"https:\/\/annette-ahrens.at\/onlineshop\/wp-json\/wp\/v2\/comments?post=38371"}],"wp:featuredmedia":[{"embeddable":true,"href":"https:\/\/annette-ahrens.at\/onlineshop\/wp-json\/wp\/v2\/media\/38356"}],"wp:attachment":[{"href":"https:\/\/annette-ahrens.at\/onlineshop\/wp-json\/wp\/v2\/media?parent=38371"}],"wp:term":[{"taxonomy":"product_brand","embeddable":true,"href":"https:\/\/annette-ahrens.at\/onlineshop\/wp-json\/wp\/v2\/product_brand?post=38371"},{"taxonomy":"product_cat","embeddable":true,"href":"https:\/\/annette-ahrens.at\/onlineshop\/wp-json\/wp\/v2\/product_cat?post=38371"},{"taxonomy":"product_tag","embeddable":true,"href":"https:\/\/annette-ahrens.at\/onlineshop\/wp-json\/wp\/v2\/product_tag?post=38371"}],"curies":[{"name":"wp","href":"https:\/\/api.w.org\/{rel}","templated":true}]}}