{"id":39990,"date":"2025-10-11T06:40:28","date_gmt":"2025-10-11T04:40:28","guid":{"rendered":"https:\/\/annette-ahrens.at\/onlineshop\/?post_type=product&#038;p=39990"},"modified":"2025-10-09T00:45:44","modified_gmt":"2025-10-08T22:45:44","slug":"wilhelm-wagenfeld-trio-grosser-eierkoch-fuer-die-fa-schott-jena-um-1933","status":"publish","type":"product","link":"https:\/\/annette-ahrens.at\/onlineshop\/produkt\/wilhelm-wagenfeld-trio-grosser-eierkoch-fuer-die-fa-schott-jena-um-1933\/","title":{"rendered":"Wilhelm Wagenfeld, Trio gro\u00dfer Eierkoch f\u00fcr die Fa. Schott, Jena, um 1933"},"content":{"rendered":"<p>Trio gro\u00dfer Eierkocher<\/p>\n<p>Entwurf: Wilhelm Wagenfeld f\u00fcr die Fa. Schott, Jena, um 1933<\/p>\n<p>gebauchter Gef\u00e4\u00dfk\u00f6rper aus hitzebest\u00e4ndigen Borosilikatglas auf drei F\u00fc\u00dfen, runder Deckel mit Rillen, gemarkt TJ f\u00fcr THERM JENA, originale geschwungene Metall-Klammer<\/p>\n<p>H 9,5 cm<\/p>\n<p>Dm 8,5 cm<\/p>\n","protected":false},"excerpt":{"rendered":"<p>Annettes Etikette\u00a0verr\u00e4t die Zubereitung:\u00a0Man buttert den Eierkoch etwas aus, schl\u00e4gt die Eier (2 St\u00fcck) \u00a0in das Gef\u00e4\u00df, w\u00fcrzt entsprechend und stellt den Eierkoch geschlossen ins Wasserbad (Der Ursprungsgedanke war einen Eierstich herzustellen). Abh\u00e4ngig von der Gr\u00f6\u00dfe bel\u00e4sst man das Gef\u00e4\u00df ca. 5 &#8211; 8 min im kochenden Wasser. Es ist aber auch einen h\u00fcbsche kleine Auflaufform z. B. f\u00fcr Pasteten, Souffl\u00e9s, kleine Kuchen oder Ragouts (Gr\u00f6\u00dfe 2 ca. 10 min).<\/p>\n","protected":false},"featured_media":39993,"comment_status":"open","ping_status":"closed","template":"","meta":[],"product_brand":[],"product_cat":[143,142,18],"product_tag":[],"class_list":{"0":"post-39990","1":"product","2":"type-product","3":"status-publish","4":"has-post-thumbnail","6":"product_cat-ei-im-glas","7":"product_cat-eier","8":"product_cat-fruehstueck","10":"first","11":"instock","12":"sold-individually","13":"purchasable","14":"product-type-simple"},"yoast_head":"<!-- This site is optimized with the Yoast SEO Premium plugin v15.8.2 - https:\/\/yoast.com\/wordpress\/plugins\/seo\/ -->\n<title>Wilhelm Wagenfeld, Trio gro\u00dfer Eierkoch f\u00fcr die Fa. Schott, Jena, um 1933<\/title>\n<meta name=\"description\" content=\"Wilhelm Wagenfeld, Trio gro\u00dfer Eierkoch f\u00fcr die Fa. Schott, Jena, um 1933 \u2665 Antiquit\u00e4ten Online kaufen \u2713 Sichere Lieferung \u2713\" \/>\n<meta name=\"robots\" content=\"index, follow, max-snippet:-1, max-image-preview:large, max-video-preview:-1\" \/>\n<link rel=\"canonical\" href=\"https:\/\/annette-ahrens.at\/onlineshop\/produkt\/wilhelm-wagenfeld-trio-grosser-eierkoch-fuer-die-fa-schott-jena-um-1933\/\" \/>\n<meta property=\"og:locale\" content=\"de_DE\" \/>\n<meta property=\"og:type\" content=\"article\" \/>\n<meta property=\"og:title\" content=\"Wilhelm Wagenfeld, Trio gro\u00dfer Eierkoch f\u00fcr die Fa. Schott, Jena, um 1933\" \/>\n<meta property=\"og:description\" content=\"Wilhelm Wagenfeld, Trio gro\u00dfer Eierkoch f\u00fcr die Fa. Schott, Jena, um 1933 \u2665 Antiquit\u00e4ten Online kaufen \u2713 Sichere Lieferung \u2713\" \/>\n<meta property=\"og:url\" content=\"https:\/\/annette-ahrens.at\/onlineshop\/produkt\/wilhelm-wagenfeld-trio-grosser-eierkoch-fuer-die-fa-schott-jena-um-1933\/\" \/>\n<meta property=\"og:site_name\" content=\"Tafelkultur Onlineshop\" \/>\n<meta property=\"article:publisher\" content=\"https:\/\/www.facebook.com\/AnnetteAhrensTafelkultur\" \/>\n<meta property=\"article:modified_time\" content=\"2025-10-08T22:45:44+00:00\" \/>\n<meta property=\"og:image\" content=\"https:\/\/annette-ahrens.at\/onlineshop\/wp-content\/uploads\/2025\/10\/IMG_9306-scaled.jpeg\" \/>\n\t<meta property=\"og:image:width\" content=\"1663\" \/>\n\t<meta property=\"og:image:height\" content=\"2048\" \/>\n<meta name=\"twitter:card\" content=\"summary_large_image\" \/>\n<meta name=\"twitter:label1\" content=\"Gesch\u00e4tzte Lesezeit\">\n\t<meta name=\"twitter:data1\" content=\"1\u00a0Minute\">\n<script type=\"application\/ld+json\" class=\"yoast-schema-graph\">{\"@context\":\"https:\/\/schema.org\",\"@graph\":[{\"@type\":[\"Person\",\"Organization\"],\"@id\":\"https:\/\/annette-ahrens.at\/onlineshop\/#\/schema\/person\/3e19676faae246bba0cb3b7e15f427d8\",\"name\":\"Annette Ahrens\",\"image\":{\"@type\":\"ImageObject\",\"@id\":\"https:\/\/annette-ahrens.at\/onlineshop\/#personlogo\",\"inLanguage\":\"de\",\"url\":\"https:\/\/annette-ahrens.at\/onlineshop\/wp-content\/uploads\/2020\/04\/aa_logo_End.png\",\"width\":800,\"height\":164,\"caption\":\"Annette Ahrens\"},\"logo\":{\"@id\":\"https:\/\/annette-ahrens.at\/onlineshop\/#personlogo\"},\"sameAs\":[\"https:\/\/annette-ahrens.at\",\"https:\/\/www.facebook.com\/AnnetteAhrensTafelkultur\",\"https:\/\/www.instagram.com\/tafelkulturistin\/\",\"https:\/\/de.wikipedia.org\/wiki\/Annette_Ahrens\"]},{\"@type\":\"WebSite\",\"@id\":\"https:\/\/annette-ahrens.at\/onlineshop\/#website\",\"url\":\"https:\/\/annette-ahrens.at\/onlineshop\/\",\"name\":\"Tafelkultur Onlineshop\",\"description\":\"Annette Ahrens\",\"publisher\":{\"@id\":\"https:\/\/annette-ahrens.at\/onlineshop\/#\/schema\/person\/3e19676faae246bba0cb3b7e15f427d8\"},\"potentialAction\":[{\"@type\":\"SearchAction\",\"target\":\"https:\/\/annette-ahrens.at\/onlineshop\/?s={search_term_string}\",\"query-input\":\"required name=search_term_string\"}],\"inLanguage\":\"de\"},{\"@type\":\"ImageObject\",\"@id\":\"https:\/\/annette-ahrens.at\/onlineshop\/produkt\/wilhelm-wagenfeld-trio-grosser-eierkoch-fuer-die-fa-schott-jena-um-1933\/#primaryimage\",\"inLanguage\":\"de\",\"url\":\"https:\/\/annette-ahrens.at\/onlineshop\/wp-content\/uploads\/2025\/10\/IMG_9306-scaled.jpeg\",\"width\":1663,\"height\":2048,\"caption\":\"eierkoch_wagenfeld\"},{\"@type\":[\"WebPage\",\"ItemPage\"],\"@id\":\"https:\/\/annette-ahrens.at\/onlineshop\/produkt\/wilhelm-wagenfeld-trio-grosser-eierkoch-fuer-die-fa-schott-jena-um-1933\/#webpage\",\"url\":\"https:\/\/annette-ahrens.at\/onlineshop\/produkt\/wilhelm-wagenfeld-trio-grosser-eierkoch-fuer-die-fa-schott-jena-um-1933\/\",\"name\":\"Wilhelm Wagenfeld, Trio gro\\u00dfer Eierkoch f\\u00fcr die Fa. Schott, Jena, um 1933\",\"isPartOf\":{\"@id\":\"https:\/\/annette-ahrens.at\/onlineshop\/#website\"},\"primaryImageOfPage\":{\"@id\":\"https:\/\/annette-ahrens.at\/onlineshop\/produkt\/wilhelm-wagenfeld-trio-grosser-eierkoch-fuer-die-fa-schott-jena-um-1933\/#primaryimage\"},\"datePublished\":\"2025-10-11T04:40:28+00:00\",\"dateModified\":\"2025-10-08T22:45:44+00:00\",\"description\":\"Wilhelm Wagenfeld, Trio gro\\u00dfer Eierkoch f\\u00fcr die Fa. Schott, Jena, um 1933 \\u2665 Antiquit\\u00e4ten Online kaufen \\u2713 Sichere Lieferung \\u2713\",\"breadcrumb\":{\"@id\":\"https:\/\/annette-ahrens.at\/onlineshop\/produkt\/wilhelm-wagenfeld-trio-grosser-eierkoch-fuer-die-fa-schott-jena-um-1933\/#breadcrumb\"},\"inLanguage\":\"de\",\"potentialAction\":[{\"@type\":\"ReadAction\",\"target\":[\"https:\/\/annette-ahrens.at\/onlineshop\/produkt\/wilhelm-wagenfeld-trio-grosser-eierkoch-fuer-die-fa-schott-jena-um-1933\/\"]}]},{\"@type\":\"BreadcrumbList\",\"@id\":\"https:\/\/annette-ahrens.at\/onlineshop\/produkt\/wilhelm-wagenfeld-trio-grosser-eierkoch-fuer-die-fa-schott-jena-um-1933\/#breadcrumb\",\"itemListElement\":[{\"@type\":\"ListItem\",\"position\":1,\"item\":{\"@type\":\"WebPage\",\"@id\":\"https:\/\/annette-ahrens.at\/onlineshop\/\",\"url\":\"https:\/\/annette-ahrens.at\/onlineshop\/\",\"name\":\"Home\"}},{\"@type\":\"ListItem\",\"position\":2,\"item\":{\"@type\":\"WebPage\",\"@id\":\"https:\/\/annette-ahrens.at\/onlineshop\/alle-tafelkultur-objekte\/\",\"url\":\"https:\/\/annette-ahrens.at\/onlineshop\/alle-tafelkultur-objekte\/\",\"name\":\"Alle Tafelkultur Objekte\"}},{\"@type\":\"ListItem\",\"position\":3,\"item\":{\"@type\":\"WebPage\",\"@id\":\"https:\/\/annette-ahrens.at\/onlineshop\/produkt\/wilhelm-wagenfeld-trio-grosser-eierkoch-fuer-die-fa-schott-jena-um-1933\/\",\"url\":\"https:\/\/annette-ahrens.at\/onlineshop\/produkt\/wilhelm-wagenfeld-trio-grosser-eierkoch-fuer-die-fa-schott-jena-um-1933\/\",\"name\":\"Wilhelm Wagenfeld, Trio gro\\u00dfer Eierkoch f\\u00fcr die Fa. Schott, Jena, um 1933\"}}]}]}<\/script>\n<!-- \/ Yoast SEO Premium plugin. -->","_links":{"self":[{"href":"https:\/\/annette-ahrens.at\/onlineshop\/wp-json\/wp\/v2\/product\/39990","targetHints":{"allow":["GET"]}}],"collection":[{"href":"https:\/\/annette-ahrens.at\/onlineshop\/wp-json\/wp\/v2\/product"}],"about":[{"href":"https:\/\/annette-ahrens.at\/onlineshop\/wp-json\/wp\/v2\/types\/product"}],"replies":[{"embeddable":true,"href":"https:\/\/annette-ahrens.at\/onlineshop\/wp-json\/wp\/v2\/comments?post=39990"}],"wp:featuredmedia":[{"embeddable":true,"href":"https:\/\/annette-ahrens.at\/onlineshop\/wp-json\/wp\/v2\/media\/39993"}],"wp:attachment":[{"href":"https:\/\/annette-ahrens.at\/onlineshop\/wp-json\/wp\/v2\/media?parent=39990"}],"wp:term":[{"taxonomy":"product_brand","embeddable":true,"href":"https:\/\/annette-ahrens.at\/onlineshop\/wp-json\/wp\/v2\/product_brand?post=39990"},{"taxonomy":"product_cat","embeddable":true,"href":"https:\/\/annette-ahrens.at\/onlineshop\/wp-json\/wp\/v2\/product_cat?post=39990"},{"taxonomy":"product_tag","embeddable":true,"href":"https:\/\/annette-ahrens.at\/onlineshop\/wp-json\/wp\/v2\/product_tag?post=39990"}],"curies":[{"name":"wp","href":"https:\/\/api.w.org\/{rel}","templated":true}]}}