{"id":40720,"date":"2025-11-23T06:14:09","date_gmt":"2025-11-23T05:14:09","guid":{"rendered":"https:\/\/annette-ahrens.at\/onlineshop\/?post_type=product&#038;p=40720"},"modified":"2026-03-22T01:40:19","modified_gmt":"2026-03-22T00:40:19","slug":"philipp-haeusler-art-deco-champagnerkuehler-fa-berndorf-um-1930","status":"publish","type":"product","link":"https:\/\/annette-ahrens.at\/onlineshop\/produkt\/philipp-haeusler-art-deco-champagnerkuehler-fa-berndorf-um-1930\/","title":{"rendered":"Philipp H\u00e4usler, Art Deco Champagnerk\u00fchler, Fa. Berndorf, um 1930"},"content":{"rendered":"<p>Art Deco Champagnerk\u00fchler<\/p>\n<p>Fa. Berndorf, Oesterreich, um 1930<\/p>\n<p>Entwurf: wohl Philipp H\u00e4usler (geb. am 7. 11. 1887 in Panczowa (Ungarn), gest. am 18. 2. 1966 in Frankfurt am Main)<\/p>\n<p>Alpacca, versilbert, runder Stand mit zwei Handhaben, Wandung mit Profilringen, am Boden gemarkt, tadelloser Erhaltungszustand<\/p>\n<p>H 21 cm<\/p>\n<p>Dm 19 cm<\/p>\n<p>&nbsp;<\/p>\n","protected":false},"excerpt":{"rendered":"<p>Annettes Etikette: Philipp H\u00e4usler, Architekt, geb. am 7. 11. 1887 in Panczowa (Ungarn), gest. am 18. 2. 1966 in Frankfurt am Main. H\u00e4usler besuchte die k.k. Lehranstalt f\u00fcr Textilindustrie und studierte von 1905 bis 1911 an der Wiener Kunstgewerbeschule bei Franz Cizek, Hermann Herdtle und Josef Hoffmann. 1911 absolvierte er einen Sonderkurs in Keramik und Email und arbeitete zwischen 1911 und 1913 als Assistent bei Hoffmann. Er lehrte an den Gewerbeschulen in Offenbach am Main und in K\u00f6ln. Von 1920 bis 1925 war er beim Wiener Werkbund t\u00e4tig. H\u00e4usler nahm an der Dessin-Ausstellung (1910), der Winterausstellung des \u00d6sterreichischen Museums f\u00fcr Kunst und Industrie, der Werkbund-Ausstellung 1913, der Ausstellung von Arbeiten des modernen \u00f6sterreichischen Kunsthandwerks und der &#8222;Dagobert-Peche-Ged\u00e4chtnis-Ausstellung&#8220; teil. H\u00e4usler bem\u00fchte sich um die Reorganisation und Sanierung der Wiener Werkst\u00e4tte. Der Nachlass befindet sich zum Teil in der Nationalbibliothek in Wien und teilweise in der Wienbibliothek im Rathaus.(Quelle: wikipedia)<\/p>\n","protected":false},"featured_media":40736,"comment_status":"open","ping_status":"closed","template":"","meta":[],"product_brand":[],"product_cat":[276,219,27,215,31,231,52,53,213],"product_tag":[],"class_list":{"0":"post-40720","1":"product","2":"type-product","3":"status-publish","4":"has-post-thumbnail","6":"product_cat-alpacca","7":"product_cat-barutensilien","8":"product_cat-barware","9":"product_cat-champagnerschalen","10":"product_cat-gastgeschenke","11":"product_cat-sektkuehler","12":"product_cat-thanksgiving","13":"product_cat-weihnachten","14":"product_cat-wein","16":"first","17":"instock","18":"sold-individually","19":"purchasable","20":"product-type-simple"},"yoast_head":"<!-- This site is optimized with the Yoast SEO Premium plugin v15.8.2 - https:\/\/yoast.com\/wordpress\/plugins\/seo\/ -->\n<title>Philipp H\u00e4usler, Art Deco Champagnerk\u00fchler, Fa. Berndorf, um 1930<\/title>\n<meta name=\"description\" content=\"Philipp H\u00e4usler, Art Deco Champagnerk\u00fchler, Fa. Berndorf, um 1930 \u2665 Antiquit\u00e4ten Online kaufen \u2713 Sichere Lieferung \u2713\" \/>\n<meta name=\"robots\" content=\"index, follow, max-snippet:-1, max-image-preview:large, max-video-preview:-1\" \/>\n<link rel=\"canonical\" href=\"https:\/\/annette-ahrens.at\/onlineshop\/produkt\/philipp-haeusler-art-deco-champagnerkuehler-fa-berndorf-um-1930\/\" \/>\n<meta property=\"og:locale\" content=\"de_DE\" \/>\n<meta property=\"og:type\" content=\"article\" \/>\n<meta property=\"og:title\" content=\"Philipp H\u00e4usler, Art Deco Champagnerk\u00fchler, Fa. Berndorf, um 1930\" \/>\n<meta property=\"og:description\" content=\"Philipp H\u00e4usler, Art Deco Champagnerk\u00fchler, Fa. Berndorf, um 1930 \u2665 Antiquit\u00e4ten Online kaufen \u2713 Sichere Lieferung \u2713\" \/>\n<meta property=\"og:url\" content=\"https:\/\/annette-ahrens.at\/onlineshop\/produkt\/philipp-haeusler-art-deco-champagnerkuehler-fa-berndorf-um-1930\/\" \/>\n<meta property=\"og:site_name\" content=\"Tafelkultur Onlineshop\" \/>\n<meta property=\"article:publisher\" content=\"https:\/\/www.facebook.com\/AnnetteAhrensTafelkultur\" \/>\n<meta property=\"article:modified_time\" content=\"2026-03-22T00:40:19+00:00\" \/>\n<meta property=\"og:image\" content=\"https:\/\/annette-ahrens.at\/onlineshop\/wp-content\/uploads\/2025\/11\/IMG_9881-scaled.jpeg\" \/>\n\t<meta property=\"og:image:width\" content=\"1617\" \/>\n\t<meta property=\"og:image:height\" content=\"2048\" \/>\n<meta name=\"twitter:card\" content=\"summary_large_image\" \/>\n<script type=\"application\/ld+json\" class=\"yoast-schema-graph\">{\"@context\":\"https:\/\/schema.org\",\"@graph\":[{\"@type\":[\"Person\",\"Organization\"],\"@id\":\"https:\/\/annette-ahrens.at\/onlineshop\/#\/schema\/person\/3e19676faae246bba0cb3b7e15f427d8\",\"name\":\"Annette Ahrens\",\"image\":{\"@type\":\"ImageObject\",\"@id\":\"https:\/\/annette-ahrens.at\/onlineshop\/#personlogo\",\"inLanguage\":\"de\",\"url\":\"https:\/\/annette-ahrens.at\/onlineshop\/wp-content\/uploads\/2020\/04\/aa_logo_End.png\",\"width\":800,\"height\":164,\"caption\":\"Annette Ahrens\"},\"logo\":{\"@id\":\"https:\/\/annette-ahrens.at\/onlineshop\/#personlogo\"},\"sameAs\":[\"https:\/\/annette-ahrens.at\",\"https:\/\/www.facebook.com\/AnnetteAhrensTafelkultur\",\"https:\/\/www.instagram.com\/tafelkulturistin\/\",\"https:\/\/de.wikipedia.org\/wiki\/Annette_Ahrens\"]},{\"@type\":\"WebSite\",\"@id\":\"https:\/\/annette-ahrens.at\/onlineshop\/#website\",\"url\":\"https:\/\/annette-ahrens.at\/onlineshop\/\",\"name\":\"Tafelkultur Onlineshop\",\"description\":\"Annette Ahrens\",\"publisher\":{\"@id\":\"https:\/\/annette-ahrens.at\/onlineshop\/#\/schema\/person\/3e19676faae246bba0cb3b7e15f427d8\"},\"potentialAction\":[{\"@type\":\"SearchAction\",\"target\":\"https:\/\/annette-ahrens.at\/onlineshop\/?s={search_term_string}\",\"query-input\":\"required name=search_term_string\"}],\"inLanguage\":\"de\"},{\"@type\":\"ImageObject\",\"@id\":\"https:\/\/annette-ahrens.at\/onlineshop\/produkt\/philipp-haeusler-art-deco-champagnerkuehler-fa-berndorf-um-1930\/#primaryimage\",\"inLanguage\":\"de\",\"url\":\"https:\/\/annette-ahrens.at\/onlineshop\/wp-content\/uploads\/2025\/11\/IMG_9881-scaled.jpeg\",\"width\":1617,\"height\":2048,\"caption\":\"sektkuehler_berndorf\"},{\"@type\":[\"WebPage\",\"ItemPage\"],\"@id\":\"https:\/\/annette-ahrens.at\/onlineshop\/produkt\/philipp-haeusler-art-deco-champagnerkuehler-fa-berndorf-um-1930\/#webpage\",\"url\":\"https:\/\/annette-ahrens.at\/onlineshop\/produkt\/philipp-haeusler-art-deco-champagnerkuehler-fa-berndorf-um-1930\/\",\"name\":\"Philipp H\\u00e4usler, Art Deco Champagnerk\\u00fchler, Fa. Berndorf, um 1930\",\"isPartOf\":{\"@id\":\"https:\/\/annette-ahrens.at\/onlineshop\/#website\"},\"primaryImageOfPage\":{\"@id\":\"https:\/\/annette-ahrens.at\/onlineshop\/produkt\/philipp-haeusler-art-deco-champagnerkuehler-fa-berndorf-um-1930\/#primaryimage\"},\"datePublished\":\"2025-11-23T05:14:09+00:00\",\"dateModified\":\"2026-03-22T00:40:19+00:00\",\"description\":\"Philipp H\\u00e4usler, Art Deco Champagnerk\\u00fchler, Fa. Berndorf, um 1930 \\u2665 Antiquit\\u00e4ten Online kaufen \\u2713 Sichere Lieferung \\u2713\",\"breadcrumb\":{\"@id\":\"https:\/\/annette-ahrens.at\/onlineshop\/produkt\/philipp-haeusler-art-deco-champagnerkuehler-fa-berndorf-um-1930\/#breadcrumb\"},\"inLanguage\":\"de\",\"potentialAction\":[{\"@type\":\"ReadAction\",\"target\":[\"https:\/\/annette-ahrens.at\/onlineshop\/produkt\/philipp-haeusler-art-deco-champagnerkuehler-fa-berndorf-um-1930\/\"]}]},{\"@type\":\"BreadcrumbList\",\"@id\":\"https:\/\/annette-ahrens.at\/onlineshop\/produkt\/philipp-haeusler-art-deco-champagnerkuehler-fa-berndorf-um-1930\/#breadcrumb\",\"itemListElement\":[{\"@type\":\"ListItem\",\"position\":1,\"item\":{\"@type\":\"WebPage\",\"@id\":\"https:\/\/annette-ahrens.at\/onlineshop\/\",\"url\":\"https:\/\/annette-ahrens.at\/onlineshop\/\",\"name\":\"Home\"}},{\"@type\":\"ListItem\",\"position\":2,\"item\":{\"@type\":\"WebPage\",\"@id\":\"https:\/\/annette-ahrens.at\/onlineshop\/alle-tafelkultur-objekte\/\",\"url\":\"https:\/\/annette-ahrens.at\/onlineshop\/alle-tafelkultur-objekte\/\",\"name\":\"Alle Tafelkultur Objekte\"}},{\"@type\":\"ListItem\",\"position\":3,\"item\":{\"@type\":\"WebPage\",\"@id\":\"https:\/\/annette-ahrens.at\/onlineshop\/produkt\/philipp-haeusler-art-deco-champagnerkuehler-fa-berndorf-um-1930\/\",\"url\":\"https:\/\/annette-ahrens.at\/onlineshop\/produkt\/philipp-haeusler-art-deco-champagnerkuehler-fa-berndorf-um-1930\/\",\"name\":\"Philipp H\\u00e4usler, Art Deco Champagnerk\\u00fchler, Fa. Berndorf, um 1930\"}}]}]}<\/script>\n<!-- \/ Yoast SEO Premium plugin. -->","_links":{"self":[{"href":"https:\/\/annette-ahrens.at\/onlineshop\/wp-json\/wp\/v2\/product\/40720","targetHints":{"allow":["GET"]}}],"collection":[{"href":"https:\/\/annette-ahrens.at\/onlineshop\/wp-json\/wp\/v2\/product"}],"about":[{"href":"https:\/\/annette-ahrens.at\/onlineshop\/wp-json\/wp\/v2\/types\/product"}],"replies":[{"embeddable":true,"href":"https:\/\/annette-ahrens.at\/onlineshop\/wp-json\/wp\/v2\/comments?post=40720"}],"wp:featuredmedia":[{"embeddable":true,"href":"https:\/\/annette-ahrens.at\/onlineshop\/wp-json\/wp\/v2\/media\/40736"}],"wp:attachment":[{"href":"https:\/\/annette-ahrens.at\/onlineshop\/wp-json\/wp\/v2\/media?parent=40720"}],"wp:term":[{"taxonomy":"product_brand","embeddable":true,"href":"https:\/\/annette-ahrens.at\/onlineshop\/wp-json\/wp\/v2\/product_brand?post=40720"},{"taxonomy":"product_cat","embeddable":true,"href":"https:\/\/annette-ahrens.at\/onlineshop\/wp-json\/wp\/v2\/product_cat?post=40720"},{"taxonomy":"product_tag","embeddable":true,"href":"https:\/\/annette-ahrens.at\/onlineshop\/wp-json\/wp\/v2\/product_tag?post=40720"}],"curies":[{"name":"wp","href":"https:\/\/api.w.org\/{rel}","templated":true}]}}