{"id":40766,"date":"2025-12-01T06:50:48","date_gmt":"2025-12-01T05:50:48","guid":{"rendered":"https:\/\/annette-ahrens.at\/onlineshop\/?post_type=product&#038;p=40766"},"modified":"2025-11-26T22:51:40","modified_gmt":"2025-11-26T21:51:40","slug":"spaetbiedermeier-sammeltasse-fa-thun-kloesterle-boehmen-1851","status":"publish","type":"product","link":"https:\/\/annette-ahrens.at\/onlineshop\/produkt\/spaetbiedermeier-sammeltasse-fa-thun-kloesterle-boehmen-1851\/","title":{"rendered":"Sp\u00e4tbiedermeier Sammeltasse, Fa. Thun-Kl\u00f6sterle, B\u00f6hmen, 1851"},"content":{"rendered":"<p>Sp\u00e4tbiedermeier Sammeltasse<\/p>\n<p>Fa. Thun-Kl\u00f6sterle, B\u00f6hmen, 1851<\/p>\n<p>Porzellan, runder Fu\u00df, Wandung mit geraden Kanneluren, Weinblatt-Dekor in Weinrot und Gold, hochgezogener, vergoldeter Henkel, am Boden eingepresste Marke T &amp; K, eingepresste Jahreszahl (1)851 und eingepresste Weissdrehernummer 82, \u00a0Tellerglasur auf der Unterseite mit Craquel\u00e9ebildung, sonst tadellos erhalten<\/p>\n<p>H 11 cm, Dm 9 cm<\/p>\n<p>Dm 15 cm<\/p>\n<p>&nbsp;<\/p>\n","protected":false},"excerpt":{"rendered":"<p>Annettes Etikette: Die Porzellanmanufaktur Thun wurde bereits Ende des 18. Jahrhundert gegr\u00fcndet und besteht bis heute. Es macht besondere Freude aus dieser Tasse \u00a0Kaffee oder Tee zu trinken. Ich habs pers\u00f6nlich ausprobiert!<\/p>\n","protected":false},"featured_media":40765,"comment_status":"open","ping_status":"closed","template":"","meta":[],"product_brand":[],"product_cat":[25,18,217,274,268],"product_tag":[],"class_list":{"0":"post-40766","1":"product","2":"type-product","3":"status-publish","4":"has-post-thumbnail","6":"product_cat-5o-clock-tea","7":"product_cat-fruehstueck","8":"product_cat-heissgetraenke","9":"product_cat-porzellan-fachbuecher","10":"product_cat-tee-5o-clock-tea","12":"first","13":"instock","14":"sold-individually","15":"purchasable","16":"product-type-simple"},"yoast_head":"<!-- This site is optimized with the Yoast SEO Premium plugin v15.8.2 - https:\/\/yoast.com\/wordpress\/plugins\/seo\/ -->\n<title>Sp\u00e4tbiedermeier Sammeltasse, Fa. Thun-Kl\u00f6sterle, B\u00f6hmen, 1851<\/title>\n<meta name=\"description\" content=\"Sp\u00e4tbiedermeier Sammeltasse, Fa. Thun-Kl\u00f6sterle, B\u00f6hmen, 1851 \u2665 Antiquit\u00e4ten Online kaufen \u2713 Sichere Lieferung \u2713\" \/>\n<meta name=\"robots\" content=\"index, follow, max-snippet:-1, max-image-preview:large, max-video-preview:-1\" \/>\n<link rel=\"canonical\" href=\"https:\/\/annette-ahrens.at\/onlineshop\/produkt\/spaetbiedermeier-sammeltasse-fa-thun-kloesterle-boehmen-1851\/\" \/>\n<meta property=\"og:locale\" content=\"de_DE\" \/>\n<meta property=\"og:type\" content=\"article\" \/>\n<meta property=\"og:title\" content=\"Sp\u00e4tbiedermeier Sammeltasse, Fa. Thun-Kl\u00f6sterle, B\u00f6hmen, 1851\" \/>\n<meta property=\"og:description\" content=\"Sp\u00e4tbiedermeier Sammeltasse, Fa. Thun-Kl\u00f6sterle, B\u00f6hmen, 1851 \u2665 Antiquit\u00e4ten Online kaufen \u2713 Sichere Lieferung \u2713\" \/>\n<meta property=\"og:url\" content=\"https:\/\/annette-ahrens.at\/onlineshop\/produkt\/spaetbiedermeier-sammeltasse-fa-thun-kloesterle-boehmen-1851\/\" \/>\n<meta property=\"og:site_name\" content=\"Tafelkultur Onlineshop\" \/>\n<meta property=\"article:publisher\" content=\"https:\/\/www.facebook.com\/AnnetteAhrensTafelkultur\" \/>\n<meta property=\"article:modified_time\" content=\"2025-11-26T21:51:40+00:00\" \/>\n<meta property=\"og:image\" content=\"https:\/\/annette-ahrens.at\/onlineshop\/wp-content\/uploads\/2025\/12\/IMG_9924-scaled.jpeg\" \/>\n\t<meta property=\"og:image:width\" content=\"2048\" \/>\n\t<meta property=\"og:image:height\" content=\"2013\" \/>\n<meta name=\"twitter:card\" content=\"summary_large_image\" \/>\n<meta name=\"twitter:label1\" content=\"Gesch\u00e4tzte Lesezeit\">\n\t<meta name=\"twitter:data1\" content=\"1\u00a0Minute\">\n<script type=\"application\/ld+json\" class=\"yoast-schema-graph\">{\"@context\":\"https:\/\/schema.org\",\"@graph\":[{\"@type\":[\"Person\",\"Organization\"],\"@id\":\"https:\/\/annette-ahrens.at\/onlineshop\/#\/schema\/person\/3e19676faae246bba0cb3b7e15f427d8\",\"name\":\"Annette Ahrens\",\"image\":{\"@type\":\"ImageObject\",\"@id\":\"https:\/\/annette-ahrens.at\/onlineshop\/#personlogo\",\"inLanguage\":\"de\",\"url\":\"https:\/\/annette-ahrens.at\/onlineshop\/wp-content\/uploads\/2020\/04\/aa_logo_End.png\",\"width\":800,\"height\":164,\"caption\":\"Annette Ahrens\"},\"logo\":{\"@id\":\"https:\/\/annette-ahrens.at\/onlineshop\/#personlogo\"},\"sameAs\":[\"https:\/\/annette-ahrens.at\",\"https:\/\/www.facebook.com\/AnnetteAhrensTafelkultur\",\"https:\/\/www.instagram.com\/tafelkulturistin\/\",\"https:\/\/de.wikipedia.org\/wiki\/Annette_Ahrens\"]},{\"@type\":\"WebSite\",\"@id\":\"https:\/\/annette-ahrens.at\/onlineshop\/#website\",\"url\":\"https:\/\/annette-ahrens.at\/onlineshop\/\",\"name\":\"Tafelkultur Onlineshop\",\"description\":\"Annette Ahrens\",\"publisher\":{\"@id\":\"https:\/\/annette-ahrens.at\/onlineshop\/#\/schema\/person\/3e19676faae246bba0cb3b7e15f427d8\"},\"potentialAction\":[{\"@type\":\"SearchAction\",\"target\":\"https:\/\/annette-ahrens.at\/onlineshop\/?s={search_term_string}\",\"query-input\":\"required name=search_term_string\"}],\"inLanguage\":\"de\"},{\"@type\":\"ImageObject\",\"@id\":\"https:\/\/annette-ahrens.at\/onlineshop\/produkt\/spaetbiedermeier-sammeltasse-fa-thun-kloesterle-boehmen-1851\/#primaryimage\",\"inLanguage\":\"de\",\"url\":\"https:\/\/annette-ahrens.at\/onlineshop\/wp-content\/uploads\/2025\/12\/IMG_9924-scaled.jpeg\",\"width\":2048,\"height\":2013,\"caption\":\"sammeltasse_thun_kl\\u00f6sterle\"},{\"@type\":[\"WebPage\",\"ItemPage\"],\"@id\":\"https:\/\/annette-ahrens.at\/onlineshop\/produkt\/spaetbiedermeier-sammeltasse-fa-thun-kloesterle-boehmen-1851\/#webpage\",\"url\":\"https:\/\/annette-ahrens.at\/onlineshop\/produkt\/spaetbiedermeier-sammeltasse-fa-thun-kloesterle-boehmen-1851\/\",\"name\":\"Sp\\u00e4tbiedermeier Sammeltasse, Fa. Thun-Kl\\u00f6sterle, B\\u00f6hmen, 1851\",\"isPartOf\":{\"@id\":\"https:\/\/annette-ahrens.at\/onlineshop\/#website\"},\"primaryImageOfPage\":{\"@id\":\"https:\/\/annette-ahrens.at\/onlineshop\/produkt\/spaetbiedermeier-sammeltasse-fa-thun-kloesterle-boehmen-1851\/#primaryimage\"},\"datePublished\":\"2025-12-01T05:50:48+00:00\",\"dateModified\":\"2025-11-26T21:51:40+00:00\",\"description\":\"Sp\\u00e4tbiedermeier Sammeltasse, Fa. Thun-Kl\\u00f6sterle, B\\u00f6hmen, 1851 \\u2665 Antiquit\\u00e4ten Online kaufen \\u2713 Sichere Lieferung \\u2713\",\"breadcrumb\":{\"@id\":\"https:\/\/annette-ahrens.at\/onlineshop\/produkt\/spaetbiedermeier-sammeltasse-fa-thun-kloesterle-boehmen-1851\/#breadcrumb\"},\"inLanguage\":\"de\",\"potentialAction\":[{\"@type\":\"ReadAction\",\"target\":[\"https:\/\/annette-ahrens.at\/onlineshop\/produkt\/spaetbiedermeier-sammeltasse-fa-thun-kloesterle-boehmen-1851\/\"]}]},{\"@type\":\"BreadcrumbList\",\"@id\":\"https:\/\/annette-ahrens.at\/onlineshop\/produkt\/spaetbiedermeier-sammeltasse-fa-thun-kloesterle-boehmen-1851\/#breadcrumb\",\"itemListElement\":[{\"@type\":\"ListItem\",\"position\":1,\"item\":{\"@type\":\"WebPage\",\"@id\":\"https:\/\/annette-ahrens.at\/onlineshop\/\",\"url\":\"https:\/\/annette-ahrens.at\/onlineshop\/\",\"name\":\"Home\"}},{\"@type\":\"ListItem\",\"position\":2,\"item\":{\"@type\":\"WebPage\",\"@id\":\"https:\/\/annette-ahrens.at\/onlineshop\/alle-tafelkultur-objekte\/\",\"url\":\"https:\/\/annette-ahrens.at\/onlineshop\/alle-tafelkultur-objekte\/\",\"name\":\"Alle Tafelkultur Objekte\"}},{\"@type\":\"ListItem\",\"position\":3,\"item\":{\"@type\":\"WebPage\",\"@id\":\"https:\/\/annette-ahrens.at\/onlineshop\/produkt\/spaetbiedermeier-sammeltasse-fa-thun-kloesterle-boehmen-1851\/\",\"url\":\"https:\/\/annette-ahrens.at\/onlineshop\/produkt\/spaetbiedermeier-sammeltasse-fa-thun-kloesterle-boehmen-1851\/\",\"name\":\"Sp\\u00e4tbiedermeier Sammeltasse, Fa. Thun-Kl\\u00f6sterle, B\\u00f6hmen, 1851\"}}]}]}<\/script>\n<!-- \/ Yoast SEO Premium plugin. -->","_links":{"self":[{"href":"https:\/\/annette-ahrens.at\/onlineshop\/wp-json\/wp\/v2\/product\/40766","targetHints":{"allow":["GET"]}}],"collection":[{"href":"https:\/\/annette-ahrens.at\/onlineshop\/wp-json\/wp\/v2\/product"}],"about":[{"href":"https:\/\/annette-ahrens.at\/onlineshop\/wp-json\/wp\/v2\/types\/product"}],"replies":[{"embeddable":true,"href":"https:\/\/annette-ahrens.at\/onlineshop\/wp-json\/wp\/v2\/comments?post=40766"}],"wp:featuredmedia":[{"embeddable":true,"href":"https:\/\/annette-ahrens.at\/onlineshop\/wp-json\/wp\/v2\/media\/40765"}],"wp:attachment":[{"href":"https:\/\/annette-ahrens.at\/onlineshop\/wp-json\/wp\/v2\/media?parent=40766"}],"wp:term":[{"taxonomy":"product_brand","embeddable":true,"href":"https:\/\/annette-ahrens.at\/onlineshop\/wp-json\/wp\/v2\/product_brand?post=40766"},{"taxonomy":"product_cat","embeddable":true,"href":"https:\/\/annette-ahrens.at\/onlineshop\/wp-json\/wp\/v2\/product_cat?post=40766"},{"taxonomy":"product_tag","embeddable":true,"href":"https:\/\/annette-ahrens.at\/onlineshop\/wp-json\/wp\/v2\/product_tag?post=40766"}],"curies":[{"name":"wp","href":"https:\/\/api.w.org\/{rel}","templated":true}]}}