{"id":41257,"date":"2025-12-16T06:30:13","date_gmt":"2025-12-16T05:30:13","guid":{"rendered":"https:\/\/annette-ahrens.at\/onlineshop\/?post_type=product&#038;p=41257"},"modified":"2026-01-01T13:26:46","modified_gmt":"2026-01-01T12:26:46","slug":"biedermeier-flaschenkuehler-altwiener-rose-kaiserliche-porzellanmanufaktur-wien-um-1800","status":"publish","type":"product","link":"https:\/\/annette-ahrens.at\/onlineshop\/produkt\/biedermeier-flaschenkuehler-altwiener-rose-kaiserliche-porzellanmanufaktur-wien-um-1800\/","title":{"rendered":"Biedermeier K\u00fchler &#8222;Altwiener Rose&#8220;, Kaiserliche Porzellanmanufaktur Wien, um 1800"},"content":{"rendered":"<p>Biedermeier K\u00fchler &#8222;Altwiener Rose&#8220;<\/p>\n<p>Kaiserliche Porzellanmanufaktur Wien, um 1800<\/p>\n<p>Porzellan, glasiert, runder, zylindrischer Gef\u00e4\u00dfk\u00f6rper, umlaufende, purpurfarbener Linie, Wandung mit Alt Wiener Rose, seitlich zwei Henkel, \u00a0am Boden gemarkt mit blauem Bindenschild, eingepresste Jahreszahl (17)99, tadelloser Erhaltungszustand<\/p>\n<p>Dm 13,8 cm<\/p>\n<p>H 14 cm<\/p>\n<p>Vergleiche: Waltraud Neuwirth, Wiener Porzellan, Formen und Dekore des Biedermeier, Band 1: Tafel-, Kaffee- und Teegeschirre, Wien 2012<\/p>\n","protected":false},"excerpt":{"rendered":"<p>Annettes Etikette: Die Form dieser K\u00fchler d\u00fcrfte Silberschmiede-Arbeiten Frankreichs nachempfunden worden sein. Diese Ausformung aus Wiener Porzellan ist besonders selten und d\u00fcrfte wohl Teil eines ganzen Tafelservices gewesen sein.<\/p>\n","protected":false},"featured_media":41229,"comment_status":"open","ping_status":"closed","template":"","meta":[],"product_brand":[],"product_cat":[130,192,20,54],"product_tag":[],"class_list":{"0":"post-41257","1":"product","2":"type-product","3":"status-publish","4":"has-post-thumbnail","6":"product_cat-abendessen","7":"product_cat-dessert","8":"product_cat-lunchtime","9":"product_cat-porzellan","11":"first","12":"instock","13":"sold-individually","14":"purchasable","15":"product-type-simple"},"yoast_head":"<!-- This site is optimized with the Yoast SEO Premium plugin v15.8.2 - https:\/\/yoast.com\/wordpress\/plugins\/seo\/ -->\n<title>Biedermeier K\u00fchler &quot;Altwiener Rose&quot;, Kaiserliche Porzellanmanufaktur Wien, um 1800<\/title>\n<meta name=\"description\" content=\"Biedermeier K\u00fchler &quot;Altwiener Rose&quot;, Kaiserliche Porzellanmanufaktur Wien, um 1800 \u2665 Antiquit\u00e4ten Online kaufen \u2713 Sichere Lieferung \u2713\" \/>\n<meta name=\"robots\" content=\"index, follow, max-snippet:-1, max-image-preview:large, max-video-preview:-1\" \/>\n<link rel=\"canonical\" href=\"https:\/\/annette-ahrens.at\/onlineshop\/produkt\/biedermeier-flaschenkuehler-altwiener-rose-kaiserliche-porzellanmanufaktur-wien-um-1800\/\" \/>\n<meta property=\"og:locale\" content=\"de_DE\" \/>\n<meta property=\"og:type\" content=\"article\" \/>\n<meta property=\"og:title\" content=\"Biedermeier K\u00fchler &quot;Altwiener Rose&quot;, Kaiserliche Porzellanmanufaktur Wien, um 1800\" \/>\n<meta property=\"og:description\" content=\"Biedermeier K\u00fchler &quot;Altwiener Rose&quot;, Kaiserliche Porzellanmanufaktur Wien, um 1800 \u2665 Antiquit\u00e4ten Online kaufen \u2713 Sichere Lieferung \u2713\" \/>\n<meta property=\"og:url\" content=\"https:\/\/annette-ahrens.at\/onlineshop\/produkt\/biedermeier-flaschenkuehler-altwiener-rose-kaiserliche-porzellanmanufaktur-wien-um-1800\/\" \/>\n<meta property=\"og:site_name\" content=\"Tafelkultur Onlineshop\" \/>\n<meta property=\"article:publisher\" content=\"https:\/\/www.facebook.com\/AnnetteAhrensTafelkultur\" \/>\n<meta property=\"article:modified_time\" content=\"2026-01-01T12:26:46+00:00\" \/>\n<meta property=\"og:image\" content=\"https:\/\/annette-ahrens.at\/onlineshop\/wp-content\/uploads\/2025\/12\/IMG_0390-scaled.jpeg\" \/>\n\t<meta property=\"og:image:width\" content=\"1771\" \/>\n\t<meta property=\"og:image:height\" content=\"2048\" \/>\n<meta name=\"twitter:card\" content=\"summary_large_image\" \/>\n<meta name=\"twitter:label1\" content=\"Gesch\u00e4tzte Lesezeit\">\n\t<meta name=\"twitter:data1\" content=\"1\u00a0Minute\">\n<script type=\"application\/ld+json\" class=\"yoast-schema-graph\">{\"@context\":\"https:\/\/schema.org\",\"@graph\":[{\"@type\":[\"Person\",\"Organization\"],\"@id\":\"https:\/\/annette-ahrens.at\/onlineshop\/#\/schema\/person\/3e19676faae246bba0cb3b7e15f427d8\",\"name\":\"Annette Ahrens\",\"image\":{\"@type\":\"ImageObject\",\"@id\":\"https:\/\/annette-ahrens.at\/onlineshop\/#personlogo\",\"inLanguage\":\"de\",\"url\":\"https:\/\/annette-ahrens.at\/onlineshop\/wp-content\/uploads\/2020\/04\/aa_logo_End.png\",\"width\":800,\"height\":164,\"caption\":\"Annette Ahrens\"},\"logo\":{\"@id\":\"https:\/\/annette-ahrens.at\/onlineshop\/#personlogo\"},\"sameAs\":[\"https:\/\/annette-ahrens.at\",\"https:\/\/www.facebook.com\/AnnetteAhrensTafelkultur\",\"https:\/\/www.instagram.com\/tafelkulturistin\/\",\"https:\/\/de.wikipedia.org\/wiki\/Annette_Ahrens\"]},{\"@type\":\"WebSite\",\"@id\":\"https:\/\/annette-ahrens.at\/onlineshop\/#website\",\"url\":\"https:\/\/annette-ahrens.at\/onlineshop\/\",\"name\":\"Tafelkultur Onlineshop\",\"description\":\"Annette Ahrens\",\"publisher\":{\"@id\":\"https:\/\/annette-ahrens.at\/onlineshop\/#\/schema\/person\/3e19676faae246bba0cb3b7e15f427d8\"},\"potentialAction\":[{\"@type\":\"SearchAction\",\"target\":\"https:\/\/annette-ahrens.at\/onlineshop\/?s={search_term_string}\",\"query-input\":\"required name=search_term_string\"}],\"inLanguage\":\"de\"},{\"@type\":\"ImageObject\",\"@id\":\"https:\/\/annette-ahrens.at\/onlineshop\/produkt\/biedermeier-flaschenkuehler-altwiener-rose-kaiserliche-porzellanmanufaktur-wien-um-1800\/#primaryimage\",\"inLanguage\":\"de\",\"url\":\"https:\/\/annette-ahrens.at\/onlineshop\/wp-content\/uploads\/2025\/12\/IMG_0390-scaled.jpeg\",\"width\":1771,\"height\":2048,\"caption\":\"flaschenk\\u00fchler_wien\"},{\"@type\":[\"WebPage\",\"ItemPage\"],\"@id\":\"https:\/\/annette-ahrens.at\/onlineshop\/produkt\/biedermeier-flaschenkuehler-altwiener-rose-kaiserliche-porzellanmanufaktur-wien-um-1800\/#webpage\",\"url\":\"https:\/\/annette-ahrens.at\/onlineshop\/produkt\/biedermeier-flaschenkuehler-altwiener-rose-kaiserliche-porzellanmanufaktur-wien-um-1800\/\",\"name\":\"Biedermeier K\\u00fchler \\\"Altwiener Rose\\\", Kaiserliche Porzellanmanufaktur Wien, um 1800\",\"isPartOf\":{\"@id\":\"https:\/\/annette-ahrens.at\/onlineshop\/#website\"},\"primaryImageOfPage\":{\"@id\":\"https:\/\/annette-ahrens.at\/onlineshop\/produkt\/biedermeier-flaschenkuehler-altwiener-rose-kaiserliche-porzellanmanufaktur-wien-um-1800\/#primaryimage\"},\"datePublished\":\"2025-12-16T05:30:13+00:00\",\"dateModified\":\"2026-01-01T12:26:46+00:00\",\"description\":\"Biedermeier K\\u00fchler \\\"Altwiener Rose\\\", Kaiserliche Porzellanmanufaktur Wien, um 1800 \\u2665 Antiquit\\u00e4ten Online kaufen \\u2713 Sichere Lieferung \\u2713\",\"breadcrumb\":{\"@id\":\"https:\/\/annette-ahrens.at\/onlineshop\/produkt\/biedermeier-flaschenkuehler-altwiener-rose-kaiserliche-porzellanmanufaktur-wien-um-1800\/#breadcrumb\"},\"inLanguage\":\"de\",\"potentialAction\":[{\"@type\":\"ReadAction\",\"target\":[\"https:\/\/annette-ahrens.at\/onlineshop\/produkt\/biedermeier-flaschenkuehler-altwiener-rose-kaiserliche-porzellanmanufaktur-wien-um-1800\/\"]}]},{\"@type\":\"BreadcrumbList\",\"@id\":\"https:\/\/annette-ahrens.at\/onlineshop\/produkt\/biedermeier-flaschenkuehler-altwiener-rose-kaiserliche-porzellanmanufaktur-wien-um-1800\/#breadcrumb\",\"itemListElement\":[{\"@type\":\"ListItem\",\"position\":1,\"item\":{\"@type\":\"WebPage\",\"@id\":\"https:\/\/annette-ahrens.at\/onlineshop\/\",\"url\":\"https:\/\/annette-ahrens.at\/onlineshop\/\",\"name\":\"Home\"}},{\"@type\":\"ListItem\",\"position\":2,\"item\":{\"@type\":\"WebPage\",\"@id\":\"https:\/\/annette-ahrens.at\/onlineshop\/alle-tafelkultur-objekte\/\",\"url\":\"https:\/\/annette-ahrens.at\/onlineshop\/alle-tafelkultur-objekte\/\",\"name\":\"Alle Tafelkultur Objekte\"}},{\"@type\":\"ListItem\",\"position\":3,\"item\":{\"@type\":\"WebPage\",\"@id\":\"https:\/\/annette-ahrens.at\/onlineshop\/produkt\/biedermeier-flaschenkuehler-altwiener-rose-kaiserliche-porzellanmanufaktur-wien-um-1800\/\",\"url\":\"https:\/\/annette-ahrens.at\/onlineshop\/produkt\/biedermeier-flaschenkuehler-altwiener-rose-kaiserliche-porzellanmanufaktur-wien-um-1800\/\",\"name\":\"Biedermeier K\\u00fchler &#8222;Altwiener Rose&#8220;, Kaiserliche Porzellanmanufaktur Wien, um 1800\"}}]}]}<\/script>\n<!-- \/ Yoast SEO Premium plugin. -->","_links":{"self":[{"href":"https:\/\/annette-ahrens.at\/onlineshop\/wp-json\/wp\/v2\/product\/41257","targetHints":{"allow":["GET"]}}],"collection":[{"href":"https:\/\/annette-ahrens.at\/onlineshop\/wp-json\/wp\/v2\/product"}],"about":[{"href":"https:\/\/annette-ahrens.at\/onlineshop\/wp-json\/wp\/v2\/types\/product"}],"replies":[{"embeddable":true,"href":"https:\/\/annette-ahrens.at\/onlineshop\/wp-json\/wp\/v2\/comments?post=41257"}],"wp:featuredmedia":[{"embeddable":true,"href":"https:\/\/annette-ahrens.at\/onlineshop\/wp-json\/wp\/v2\/media\/41229"}],"wp:attachment":[{"href":"https:\/\/annette-ahrens.at\/onlineshop\/wp-json\/wp\/v2\/media?parent=41257"}],"wp:term":[{"taxonomy":"product_brand","embeddable":true,"href":"https:\/\/annette-ahrens.at\/onlineshop\/wp-json\/wp\/v2\/product_brand?post=41257"},{"taxonomy":"product_cat","embeddable":true,"href":"https:\/\/annette-ahrens.at\/onlineshop\/wp-json\/wp\/v2\/product_cat?post=41257"},{"taxonomy":"product_tag","embeddable":true,"href":"https:\/\/annette-ahrens.at\/onlineshop\/wp-json\/wp\/v2\/product_tag?post=41257"}],"curies":[{"name":"wp","href":"https:\/\/api.w.org\/{rel}","templated":true}]}}