{"id":41641,"date":"2026-01-08T06:04:43","date_gmt":"2026-01-08T05:04:43","guid":{"rendered":"https:\/\/annette-ahrens.at\/onlineshop\/?post_type=product&#038;p=41641"},"modified":"2026-01-07T11:17:34","modified_gmt":"2026-01-07T10:17:34","slug":"art-deco-senftopf-fa-wmf-um-1930-3","status":"publish","type":"product","link":"https:\/\/annette-ahrens.at\/onlineshop\/produkt\/art-deco-senftopf-fa-wmf-um-1930-3\/","title":{"rendered":"Art Deco Senftopf, Fa. WMF, um 1930"},"content":{"rendered":"<p>Art Deco Senftopf<\/p>\n<p>Fa. WMF, Geislingen, Deutschland, um 1930<\/p>\n<p>kugelf\u00f6rmige H\u00fclle aus versilberter Alpacca mit zwei Bl\u00e4ttern als Halterung, Porzellanbeh\u00e4lter mit zugeh\u00f6rigem Deckel, Alpacca gemarkt WMF, Porzellan gemarkt W\u00e4chtersbach, Deutschland, transparenter Kunststoff-L\u00f6ffel, tadelloser Erhaltungszustand<\/p>\n<p>H 8 cm<\/p>\n","protected":false},"excerpt":{"rendered":"<p>Art Deco Senftopf Fa. WMF, Geislingen, Deutschland, um 1930 kugelf\u00f6rmige H\u00fclle aus versilberter Alpacca mit zwei Bl\u00e4ttern als Halterung, Porzellanbeh\u00e4lter mit zugeh\u00f6rigem Deckel, Alpacca gemarkt WMF, Porzellan gemarkt W\u00e4chtersbach, Deutschland, transparenter Kunststoff-L\u00f6ffel, tadelloser Erhaltungszustand H 8 cm<\/p>\n","protected":false},"featured_media":41646,"comment_status":"open","ping_status":"closed","template":"","meta":[],"product_brand":[],"product_cat":[130,276,298,295,274,43,239,22],"product_tag":[],"class_list":{"0":"post-41641","1":"product","2":"type-product","3":"status-publish","4":"has-post-thumbnail","6":"product_cat-abendessen","7":"product_cat-alpacca","8":"product_cat-buffet","9":"product_cat-jagdeinladung","10":"product_cat-porzellan-fachbuecher","11":"product_cat-senf","12":"product_cat-spezialbestecke","13":"product_cat-suess-sauer","15":"first","16":"instock","17":"sold-individually","18":"purchasable","19":"product-type-simple"},"yoast_head":"<!-- This site is optimized with the Yoast SEO Premium plugin v15.8.2 - https:\/\/yoast.com\/wordpress\/plugins\/seo\/ -->\n<title>Art Deco Senftopf, Fa. WMF, um 1930<\/title>\n<meta name=\"description\" content=\"Art Deco Senftopf, Fa. WMF, um 1930 \u2665 Antiquit\u00e4ten Online kaufen \u2713 Sichere Lieferung \u2713\" \/>\n<meta name=\"robots\" content=\"index, follow, max-snippet:-1, max-image-preview:large, max-video-preview:-1\" \/>\n<link rel=\"canonical\" href=\"https:\/\/annette-ahrens.at\/onlineshop\/produkt\/art-deco-senftopf-fa-wmf-um-1930-3\/\" \/>\n<meta property=\"og:locale\" content=\"de_DE\" \/>\n<meta property=\"og:type\" content=\"article\" \/>\n<meta property=\"og:title\" content=\"Art Deco Senftopf, Fa. WMF, um 1930\" \/>\n<meta property=\"og:description\" content=\"Art Deco Senftopf, Fa. WMF, um 1930 \u2665 Antiquit\u00e4ten Online kaufen \u2713 Sichere Lieferung \u2713\" \/>\n<meta property=\"og:url\" content=\"https:\/\/annette-ahrens.at\/onlineshop\/produkt\/art-deco-senftopf-fa-wmf-um-1930-3\/\" \/>\n<meta property=\"og:site_name\" content=\"Tafelkultur Onlineshop\" \/>\n<meta property=\"article:publisher\" content=\"https:\/\/www.facebook.com\/AnnetteAhrensTafelkultur\" \/>\n<meta property=\"article:modified_time\" content=\"2026-01-07T10:17:34+00:00\" \/>\n<meta property=\"og:image\" content=\"https:\/\/annette-ahrens.at\/onlineshop\/wp-content\/uploads\/2026\/01\/IMG_0800-scaled.jpeg\" \/>\n\t<meta property=\"og:image:width\" content=\"2043\" \/>\n\t<meta property=\"og:image:height\" content=\"2048\" \/>\n<meta name=\"twitter:card\" content=\"summary_large_image\" \/>\n<meta name=\"twitter:label1\" content=\"Gesch\u00e4tzte Lesezeit\">\n\t<meta name=\"twitter:data1\" content=\"1\u00a0Minute\">\n<script type=\"application\/ld+json\" class=\"yoast-schema-graph\">{\"@context\":\"https:\/\/schema.org\",\"@graph\":[{\"@type\":[\"Person\",\"Organization\"],\"@id\":\"https:\/\/annette-ahrens.at\/onlineshop\/#\/schema\/person\/3e19676faae246bba0cb3b7e15f427d8\",\"name\":\"Annette Ahrens\",\"image\":{\"@type\":\"ImageObject\",\"@id\":\"https:\/\/annette-ahrens.at\/onlineshop\/#personlogo\",\"inLanguage\":\"de\",\"url\":\"https:\/\/annette-ahrens.at\/onlineshop\/wp-content\/uploads\/2020\/04\/aa_logo_End.png\",\"width\":800,\"height\":164,\"caption\":\"Annette Ahrens\"},\"logo\":{\"@id\":\"https:\/\/annette-ahrens.at\/onlineshop\/#personlogo\"},\"sameAs\":[\"https:\/\/annette-ahrens.at\",\"https:\/\/www.facebook.com\/AnnetteAhrensTafelkultur\",\"https:\/\/www.instagram.com\/tafelkulturistin\/\",\"https:\/\/de.wikipedia.org\/wiki\/Annette_Ahrens\"]},{\"@type\":\"WebSite\",\"@id\":\"https:\/\/annette-ahrens.at\/onlineshop\/#website\",\"url\":\"https:\/\/annette-ahrens.at\/onlineshop\/\",\"name\":\"Tafelkultur Onlineshop\",\"description\":\"Annette Ahrens\",\"publisher\":{\"@id\":\"https:\/\/annette-ahrens.at\/onlineshop\/#\/schema\/person\/3e19676faae246bba0cb3b7e15f427d8\"},\"potentialAction\":[{\"@type\":\"SearchAction\",\"target\":\"https:\/\/annette-ahrens.at\/onlineshop\/?s={search_term_string}\",\"query-input\":\"required name=search_term_string\"}],\"inLanguage\":\"de\"},{\"@type\":\"ImageObject\",\"@id\":\"https:\/\/annette-ahrens.at\/onlineshop\/produkt\/art-deco-senftopf-fa-wmf-um-1930-3\/#primaryimage\",\"inLanguage\":\"de\",\"url\":\"https:\/\/annette-ahrens.at\/onlineshop\/wp-content\/uploads\/2026\/01\/IMG_0800-scaled.jpeg\",\"width\":2043,\"height\":2048,\"caption\":\"senttopf_wmf\"},{\"@type\":[\"WebPage\",\"ItemPage\"],\"@id\":\"https:\/\/annette-ahrens.at\/onlineshop\/produkt\/art-deco-senftopf-fa-wmf-um-1930-3\/#webpage\",\"url\":\"https:\/\/annette-ahrens.at\/onlineshop\/produkt\/art-deco-senftopf-fa-wmf-um-1930-3\/\",\"name\":\"Art Deco Senftopf, Fa. WMF, um 1930\",\"isPartOf\":{\"@id\":\"https:\/\/annette-ahrens.at\/onlineshop\/#website\"},\"primaryImageOfPage\":{\"@id\":\"https:\/\/annette-ahrens.at\/onlineshop\/produkt\/art-deco-senftopf-fa-wmf-um-1930-3\/#primaryimage\"},\"datePublished\":\"2026-01-08T05:04:43+00:00\",\"dateModified\":\"2026-01-07T10:17:34+00:00\",\"description\":\"Art Deco Senftopf, Fa. WMF, um 1930 \\u2665 Antiquit\\u00e4ten Online kaufen \\u2713 Sichere Lieferung \\u2713\",\"breadcrumb\":{\"@id\":\"https:\/\/annette-ahrens.at\/onlineshop\/produkt\/art-deco-senftopf-fa-wmf-um-1930-3\/#breadcrumb\"},\"inLanguage\":\"de\",\"potentialAction\":[{\"@type\":\"ReadAction\",\"target\":[\"https:\/\/annette-ahrens.at\/onlineshop\/produkt\/art-deco-senftopf-fa-wmf-um-1930-3\/\"]}]},{\"@type\":\"BreadcrumbList\",\"@id\":\"https:\/\/annette-ahrens.at\/onlineshop\/produkt\/art-deco-senftopf-fa-wmf-um-1930-3\/#breadcrumb\",\"itemListElement\":[{\"@type\":\"ListItem\",\"position\":1,\"item\":{\"@type\":\"WebPage\",\"@id\":\"https:\/\/annette-ahrens.at\/onlineshop\/\",\"url\":\"https:\/\/annette-ahrens.at\/onlineshop\/\",\"name\":\"Home\"}},{\"@type\":\"ListItem\",\"position\":2,\"item\":{\"@type\":\"WebPage\",\"@id\":\"https:\/\/annette-ahrens.at\/onlineshop\/alle-tafelkultur-objekte\/\",\"url\":\"https:\/\/annette-ahrens.at\/onlineshop\/alle-tafelkultur-objekte\/\",\"name\":\"Alle Tafelkultur Objekte\"}},{\"@type\":\"ListItem\",\"position\":3,\"item\":{\"@type\":\"WebPage\",\"@id\":\"https:\/\/annette-ahrens.at\/onlineshop\/produkt\/art-deco-senftopf-fa-wmf-um-1930-3\/\",\"url\":\"https:\/\/annette-ahrens.at\/onlineshop\/produkt\/art-deco-senftopf-fa-wmf-um-1930-3\/\",\"name\":\"Art Deco Senftopf, Fa. WMF, um 1930\"}}]}]}<\/script>\n<!-- \/ Yoast SEO Premium plugin. -->","_links":{"self":[{"href":"https:\/\/annette-ahrens.at\/onlineshop\/wp-json\/wp\/v2\/product\/41641","targetHints":{"allow":["GET"]}}],"collection":[{"href":"https:\/\/annette-ahrens.at\/onlineshop\/wp-json\/wp\/v2\/product"}],"about":[{"href":"https:\/\/annette-ahrens.at\/onlineshop\/wp-json\/wp\/v2\/types\/product"}],"replies":[{"embeddable":true,"href":"https:\/\/annette-ahrens.at\/onlineshop\/wp-json\/wp\/v2\/comments?post=41641"}],"wp:featuredmedia":[{"embeddable":true,"href":"https:\/\/annette-ahrens.at\/onlineshop\/wp-json\/wp\/v2\/media\/41646"}],"wp:attachment":[{"href":"https:\/\/annette-ahrens.at\/onlineshop\/wp-json\/wp\/v2\/media?parent=41641"}],"wp:term":[{"taxonomy":"product_brand","embeddable":true,"href":"https:\/\/annette-ahrens.at\/onlineshop\/wp-json\/wp\/v2\/product_brand?post=41641"},{"taxonomy":"product_cat","embeddable":true,"href":"https:\/\/annette-ahrens.at\/onlineshop\/wp-json\/wp\/v2\/product_cat?post=41641"},{"taxonomy":"product_tag","embeddable":true,"href":"https:\/\/annette-ahrens.at\/onlineshop\/wp-json\/wp\/v2\/product_tag?post=41641"}],"curies":[{"name":"wp","href":"https:\/\/api.w.org\/{rel}","templated":true}]}}

<p>Art Deco Senftopf</p>
<p>Fa. WMF, Geislingen, Deutschland, um 1930</p>
<p>kugelförmige Hülle aus versilberter Alpacca mit zwei Blättern als Halterung, Porzellanbehälter mit zugehörigem Deckel, Alpacca gemarkt WMF, Porzellan gemarkt Wächtersbach, Deutschland, transparenter Kunststoff-Löffel, tadelloser Erhaltungszustand</p>
<p>H 8 cm</p>

<p>Art Deco Senftopf Fa. WMF, Geislingen, Deutschland, um 1930 kugelförmige Hülle aus versilberter Alpacca mit zwei Blättern als Halterung, Porzellanbehälter mit zugehörigem Deckel, Alpacca gemarkt WMF, Porzellan gemarkt Wächtersbach, Deutschland, transparenter Kunststoff-Löffel, tadelloser Erhaltungszustand H 8 cm</p>

<!-- This site is optimized with the Yoast SEO Premium plugin v15.8.2 - https://yoast.com/wordpress/plugins/seo/ -->
<title>Art Deco Senftopf, Fa. WMF, um 1930</title>
<meta name="description" content="Art Deco Senftopf, Fa. WMF, um 1930 ♥ Antiquitäten Online kaufen ✓ Sichere Lieferung ✓" />
<meta name="robots" content="index, follow, max-snippet:-1, max-image-preview:large, max-video-preview:-1" />
<link rel="canonical" href="https://annette-ahrens.at/onlineshop/produkt/art-deco-senftopf-fa-wmf-um-1930-3/" />
<meta property="og:locale" content="de_DE" />
<meta property="og:type" content="article" />
<meta property="og:title" content="Art Deco Senftopf, Fa. WMF, um 1930" />
<meta property="og:description" content="Art Deco Senftopf, Fa. WMF, um 1930 ♥ Antiquitäten Online kaufen ✓ Sichere Lieferung ✓" />
<meta property="og:url" content="https://annette-ahrens.at/onlineshop/produkt/art-deco-senftopf-fa-wmf-um-1930-3/" />
<meta property="og:site_name" content="Tafelkultur Onlineshop" />
<meta property="article:publisher" content="https://www.facebook.com/AnnetteAhrensTafelkultur" />
<meta property="article:modified_time" content="2026-01-07T10:17:34+00:00" />
<meta property="og:image" content="https://annette-ahrens.at/onlineshop/wp-content/uploads/2026/01/IMG_0800-scaled.jpeg" />
	<meta property="og:image:width" content="2043" />
	<meta property="og:image:height" content="2048" />
<meta name="twitter:card" content="summary_large_image" />
<meta name="twitter:label1" content="Geschätzte Lesezeit">
	<meta name="twitter:data1" content="1 Minute">
<script type="application/ld+json" class="yoast-schema-graph">{"@context":"https://schema.org","@graph":[{"@type":["Person","Organization"],"@id":"https://annette-ahrens.at/onlineshop/#/schema/person/3e19676faae246bba0cb3b7e15f427d8","name":"Annette Ahrens","image":{"@type":"ImageObject","@id":"https://annette-ahrens.at/onlineshop/#personlogo","inLanguage":"de","url":"https://annette-ahrens.at/onlineshop/wp-content/uploads/2020/04/aa_logo_End.png","width":800,"height":164,"caption":"Annette Ahrens"},"logo":{"@id":"https://annette-ahrens.at/onlineshop/#personlogo"},"sameAs":["https://annette-ahrens.at","https://www.facebook.com/AnnetteAhrensTafelkultur","https://www.instagram.com/tafelkulturistin/","https://de.wikipedia.org/wiki/Annette_Ahrens"]},{"@type":"WebSite","@id":"https://annette-ahrens.at/onlineshop/#website","url":"https://annette-ahrens.at/onlineshop/","name":"Tafelkultur Onlineshop","description":"Annette Ahrens","publisher":{"@id":"https://annette-ahrens.at/onlineshop/#/schema/person/3e19676faae246bba0cb3b7e15f427d8"},"potentialAction":[{"@type":"SearchAction","target":"https://annette-ahrens.at/onlineshop/?s={search_term_string}","query-input":"required name=search_term_string"}],"inLanguage":"de"},{"@type":"ImageObject","@id":"https://annette-ahrens.at/onlineshop/produkt/art-deco-senftopf-fa-wmf-um-1930-3/#primaryimage","inLanguage":"de","url":"https://annette-ahrens.at/onlineshop/wp-content/uploads/2026/01/IMG_0800-scaled.jpeg","width":2043,"height":2048,"caption":"senttopf_wmf"},{"@type":["WebPage","ItemPage"],"@id":"https://annette-ahrens.at/onlineshop/produkt/art-deco-senftopf-fa-wmf-um-1930-3/#webpage","url":"https://annette-ahrens.at/onlineshop/produkt/art-deco-senftopf-fa-wmf-um-1930-3/","name":"Art Deco Senftopf, Fa. WMF, um 1930","isPartOf":{"@id":"https://annette-ahrens.at/onlineshop/#website"},"primaryImageOfPage":{"@id":"https://annette-ahrens.at/onlineshop/produkt/art-deco-senftopf-fa-wmf-um-1930-3/#primaryimage"},"datePublished":"2026-01-08T05:04:43+00:00","dateModified":"2026-01-07T10:17:34+00:00","description":"Art Deco Senftopf, Fa. WMF, um 1930 \u2665 Antiquit\u00e4ten Online kaufen \u2713 Sichere Lieferung \u2713","breadcrumb":{"@id":"https://annette-ahrens.at/onlineshop/produkt/art-deco-senftopf-fa-wmf-um-1930-3/#breadcrumb"},"inLanguage":"de","potentialAction":[{"@type":"ReadAction","target":["https://annette-ahrens.at/onlineshop/produkt/art-deco-senftopf-fa-wmf-um-1930-3/"]}]},{"@type":"BreadcrumbList","@id":"https://annette-ahrens.at/onlineshop/produkt/art-deco-senftopf-fa-wmf-um-1930-3/#breadcrumb","itemListElement":[{"@type":"ListItem","position":1,"item":{"@type":"WebPage","@id":"https://annette-ahrens.at/onlineshop/","url":"https://annette-ahrens.at/onlineshop/","name":"Home"}},{"@type":"ListItem","position":2,"item":{"@type":"WebPage","@id":"https://annette-ahrens.at/onlineshop/alle-tafelkultur-objekte/","url":"https://annette-ahrens.at/onlineshop/alle-tafelkultur-objekte/","name":"Alle Tafelkultur Objekte"}},{"@type":"ListItem","position":3,"item":{"@type":"WebPage","@id":"https://annette-ahrens.at/onlineshop/produkt/art-deco-senftopf-fa-wmf-um-1930-3/","url":"https://annette-ahrens.at/onlineshop/produkt/art-deco-senftopf-fa-wmf-um-1930-3/","name":"Art Deco Senftopf, Fa. WMF, um 1930"}}]}]}</script>
<!-- / Yoast SEO Premium plugin. -->
