{"id":41710,"date":"2026-01-13T06:27:14","date_gmt":"2026-01-13T05:27:14","guid":{"rendered":"https:\/\/annette-ahrens.at\/onlineshop\/?post_type=product&#038;p=41710"},"modified":"2026-01-12T18:32:04","modified_gmt":"2026-01-12T17:32:04","slug":"waltraud-neuwirth-wiener-silber-1780-1866-klassizismus-biedermeier-historismus","status":"publish","type":"product","link":"https:\/\/annette-ahrens.at\/onlineshop\/produkt\/waltraud-neuwirth-wiener-silber-1780-1866-klassizismus-biedermeier-historismus\/","title":{"rendered":"Waltraud Neuwirth: Wiener Silber 1780-1866. Klassizismus &#8211; Biedermeier &#8211; Historismus"},"content":{"rendered":"<p>Waltraud Neuwirth:<\/p>\n<p><span id=\"productTitle\" class=\"a-size-large celwidget\" data-csa-c-id=\"2fc3t0-me7v37-9mw0hs-63anxl\" data-cel-widget=\"productTitle\">Wiener Silber 1780-1866. Klassizismus &#8211; Biedermeier &#8211; Historismus. Dt. \/Engl: Zuckerstreuer, Zuckerdosen, Zuckervasen, Zuckerzangen<\/span><\/p>\n<p>Format: 16 x 24 cm, Leinen, 592 Seiten<\/p>\n<p><span class=\"a-list-item\"><span class=\"a-text-bold\">ISBN-10 \u200f : \u200e <\/span>3900282323<\/span><\/p>\n<p><span class=\"a-list-item\"><span class=\"a-text-bold\">ISBN-13 \u200f : \u200e <\/span>978-3900282325<\/span><\/p>\n<p>Selbstverlag Dr. Waltraud Neuwirth, Wien, 1989<\/p>\n","protected":false},"excerpt":{"rendered":"<p>Annettes Etikette: Dieses Buch ist eines meiner wichtigsten Handb\u00fccher zur Bestimmung der Wiener Silberschmiede. Wie bei Malern ist der Meister ein wichtiger Indikator f\u00fcr die Qualit\u00e4t eines Silberobjektes.<\/p>\n","protected":false},"featured_media":41711,"comment_status":"open","ping_status":"closed","template":"","meta":[],"product_brand":[],"product_cat":[372,273],"product_tag":[],"class_list":{"0":"post-41710","1":"product","2":"type-product","3":"status-publish","4":"has-post-thumbnail","6":"product_cat-fachbuecher","7":"product_cat-silber-fachbuecher","9":"first","10":"instock","11":"taxable","12":"shipping-taxable","13":"purchasable","14":"product-type-simple"},"yoast_head":"<!-- This site is optimized with the Yoast SEO Premium plugin v15.8.2 - https:\/\/yoast.com\/wordpress\/plugins\/seo\/ -->\n<title>Waltraud Neuwirth: Wiener Silber 1780-1866. Klassizismus - Biedermeier - Historismus<\/title>\n<meta name=\"description\" content=\"Waltraud Neuwirth: Wiener Silber 1780-1866. Klassizismus - Biedermeier - Historismus \u2665 Antiquit\u00e4ten Online kaufen \u2713 Sichere Lieferung \u2713\" \/>\n<meta name=\"robots\" content=\"index, follow, max-snippet:-1, max-image-preview:large, max-video-preview:-1\" \/>\n<link rel=\"canonical\" href=\"https:\/\/annette-ahrens.at\/onlineshop\/produkt\/waltraud-neuwirth-wiener-silber-1780-1866-klassizismus-biedermeier-historismus\/\" \/>\n<meta property=\"og:locale\" content=\"de_DE\" \/>\n<meta property=\"og:type\" content=\"article\" \/>\n<meta property=\"og:title\" content=\"Waltraud Neuwirth: Wiener Silber 1780-1866. Klassizismus - Biedermeier - Historismus\" \/>\n<meta property=\"og:description\" content=\"Waltraud Neuwirth: Wiener Silber 1780-1866. Klassizismus - Biedermeier - Historismus \u2665 Antiquit\u00e4ten Online kaufen \u2713 Sichere Lieferung \u2713\" \/>\n<meta property=\"og:url\" content=\"https:\/\/annette-ahrens.at\/onlineshop\/produkt\/waltraud-neuwirth-wiener-silber-1780-1866-klassizismus-biedermeier-historismus\/\" \/>\n<meta property=\"og:site_name\" content=\"Tafelkultur Onlineshop\" \/>\n<meta property=\"article:publisher\" content=\"https:\/\/www.facebook.com\/AnnetteAhrensTafelkultur\" \/>\n<meta property=\"article:modified_time\" content=\"2026-01-12T17:32:04+00:00\" \/>\n<meta property=\"og:image\" content=\"https:\/\/annette-ahrens.at\/onlineshop\/wp-content\/uploads\/2026\/01\/image.jpeg\" \/>\n\t<meta property=\"og:image:width\" content=\"690\" \/>\n\t<meta property=\"og:image:height\" content=\"1000\" \/>\n<meta name=\"twitter:card\" content=\"summary_large_image\" \/>\n<meta name=\"twitter:label1\" content=\"Gesch\u00e4tzte Lesezeit\">\n\t<meta name=\"twitter:data1\" content=\"1\u00a0Minute\">\n<script type=\"application\/ld+json\" class=\"yoast-schema-graph\">{\"@context\":\"https:\/\/schema.org\",\"@graph\":[{\"@type\":[\"Person\",\"Organization\"],\"@id\":\"https:\/\/annette-ahrens.at\/onlineshop\/#\/schema\/person\/3e19676faae246bba0cb3b7e15f427d8\",\"name\":\"Annette Ahrens\",\"image\":{\"@type\":\"ImageObject\",\"@id\":\"https:\/\/annette-ahrens.at\/onlineshop\/#personlogo\",\"inLanguage\":\"de\",\"url\":\"https:\/\/annette-ahrens.at\/onlineshop\/wp-content\/uploads\/2020\/04\/aa_logo_End.png\",\"width\":800,\"height\":164,\"caption\":\"Annette Ahrens\"},\"logo\":{\"@id\":\"https:\/\/annette-ahrens.at\/onlineshop\/#personlogo\"},\"sameAs\":[\"https:\/\/annette-ahrens.at\",\"https:\/\/www.facebook.com\/AnnetteAhrensTafelkultur\",\"https:\/\/www.instagram.com\/tafelkulturistin\/\",\"https:\/\/de.wikipedia.org\/wiki\/Annette_Ahrens\"]},{\"@type\":\"WebSite\",\"@id\":\"https:\/\/annette-ahrens.at\/onlineshop\/#website\",\"url\":\"https:\/\/annette-ahrens.at\/onlineshop\/\",\"name\":\"Tafelkultur Onlineshop\",\"description\":\"Annette Ahrens\",\"publisher\":{\"@id\":\"https:\/\/annette-ahrens.at\/onlineshop\/#\/schema\/person\/3e19676faae246bba0cb3b7e15f427d8\"},\"potentialAction\":[{\"@type\":\"SearchAction\",\"target\":\"https:\/\/annette-ahrens.at\/onlineshop\/?s={search_term_string}\",\"query-input\":\"required name=search_term_string\"}],\"inLanguage\":\"de\"},{\"@type\":\"ImageObject\",\"@id\":\"https:\/\/annette-ahrens.at\/onlineshop\/produkt\/waltraud-neuwirth-wiener-silber-1780-1866-klassizismus-biedermeier-historismus\/#primaryimage\",\"inLanguage\":\"de\",\"url\":\"https:\/\/annette-ahrens.at\/onlineshop\/wp-content\/uploads\/2026\/01\/image.jpeg\",\"width\":690,\"height\":1000,\"caption\":\"neuwirth_silber\"},{\"@type\":[\"WebPage\",\"ItemPage\"],\"@id\":\"https:\/\/annette-ahrens.at\/onlineshop\/produkt\/waltraud-neuwirth-wiener-silber-1780-1866-klassizismus-biedermeier-historismus\/#webpage\",\"url\":\"https:\/\/annette-ahrens.at\/onlineshop\/produkt\/waltraud-neuwirth-wiener-silber-1780-1866-klassizismus-biedermeier-historismus\/\",\"name\":\"Waltraud Neuwirth: Wiener Silber 1780-1866. Klassizismus - Biedermeier - Historismus\",\"isPartOf\":{\"@id\":\"https:\/\/annette-ahrens.at\/onlineshop\/#website\"},\"primaryImageOfPage\":{\"@id\":\"https:\/\/annette-ahrens.at\/onlineshop\/produkt\/waltraud-neuwirth-wiener-silber-1780-1866-klassizismus-biedermeier-historismus\/#primaryimage\"},\"datePublished\":\"2026-01-13T05:27:14+00:00\",\"dateModified\":\"2026-01-12T17:32:04+00:00\",\"description\":\"Waltraud Neuwirth: Wiener Silber 1780-1866. Klassizismus - Biedermeier - Historismus \\u2665 Antiquit\\u00e4ten Online kaufen \\u2713 Sichere Lieferung \\u2713\",\"breadcrumb\":{\"@id\":\"https:\/\/annette-ahrens.at\/onlineshop\/produkt\/waltraud-neuwirth-wiener-silber-1780-1866-klassizismus-biedermeier-historismus\/#breadcrumb\"},\"inLanguage\":\"de\",\"potentialAction\":[{\"@type\":\"ReadAction\",\"target\":[\"https:\/\/annette-ahrens.at\/onlineshop\/produkt\/waltraud-neuwirth-wiener-silber-1780-1866-klassizismus-biedermeier-historismus\/\"]}]},{\"@type\":\"BreadcrumbList\",\"@id\":\"https:\/\/annette-ahrens.at\/onlineshop\/produkt\/waltraud-neuwirth-wiener-silber-1780-1866-klassizismus-biedermeier-historismus\/#breadcrumb\",\"itemListElement\":[{\"@type\":\"ListItem\",\"position\":1,\"item\":{\"@type\":\"WebPage\",\"@id\":\"https:\/\/annette-ahrens.at\/onlineshop\/\",\"url\":\"https:\/\/annette-ahrens.at\/onlineshop\/\",\"name\":\"Home\"}},{\"@type\":\"ListItem\",\"position\":2,\"item\":{\"@type\":\"WebPage\",\"@id\":\"https:\/\/annette-ahrens.at\/onlineshop\/alle-tafelkultur-objekte\/\",\"url\":\"https:\/\/annette-ahrens.at\/onlineshop\/alle-tafelkultur-objekte\/\",\"name\":\"Alle Tafelkultur Objekte\"}},{\"@type\":\"ListItem\",\"position\":3,\"item\":{\"@type\":\"WebPage\",\"@id\":\"https:\/\/annette-ahrens.at\/onlineshop\/produkt\/waltraud-neuwirth-wiener-silber-1780-1866-klassizismus-biedermeier-historismus\/\",\"url\":\"https:\/\/annette-ahrens.at\/onlineshop\/produkt\/waltraud-neuwirth-wiener-silber-1780-1866-klassizismus-biedermeier-historismus\/\",\"name\":\"Waltraud Neuwirth: Wiener Silber 1780-1866. Klassizismus &#8211; Biedermeier &#8211; Historismus\"}}]}]}<\/script>\n<!-- \/ Yoast SEO Premium plugin. -->","_links":{"self":[{"href":"https:\/\/annette-ahrens.at\/onlineshop\/wp-json\/wp\/v2\/product\/41710","targetHints":{"allow":["GET"]}}],"collection":[{"href":"https:\/\/annette-ahrens.at\/onlineshop\/wp-json\/wp\/v2\/product"}],"about":[{"href":"https:\/\/annette-ahrens.at\/onlineshop\/wp-json\/wp\/v2\/types\/product"}],"replies":[{"embeddable":true,"href":"https:\/\/annette-ahrens.at\/onlineshop\/wp-json\/wp\/v2\/comments?post=41710"}],"wp:featuredmedia":[{"embeddable":true,"href":"https:\/\/annette-ahrens.at\/onlineshop\/wp-json\/wp\/v2\/media\/41711"}],"wp:attachment":[{"href":"https:\/\/annette-ahrens.at\/onlineshop\/wp-json\/wp\/v2\/media?parent=41710"}],"wp:term":[{"taxonomy":"product_brand","embeddable":true,"href":"https:\/\/annette-ahrens.at\/onlineshop\/wp-json\/wp\/v2\/product_brand?post=41710"},{"taxonomy":"product_cat","embeddable":true,"href":"https:\/\/annette-ahrens.at\/onlineshop\/wp-json\/wp\/v2\/product_cat?post=41710"},{"taxonomy":"product_tag","embeddable":true,"href":"https:\/\/annette-ahrens.at\/onlineshop\/wp-json\/wp\/v2\/product_tag?post=41710"}],"curies":[{"name":"wp","href":"https:\/\/api.w.org\/{rel}","templated":true}]}}