{"id":42574,"date":"2026-03-20T06:10:09","date_gmt":"2026-03-20T05:10:09","guid":{"rendered":"https:\/\/annette-ahrens.at\/onlineshop\/?post_type=product&#038;p=42574"},"modified":"2026-03-20T01:14:12","modified_gmt":"2026-03-20T00:14:12","slug":"seltene-deckeldose-als-kaefer-fischer-mieg-boehmen-um-1860","status":"publish","type":"product","link":"https:\/\/annette-ahrens.at\/onlineshop\/produkt\/seltene-deckeldose-als-kaefer-fischer-mieg-boehmen-um-1860\/","title":{"rendered":"Seltene Deckeldose als K\u00e4fer, Fischer &#038; Mieg, B\u00f6hmen, um 1860"},"content":{"rendered":"<p>Deckeldose als K\u00e4fer<\/p>\n<p>Porzellanmanufaktur Fischer &amp; Mieg, B\u00f6hmen, um 1860<\/p>\n<p>Porzellan, glasiert, bunt bemalt, ovaler Sockel mit Marmor \u00e4hnlicher Staffierung, Deckeldose als naturalistisch ausgeformter K\u00e4fer, am Boden gemarkt mit eingepresster Marke CF f\u00fcr die Porzellanmanufaktur Christian Fischer &amp; Ludwig von Mieg, Pirkenhammer (verwendet in den Jahren 1853 &#8211; 1873), tadelloser Erhaltungszustand<\/p>\n<p>L 11,5 cm<\/p>\n<p>H 6,5 cm<\/p>\n<p>Literatur: Hans Meyer, B\u00f6hmisches Porzellan und Steingut, Leipzig 1927; Emanuel Poche, B\u00f6hmisches Porzellan, Prag 1956<\/p>\n<p>&nbsp;<\/p>\n<p>&nbsp;<\/p>\n","protected":false},"excerpt":{"rendered":"<p>Annettes Etikette: Die Porzellanmanufaktur wurde 1803 im westb\u00f6hmischen Ort Pirkenhammer bei Karlsbad gegr\u00fcndet. Die in der Umgebung gefundenen Feldspat-Vorkommen waren hierf\u00fcr von Vorteil. Ab 1811 f\u00fchrten Martin Fischer und Christof Reichenbach das Unternehmen. Ab 1846 firmiert die Porzellanmanufaktur als Fischer und Mieg. 1918 wurde die Fabrik Pirkenhammer dem Konzern &#8222;Epiag&#8220; eingegliedert. Sicherlich waren die Trompe-l\u00b4oeils der Wiener Porzellanmanufaktur f\u00fcr die in B\u00f6hmen gegr\u00fcndeten Fabriken tonangebend. Diese fein ausgef\u00fchrte Dose, wohl f\u00fcr Zahnstocher, hat es mir besonders angetan.<\/p>\n","protected":false},"featured_media":42571,"comment_status":"open","ping_status":"closed","template":"","meta":[],"product_brand":[],"product_cat":[130,299,32,167,203,19,300,274],"product_tag":[],"class_list":{"0":"post-42574","1":"product","2":"type-product","3":"status-publish","4":"has-post-thumbnail","6":"product_cat-abendessen","7":"product_cat-cocktailparty","8":"product_cat-festefeiern","9":"product_cat-fisch","10":"product_cat-fisch-speisen","11":"product_cat-gabelfruehstueck","12":"product_cat-gartenfest","13":"product_cat-porzellan-fachbuecher","15":"first","16":"instock","17":"sold-individually","18":"purchasable","19":"product-type-simple"},"yoast_head":"<!-- This site is optimized with the Yoast SEO Premium plugin v15.8.2 - https:\/\/yoast.com\/wordpress\/plugins\/seo\/ -->\n<title>Seltene Deckeldose als K\u00e4fer, Fischer &amp; Mieg, B\u00f6hmen, um 1860<\/title>\n<meta name=\"description\" content=\"Seltene Deckeldose als K\u00e4fer, Fischer &amp; Mieg, B\u00f6hmen, um 1860 \u2665 Antiquit\u00e4ten Online kaufen \u2713 Sichere Lieferung \u2713\" \/>\n<meta name=\"robots\" content=\"index, follow, max-snippet:-1, max-image-preview:large, max-video-preview:-1\" \/>\n<link rel=\"canonical\" href=\"https:\/\/annette-ahrens.at\/onlineshop\/produkt\/seltene-deckeldose-als-kaefer-fischer-mieg-boehmen-um-1860\/\" \/>\n<meta property=\"og:locale\" content=\"de_DE\" \/>\n<meta property=\"og:type\" content=\"article\" \/>\n<meta property=\"og:title\" content=\"Seltene Deckeldose als K\u00e4fer, Fischer &amp; Mieg, B\u00f6hmen, um 1860\" \/>\n<meta property=\"og:description\" content=\"Seltene Deckeldose als K\u00e4fer, Fischer &amp; Mieg, B\u00f6hmen, um 1860 \u2665 Antiquit\u00e4ten Online kaufen \u2713 Sichere Lieferung \u2713\" \/>\n<meta property=\"og:url\" content=\"https:\/\/annette-ahrens.at\/onlineshop\/produkt\/seltene-deckeldose-als-kaefer-fischer-mieg-boehmen-um-1860\/\" \/>\n<meta property=\"og:site_name\" content=\"Tafelkultur Onlineshop\" \/>\n<meta property=\"article:publisher\" content=\"https:\/\/www.facebook.com\/AnnetteAhrensTafelkultur\" \/>\n<meta property=\"article:modified_time\" content=\"2026-03-20T00:14:12+00:00\" \/>\n<meta property=\"og:image\" content=\"https:\/\/annette-ahrens.at\/onlineshop\/wp-content\/uploads\/2026\/03\/IMG_8694.jpeg\" \/>\n\t<meta property=\"og:image:width\" content=\"1170\" \/>\n\t<meta property=\"og:image:height\" content=\"1273\" \/>\n<meta name=\"twitter:card\" content=\"summary_large_image\" \/>\n<meta name=\"twitter:label1\" content=\"Gesch\u00e4tzte Lesezeit\">\n\t<meta name=\"twitter:data1\" content=\"1\u00a0Minute\">\n<script type=\"application\/ld+json\" class=\"yoast-schema-graph\">{\"@context\":\"https:\/\/schema.org\",\"@graph\":[{\"@type\":[\"Person\",\"Organization\"],\"@id\":\"https:\/\/annette-ahrens.at\/onlineshop\/#\/schema\/person\/3e19676faae246bba0cb3b7e15f427d8\",\"name\":\"Annette Ahrens\",\"image\":{\"@type\":\"ImageObject\",\"@id\":\"https:\/\/annette-ahrens.at\/onlineshop\/#personlogo\",\"inLanguage\":\"de\",\"url\":\"https:\/\/annette-ahrens.at\/onlineshop\/wp-content\/uploads\/2020\/04\/aa_logo_End.png\",\"width\":800,\"height\":164,\"caption\":\"Annette Ahrens\"},\"logo\":{\"@id\":\"https:\/\/annette-ahrens.at\/onlineshop\/#personlogo\"},\"sameAs\":[\"https:\/\/annette-ahrens.at\",\"https:\/\/www.facebook.com\/AnnetteAhrensTafelkultur\",\"https:\/\/www.instagram.com\/tafelkulturistin\/\",\"https:\/\/de.wikipedia.org\/wiki\/Annette_Ahrens\"]},{\"@type\":\"WebSite\",\"@id\":\"https:\/\/annette-ahrens.at\/onlineshop\/#website\",\"url\":\"https:\/\/annette-ahrens.at\/onlineshop\/\",\"name\":\"Tafelkultur Onlineshop\",\"description\":\"Annette Ahrens\",\"publisher\":{\"@id\":\"https:\/\/annette-ahrens.at\/onlineshop\/#\/schema\/person\/3e19676faae246bba0cb3b7e15f427d8\"},\"potentialAction\":[{\"@type\":\"SearchAction\",\"target\":\"https:\/\/annette-ahrens.at\/onlineshop\/?s={search_term_string}\",\"query-input\":\"required name=search_term_string\"}],\"inLanguage\":\"de\"},{\"@type\":\"ImageObject\",\"@id\":\"https:\/\/annette-ahrens.at\/onlineshop\/produkt\/seltene-deckeldose-als-kaefer-fischer-mieg-boehmen-um-1860\/#primaryimage\",\"inLanguage\":\"de\",\"url\":\"https:\/\/annette-ahrens.at\/onlineshop\/wp-content\/uploads\/2026\/03\/IMG_8694.jpeg\",\"width\":1170,\"height\":1273,\"caption\":\"deckeldose_k\\u00e4fer\"},{\"@type\":[\"WebPage\",\"ItemPage\"],\"@id\":\"https:\/\/annette-ahrens.at\/onlineshop\/produkt\/seltene-deckeldose-als-kaefer-fischer-mieg-boehmen-um-1860\/#webpage\",\"url\":\"https:\/\/annette-ahrens.at\/onlineshop\/produkt\/seltene-deckeldose-als-kaefer-fischer-mieg-boehmen-um-1860\/\",\"name\":\"Seltene Deckeldose als K\\u00e4fer, Fischer & Mieg, B\\u00f6hmen, um 1860\",\"isPartOf\":{\"@id\":\"https:\/\/annette-ahrens.at\/onlineshop\/#website\"},\"primaryImageOfPage\":{\"@id\":\"https:\/\/annette-ahrens.at\/onlineshop\/produkt\/seltene-deckeldose-als-kaefer-fischer-mieg-boehmen-um-1860\/#primaryimage\"},\"datePublished\":\"2026-03-20T05:10:09+00:00\",\"dateModified\":\"2026-03-20T00:14:12+00:00\",\"description\":\"Seltene Deckeldose als K\\u00e4fer, Fischer & Mieg, B\\u00f6hmen, um 1860 \\u2665 Antiquit\\u00e4ten Online kaufen \\u2713 Sichere Lieferung \\u2713\",\"breadcrumb\":{\"@id\":\"https:\/\/annette-ahrens.at\/onlineshop\/produkt\/seltene-deckeldose-als-kaefer-fischer-mieg-boehmen-um-1860\/#breadcrumb\"},\"inLanguage\":\"de\",\"potentialAction\":[{\"@type\":\"ReadAction\",\"target\":[\"https:\/\/annette-ahrens.at\/onlineshop\/produkt\/seltene-deckeldose-als-kaefer-fischer-mieg-boehmen-um-1860\/\"]}]},{\"@type\":\"BreadcrumbList\",\"@id\":\"https:\/\/annette-ahrens.at\/onlineshop\/produkt\/seltene-deckeldose-als-kaefer-fischer-mieg-boehmen-um-1860\/#breadcrumb\",\"itemListElement\":[{\"@type\":\"ListItem\",\"position\":1,\"item\":{\"@type\":\"WebPage\",\"@id\":\"https:\/\/annette-ahrens.at\/onlineshop\/\",\"url\":\"https:\/\/annette-ahrens.at\/onlineshop\/\",\"name\":\"Home\"}},{\"@type\":\"ListItem\",\"position\":2,\"item\":{\"@type\":\"WebPage\",\"@id\":\"https:\/\/annette-ahrens.at\/onlineshop\/alle-tafelkultur-objekte\/\",\"url\":\"https:\/\/annette-ahrens.at\/onlineshop\/alle-tafelkultur-objekte\/\",\"name\":\"Alle Tafelkultur Objekte\"}},{\"@type\":\"ListItem\",\"position\":3,\"item\":{\"@type\":\"WebPage\",\"@id\":\"https:\/\/annette-ahrens.at\/onlineshop\/produkt\/seltene-deckeldose-als-kaefer-fischer-mieg-boehmen-um-1860\/\",\"url\":\"https:\/\/annette-ahrens.at\/onlineshop\/produkt\/seltene-deckeldose-als-kaefer-fischer-mieg-boehmen-um-1860\/\",\"name\":\"Seltene Deckeldose als K\\u00e4fer, Fischer &#038; Mieg, B\\u00f6hmen, um 1860\"}}]}]}<\/script>\n<!-- \/ Yoast SEO Premium plugin. -->","_links":{"self":[{"href":"https:\/\/annette-ahrens.at\/onlineshop\/wp-json\/wp\/v2\/product\/42574","targetHints":{"allow":["GET"]}}],"collection":[{"href":"https:\/\/annette-ahrens.at\/onlineshop\/wp-json\/wp\/v2\/product"}],"about":[{"href":"https:\/\/annette-ahrens.at\/onlineshop\/wp-json\/wp\/v2\/types\/product"}],"replies":[{"embeddable":true,"href":"https:\/\/annette-ahrens.at\/onlineshop\/wp-json\/wp\/v2\/comments?post=42574"}],"wp:featuredmedia":[{"embeddable":true,"href":"https:\/\/annette-ahrens.at\/onlineshop\/wp-json\/wp\/v2\/media\/42571"}],"wp:attachment":[{"href":"https:\/\/annette-ahrens.at\/onlineshop\/wp-json\/wp\/v2\/media?parent=42574"}],"wp:term":[{"taxonomy":"product_brand","embeddable":true,"href":"https:\/\/annette-ahrens.at\/onlineshop\/wp-json\/wp\/v2\/product_brand?post=42574"},{"taxonomy":"product_cat","embeddable":true,"href":"https:\/\/annette-ahrens.at\/onlineshop\/wp-json\/wp\/v2\/product_cat?post=42574"},{"taxonomy":"product_tag","embeddable":true,"href":"https:\/\/annette-ahrens.at\/onlineshop\/wp-json\/wp\/v2\/product_tag?post=42574"}],"curies":[{"name":"wp","href":"https:\/\/api.w.org\/{rel}","templated":true}]}}