{"id":6703,"date":"2021-02-21T15:09:01","date_gmt":"2021-02-21T14:09:01","guid":{"rendered":"https:\/\/annette-ahrens.at\/onlineshop\/?post_type=product&#038;p=6703"},"modified":"2023-10-05T10:42:08","modified_gmt":"2023-10-05T08:42:08","slug":"biedermeier-tasse-mit-untertasse-vergissmeinnicht-fa-schlaggenwald-boehmen-um-1830","status":"publish","type":"product","link":"https:\/\/annette-ahrens.at\/onlineshop\/produkt\/biedermeier-tasse-mit-untertasse-vergissmeinnicht-fa-schlaggenwald-boehmen-um-1830\/","title":{"rendered":"Biedermeier Tasse mit Untertasse &#8222;Vergissmeinnicht&#8220;  Fa. Schlaggenwald, B\u00f6hmen, um 1830"},"content":{"rendered":"<p>Biedermeier Tasse mit Untertasse<\/p>\n<p>Fa. Schlaggenwald, B\u00f6hmen, um 1830<\/p>\n<p>Porzellan, bunt bemalt und vergoldet, Dekor mit Vergissmeinnicht-Bl\u00fcten (viola tricolor), hochgezogener Schlangen-Henkel nach Wiener Vorbild, Unterteller im Spiegel mit Schreibschrift in Schwarz beschriftet: &#8222;<em>Elles sont toutes pour vous<\/em>\/ <em>Alle sind f\u00fcr Sie<\/em>&#8222;, beide Teile am Boden mit unterglasurblauer Marke &#8222;S&#8220; f\u00fcr die Porzellanmanufaktur Schlaggenwald, Gold am Henkel etwas berieben<\/p>\n<p>H 8,5 cm<\/p>\n<p>Dm (Untertasse) 13,8 cm<\/p>\n<p>&nbsp;<\/p>\n<p>&nbsp;<\/p>\n","protected":false},"excerpt":{"rendered":"<p>Annettes Etikette: Die Form dieser Tasse geht auf eine Wiener Vorlage zur\u00fcck, welche in der Wiener Manufaktur als Tasse in campanischer oder \u00a0Citronen Form angeboten wurde. Dies belegt der von 1827 bis 1829 erhaltene Preiskurrant der Manufaktur. Die Devise mit der Widmung aller Bl\u00fcten f\u00fcr den Beschenkten spiegelt sich im Dekor der ausgew\u00e4hlten Bl\u00fcten und den Stiefm\u00fctterchen (Pens\u00e9e = frz. der Gedanke) wieder. Die franz\u00f6sische Sprache war in Europa um 1820 nach wie vor Ausdruck gehobener Bildung.<\/p>\n","protected":false},"featured_media":6704,"comment_status":"open","ping_status":"closed","template":"","meta":[],"product_brand":[],"product_cat":[25,18,37,292,54],"product_tag":[],"class_list":{"0":"post-6703","1":"product","2":"type-product","3":"status-publish","4":"has-post-thumbnail","6":"product_cat-5o-clock-tea","7":"product_cat-fruehstueck","8":"product_cat-kaffee","9":"product_cat-muttertag","10":"product_cat-porzellan","12":"first","13":"instock","14":"sold-individually","15":"purchasable","16":"product-type-simple"},"yoast_head":"<!-- This site is optimized with the Yoast SEO Premium plugin v15.8.2 - https:\/\/yoast.com\/wordpress\/plugins\/seo\/ -->\n<title>Biedermeier Tasse mit Untertasse &quot;Vergissmeinnicht&quot; Fa. Schlaggenwald, B\u00f6hmen, um 1830<\/title>\n<meta name=\"description\" content=\"Biedermeier Tasse mit Untertasse &quot;Vergissmeinnicht&quot; Fa. Schlaggenwald, B\u00f6hmen, um 1830 \u2665 Antiquit\u00e4ten Online kaufen \u2713 Sichere Lieferung \u2713\" \/>\n<meta name=\"robots\" content=\"index, follow, max-snippet:-1, max-image-preview:large, max-video-preview:-1\" \/>\n<link rel=\"canonical\" href=\"https:\/\/annette-ahrens.at\/onlineshop\/produkt\/biedermeier-tasse-mit-untertasse-vergissmeinnicht-fa-schlaggenwald-boehmen-um-1830\/\" \/>\n<meta property=\"og:locale\" content=\"de_DE\" \/>\n<meta property=\"og:type\" content=\"article\" \/>\n<meta property=\"og:title\" content=\"Biedermeier Tasse mit Untertasse &quot;Vergissmeinnicht&quot; Fa. Schlaggenwald, B\u00f6hmen, um 1830\" \/>\n<meta property=\"og:description\" content=\"Biedermeier Tasse mit Untertasse &quot;Vergissmeinnicht&quot; Fa. Schlaggenwald, B\u00f6hmen, um 1830 \u2665 Antiquit\u00e4ten Online kaufen \u2713 Sichere Lieferung \u2713\" \/>\n<meta property=\"og:url\" content=\"https:\/\/annette-ahrens.at\/onlineshop\/produkt\/biedermeier-tasse-mit-untertasse-vergissmeinnicht-fa-schlaggenwald-boehmen-um-1830\/\" \/>\n<meta property=\"og:site_name\" content=\"Tafelkultur Onlineshop\" \/>\n<meta property=\"article:publisher\" content=\"https:\/\/www.facebook.com\/AnnetteAhrensTafelkultur\" \/>\n<meta property=\"article:modified_time\" content=\"2023-10-05T08:42:08+00:00\" \/>\n<meta property=\"og:image\" content=\"https:\/\/annette-ahrens.at\/onlineshop\/wp-content\/uploads\/2021\/02\/IMG_1285-scaled.jpeg\" \/>\n\t<meta property=\"og:image:width\" content=\"2560\" \/>\n\t<meta property=\"og:image:height\" content=\"2560\" \/>\n<meta name=\"twitter:card\" content=\"summary_large_image\" \/>\n<script type=\"application\/ld+json\" class=\"yoast-schema-graph\">{\"@context\":\"https:\/\/schema.org\",\"@graph\":[{\"@type\":[\"Person\",\"Organization\"],\"@id\":\"https:\/\/annette-ahrens.at\/onlineshop\/#\/schema\/person\/3e19676faae246bba0cb3b7e15f427d8\",\"name\":\"Annette Ahrens\",\"image\":{\"@type\":\"ImageObject\",\"@id\":\"https:\/\/annette-ahrens.at\/onlineshop\/#personlogo\",\"inLanguage\":\"de\",\"url\":\"https:\/\/annette-ahrens.at\/onlineshop\/wp-content\/uploads\/2020\/04\/aa_logo_End.png\",\"width\":800,\"height\":164,\"caption\":\"Annette Ahrens\"},\"logo\":{\"@id\":\"https:\/\/annette-ahrens.at\/onlineshop\/#personlogo\"},\"sameAs\":[\"https:\/\/annette-ahrens.at\",\"https:\/\/www.facebook.com\/AnnetteAhrensTafelkultur\",\"https:\/\/www.instagram.com\/tafelkulturistin\/\",\"https:\/\/de.wikipedia.org\/wiki\/Annette_Ahrens\"]},{\"@type\":\"WebSite\",\"@id\":\"https:\/\/annette-ahrens.at\/onlineshop\/#website\",\"url\":\"https:\/\/annette-ahrens.at\/onlineshop\/\",\"name\":\"Tafelkultur Onlineshop\",\"description\":\"Annette Ahrens\",\"publisher\":{\"@id\":\"https:\/\/annette-ahrens.at\/onlineshop\/#\/schema\/person\/3e19676faae246bba0cb3b7e15f427d8\"},\"potentialAction\":[{\"@type\":\"SearchAction\",\"target\":\"https:\/\/annette-ahrens.at\/onlineshop\/?s={search_term_string}\",\"query-input\":\"required name=search_term_string\"}],\"inLanguage\":\"de\"},{\"@type\":\"ImageObject\",\"@id\":\"https:\/\/annette-ahrens.at\/onlineshop\/produkt\/biedermeier-tasse-mit-untertasse-vergissmeinnicht-fa-schlaggenwald-boehmen-um-1830\/#primaryimage\",\"inLanguage\":\"de\",\"url\":\"https:\/\/annette-ahrens.at\/onlineshop\/wp-content\/uploads\/2021\/02\/IMG_1285-scaled.jpeg\",\"width\":2560,\"height\":2560,\"caption\":\"schlaggenwald_tasse\"},{\"@type\":[\"WebPage\",\"ItemPage\"],\"@id\":\"https:\/\/annette-ahrens.at\/onlineshop\/produkt\/biedermeier-tasse-mit-untertasse-vergissmeinnicht-fa-schlaggenwald-boehmen-um-1830\/#webpage\",\"url\":\"https:\/\/annette-ahrens.at\/onlineshop\/produkt\/biedermeier-tasse-mit-untertasse-vergissmeinnicht-fa-schlaggenwald-boehmen-um-1830\/\",\"name\":\"Biedermeier Tasse mit Untertasse \\\"Vergissmeinnicht\\\" Fa. Schlaggenwald, B\\u00f6hmen, um 1830\",\"isPartOf\":{\"@id\":\"https:\/\/annette-ahrens.at\/onlineshop\/#website\"},\"primaryImageOfPage\":{\"@id\":\"https:\/\/annette-ahrens.at\/onlineshop\/produkt\/biedermeier-tasse-mit-untertasse-vergissmeinnicht-fa-schlaggenwald-boehmen-um-1830\/#primaryimage\"},\"datePublished\":\"2021-02-21T14:09:01+00:00\",\"dateModified\":\"2023-10-05T08:42:08+00:00\",\"description\":\"Biedermeier Tasse mit Untertasse \\\"Vergissmeinnicht\\\" Fa. Schlaggenwald, B\\u00f6hmen, um 1830 \\u2665 Antiquit\\u00e4ten Online kaufen \\u2713 Sichere Lieferung \\u2713\",\"breadcrumb\":{\"@id\":\"https:\/\/annette-ahrens.at\/onlineshop\/produkt\/biedermeier-tasse-mit-untertasse-vergissmeinnicht-fa-schlaggenwald-boehmen-um-1830\/#breadcrumb\"},\"inLanguage\":\"de\",\"potentialAction\":[{\"@type\":\"ReadAction\",\"target\":[\"https:\/\/annette-ahrens.at\/onlineshop\/produkt\/biedermeier-tasse-mit-untertasse-vergissmeinnicht-fa-schlaggenwald-boehmen-um-1830\/\"]}]},{\"@type\":\"BreadcrumbList\",\"@id\":\"https:\/\/annette-ahrens.at\/onlineshop\/produkt\/biedermeier-tasse-mit-untertasse-vergissmeinnicht-fa-schlaggenwald-boehmen-um-1830\/#breadcrumb\",\"itemListElement\":[{\"@type\":\"ListItem\",\"position\":1,\"item\":{\"@type\":\"WebPage\",\"@id\":\"https:\/\/annette-ahrens.at\/onlineshop\/\",\"url\":\"https:\/\/annette-ahrens.at\/onlineshop\/\",\"name\":\"Home\"}},{\"@type\":\"ListItem\",\"position\":2,\"item\":{\"@type\":\"WebPage\",\"@id\":\"https:\/\/annette-ahrens.at\/onlineshop\/alle-tafelkultur-objekte\/\",\"url\":\"https:\/\/annette-ahrens.at\/onlineshop\/alle-tafelkultur-objekte\/\",\"name\":\"Alle Tafelkultur Objekte\"}},{\"@type\":\"ListItem\",\"position\":3,\"item\":{\"@type\":\"WebPage\",\"@id\":\"https:\/\/annette-ahrens.at\/onlineshop\/produkt\/biedermeier-tasse-mit-untertasse-vergissmeinnicht-fa-schlaggenwald-boehmen-um-1830\/\",\"url\":\"https:\/\/annette-ahrens.at\/onlineshop\/produkt\/biedermeier-tasse-mit-untertasse-vergissmeinnicht-fa-schlaggenwald-boehmen-um-1830\/\",\"name\":\"Biedermeier Tasse mit Untertasse &#8220;Vergissmeinnicht&#8221; Fa. Schlaggenwald, B\\u00f6hmen, um 1830\"}}]}]}<\/script>\n<!-- \/ Yoast SEO Premium plugin. -->","_links":{"self":[{"href":"https:\/\/annette-ahrens.at\/onlineshop\/wp-json\/wp\/v2\/product\/6703","targetHints":{"allow":["GET"]}}],"collection":[{"href":"https:\/\/annette-ahrens.at\/onlineshop\/wp-json\/wp\/v2\/product"}],"about":[{"href":"https:\/\/annette-ahrens.at\/onlineshop\/wp-json\/wp\/v2\/types\/product"}],"replies":[{"embeddable":true,"href":"https:\/\/annette-ahrens.at\/onlineshop\/wp-json\/wp\/v2\/comments?post=6703"}],"wp:featuredmedia":[{"embeddable":true,"href":"https:\/\/annette-ahrens.at\/onlineshop\/wp-json\/wp\/v2\/media\/6704"}],"wp:attachment":[{"href":"https:\/\/annette-ahrens.at\/onlineshop\/wp-json\/wp\/v2\/media?parent=6703"}],"wp:term":[{"taxonomy":"product_brand","embeddable":true,"href":"https:\/\/annette-ahrens.at\/onlineshop\/wp-json\/wp\/v2\/product_brand?post=6703"},{"taxonomy":"product_cat","embeddable":true,"href":"https:\/\/annette-ahrens.at\/onlineshop\/wp-json\/wp\/v2\/product_cat?post=6703"},{"taxonomy":"product_tag","embeddable":true,"href":"https:\/\/annette-ahrens.at\/onlineshop\/wp-json\/wp\/v2\/product_tag?post=6703"}],"curies":[{"name":"wp","href":"https:\/\/api.w.org\/{rel}","templated":true}]}}