{"id":682,"date":"2020-04-29T15:30:07","date_gmt":"2020-04-29T13:30:07","guid":{"rendered":"https:\/\/annette-ahrens.at\/silbershop\/?post_type=product&#038;p=682"},"modified":"2026-03-19T17:58:35","modified_gmt":"2026-03-19T16:58:35","slug":"silberner-art-deco-sahneloeffel-fa-bruckmann-heilbronn-um-1925","status":"publish","type":"product","link":"https:\/\/annette-ahrens.at\/onlineshop\/produkt\/silberner-art-deco-sahneloeffel-fa-bruckmann-heilbronn-um-1925\/","title":{"rendered":"Silberner Art Deco Sahnel\u00f6ffel, Fa. Bruckmann, Heilbronn, um 1925"},"content":{"rendered":"<p>Silberner Art Deco Sahnel\u00f6ffel<\/p>\n<p>Fa. Peter Bruckmann &amp; S\u00f6hne, Heilbronn, Deutschland, um 1925<\/p>\n<p>Modell: Muster-Nr. 21784<\/p>\n<p>Silber, getrieben, Griff mit feinem Reliefdekor &#8218;V\u00f6gel auf Zweigen&#8216;, gemarkt deutsches Staatszeichen nach 1888, Halbmond und Krone, Feingehalt 800, Firmenzeichen f\u00fcr Fa. Bruckmann, Heilbronn, Besitzerinitalen<\/p>\n<p>L\u00e4nge 20 cm<\/p>\n<p>72 g<\/p>\n<p>Literatur: Karlheinz Fuchs (Red.): <i>Silber aus Heilbronn f\u00fcr die Welt. P. Bruckmann &amp; S\u00f6hne (1805\u20131973)<\/i> (= <i>Heilbronner Museumskatalog.<\/i> Nr. 96). St\u00e4dtische Museen Heilbronn, Heilbronn 2001, <a class=\"internal mw-magiclink-isbn\" href=\"https:\/\/de.wikipedia.org\/wiki\/Spezial:ISBN-Suche\/3930811901\">ISBN 3-930811-90-1<\/a><\/p>\n","protected":false},"excerpt":{"rendered":"<p>Annettes Etikette: Dank eines pers\u00f6nlichen Kontakts zum Ur-Enkel von Marie Bruckmann, der j\u00fcngeren Schwester des Werkbund-Pr\u00e4sidenten kann ich diese Besteckform nun einem K\u00fcnstler oder besser gesagt einer K\u00fcnstlerin zuschreiben: Helene Lock-Brandt. Peter Bruckmann wollte sie im Gegensatz zu vielen anderen K\u00fcnstlern unbedingt unter Vertrag nehmen und stellte ihr ein eigenes Atelier zur Verf\u00fcgung. Herzlichen Dank f\u00fcr so wertvolle Informationen!<\/p>\n","protected":false},"featured_media":673,"comment_status":"open","ping_status":"closed","template":"","meta":[],"product_brand":[],"product_cat":[25,297,30,294,291,295,236,154,292,51,273,296,238,53],"product_tag":[],"class_list":{"0":"post-682","1":"product","2":"type-product","3":"status-publish","4":"has-post-thumbnail","6":"product_cat-5o-clock-tea","7":"product_cat-adventjause","8":"product_cat-besteck","9":"product_cat-geburtstag","10":"product_cat-hochzeit","11":"product_cat-jagdeinladung","12":"product_cat-loeffel","13":"product_cat-milch","14":"product_cat-muttertag","15":"product_cat-ostern","16":"product_cat-silber-fachbuecher","17":"product_cat-silvester","18":"product_cat-vorleger","19":"product_cat-weihnachten","21":"first","22":"instock","23":"sold-individually","24":"purchasable","25":"product-type-simple"},"yoast_head":"<!-- This site is optimized with the Yoast SEO Premium plugin v15.8.2 - https:\/\/yoast.com\/wordpress\/plugins\/seo\/ -->\n<title>Silberner Art Deco Sahnel\u00f6ffel, Fa. Bruckmann, Heilbronn, um 1925<\/title>\n<meta name=\"description\" content=\"Silberner Art Deco Sahnel\u00f6ffel, Fa. Bruckmann, Heilbronn, um 1925 \u2665 Antiquit\u00e4ten Online kaufen \u2713 Sichere Lieferung \u2713\" \/>\n<meta name=\"robots\" content=\"index, follow, max-snippet:-1, max-image-preview:large, max-video-preview:-1\" \/>\n<link rel=\"canonical\" href=\"https:\/\/annette-ahrens.at\/onlineshop\/produkt\/silberner-art-deco-sahneloeffel-fa-bruckmann-heilbronn-um-1925\/\" \/>\n<meta property=\"og:locale\" content=\"de_DE\" \/>\n<meta property=\"og:type\" content=\"article\" \/>\n<meta property=\"og:title\" content=\"Silberner Art Deco Sahnel\u00f6ffel, Fa. Bruckmann, Heilbronn, um 1925\" \/>\n<meta property=\"og:description\" content=\"Silberner Art Deco Sahnel\u00f6ffel, Fa. Bruckmann, Heilbronn, um 1925 \u2665 Antiquit\u00e4ten Online kaufen \u2713 Sichere Lieferung \u2713\" \/>\n<meta property=\"og:url\" content=\"https:\/\/annette-ahrens.at\/onlineshop\/produkt\/silberner-art-deco-sahneloeffel-fa-bruckmann-heilbronn-um-1925\/\" \/>\n<meta property=\"og:site_name\" content=\"Tafelkultur Onlineshop\" \/>\n<meta property=\"article:publisher\" content=\"https:\/\/www.facebook.com\/AnnetteAhrensTafelkultur\" \/>\n<meta property=\"article:modified_time\" content=\"2026-03-19T16:58:35+00:00\" \/>\n<meta property=\"og:image\" content=\"https:\/\/annette-ahrens.at\/onlineshop\/wp-content\/uploads\/2020\/04\/IMG_1824-scaled.jpeg\" \/>\n\t<meta property=\"og:image:width\" content=\"2560\" \/>\n\t<meta property=\"og:image:height\" content=\"2560\" \/>\n<meta name=\"twitter:card\" content=\"summary_large_image\" \/>\n<script type=\"application\/ld+json\" class=\"yoast-schema-graph\">{\"@context\":\"https:\/\/schema.org\",\"@graph\":[{\"@type\":[\"Person\",\"Organization\"],\"@id\":\"https:\/\/annette-ahrens.at\/onlineshop\/#\/schema\/person\/3e19676faae246bba0cb3b7e15f427d8\",\"name\":\"Annette Ahrens\",\"image\":{\"@type\":\"ImageObject\",\"@id\":\"https:\/\/annette-ahrens.at\/onlineshop\/#personlogo\",\"inLanguage\":\"de\",\"url\":\"https:\/\/annette-ahrens.at\/onlineshop\/wp-content\/uploads\/2020\/04\/aa_logo_End.png\",\"width\":800,\"height\":164,\"caption\":\"Annette Ahrens\"},\"logo\":{\"@id\":\"https:\/\/annette-ahrens.at\/onlineshop\/#personlogo\"},\"sameAs\":[\"https:\/\/annette-ahrens.at\",\"https:\/\/www.facebook.com\/AnnetteAhrensTafelkultur\",\"https:\/\/www.instagram.com\/tafelkulturistin\/\",\"https:\/\/de.wikipedia.org\/wiki\/Annette_Ahrens\"]},{\"@type\":\"WebSite\",\"@id\":\"https:\/\/annette-ahrens.at\/onlineshop\/#website\",\"url\":\"https:\/\/annette-ahrens.at\/onlineshop\/\",\"name\":\"Tafelkultur Onlineshop\",\"description\":\"Annette Ahrens\",\"publisher\":{\"@id\":\"https:\/\/annette-ahrens.at\/onlineshop\/#\/schema\/person\/3e19676faae246bba0cb3b7e15f427d8\"},\"potentialAction\":[{\"@type\":\"SearchAction\",\"target\":\"https:\/\/annette-ahrens.at\/onlineshop\/?s={search_term_string}\",\"query-input\":\"required name=search_term_string\"}],\"inLanguage\":\"de\"},{\"@type\":\"ImageObject\",\"@id\":\"https:\/\/annette-ahrens.at\/onlineshop\/produkt\/silberner-art-deco-sahneloeffel-fa-bruckmann-heilbronn-um-1925\/#primaryimage\",\"inLanguage\":\"de\",\"url\":\"https:\/\/annette-ahrens.at\/onlineshop\/wp-content\/uploads\/2020\/04\/IMG_1824-scaled.jpeg\",\"width\":2560,\"height\":2560,\"caption\":\"sahnel\\u00f6ffel_bruckmann\"},{\"@type\":[\"WebPage\",\"ItemPage\"],\"@id\":\"https:\/\/annette-ahrens.at\/onlineshop\/produkt\/silberner-art-deco-sahneloeffel-fa-bruckmann-heilbronn-um-1925\/#webpage\",\"url\":\"https:\/\/annette-ahrens.at\/onlineshop\/produkt\/silberner-art-deco-sahneloeffel-fa-bruckmann-heilbronn-um-1925\/\",\"name\":\"Silberner Art Deco Sahnel\\u00f6ffel, Fa. Bruckmann, Heilbronn, um 1925\",\"isPartOf\":{\"@id\":\"https:\/\/annette-ahrens.at\/onlineshop\/#website\"},\"primaryImageOfPage\":{\"@id\":\"https:\/\/annette-ahrens.at\/onlineshop\/produkt\/silberner-art-deco-sahneloeffel-fa-bruckmann-heilbronn-um-1925\/#primaryimage\"},\"datePublished\":\"2020-04-29T13:30:07+00:00\",\"dateModified\":\"2026-03-19T16:58:35+00:00\",\"description\":\"Silberner Art Deco Sahnel\\u00f6ffel, Fa. Bruckmann, Heilbronn, um 1925 \\u2665 Antiquit\\u00e4ten Online kaufen \\u2713 Sichere Lieferung \\u2713\",\"breadcrumb\":{\"@id\":\"https:\/\/annette-ahrens.at\/onlineshop\/produkt\/silberner-art-deco-sahneloeffel-fa-bruckmann-heilbronn-um-1925\/#breadcrumb\"},\"inLanguage\":\"de\",\"potentialAction\":[{\"@type\":\"ReadAction\",\"target\":[\"https:\/\/annette-ahrens.at\/onlineshop\/produkt\/silberner-art-deco-sahneloeffel-fa-bruckmann-heilbronn-um-1925\/\"]}]},{\"@type\":\"BreadcrumbList\",\"@id\":\"https:\/\/annette-ahrens.at\/onlineshop\/produkt\/silberner-art-deco-sahneloeffel-fa-bruckmann-heilbronn-um-1925\/#breadcrumb\",\"itemListElement\":[{\"@type\":\"ListItem\",\"position\":1,\"item\":{\"@type\":\"WebPage\",\"@id\":\"https:\/\/annette-ahrens.at\/onlineshop\/\",\"url\":\"https:\/\/annette-ahrens.at\/onlineshop\/\",\"name\":\"Home\"}},{\"@type\":\"ListItem\",\"position\":2,\"item\":{\"@type\":\"WebPage\",\"@id\":\"https:\/\/annette-ahrens.at\/onlineshop\/alle-tafelkultur-objekte\/\",\"url\":\"https:\/\/annette-ahrens.at\/onlineshop\/alle-tafelkultur-objekte\/\",\"name\":\"Alle Tafelkultur Objekte\"}},{\"@type\":\"ListItem\",\"position\":3,\"item\":{\"@type\":\"WebPage\",\"@id\":\"https:\/\/annette-ahrens.at\/onlineshop\/produkt\/silberner-art-deco-sahneloeffel-fa-bruckmann-heilbronn-um-1925\/\",\"url\":\"https:\/\/annette-ahrens.at\/onlineshop\/produkt\/silberner-art-deco-sahneloeffel-fa-bruckmann-heilbronn-um-1925\/\",\"name\":\"Silberner Art Deco Sahnel\\u00f6ffel, Fa. Bruckmann, Heilbronn, um 1925\"}}]}]}<\/script>\n<!-- \/ Yoast SEO Premium plugin. -->","_links":{"self":[{"href":"https:\/\/annette-ahrens.at\/onlineshop\/wp-json\/wp\/v2\/product\/682","targetHints":{"allow":["GET"]}}],"collection":[{"href":"https:\/\/annette-ahrens.at\/onlineshop\/wp-json\/wp\/v2\/product"}],"about":[{"href":"https:\/\/annette-ahrens.at\/onlineshop\/wp-json\/wp\/v2\/types\/product"}],"replies":[{"embeddable":true,"href":"https:\/\/annette-ahrens.at\/onlineshop\/wp-json\/wp\/v2\/comments?post=682"}],"wp:featuredmedia":[{"embeddable":true,"href":"https:\/\/annette-ahrens.at\/onlineshop\/wp-json\/wp\/v2\/media\/673"}],"wp:attachment":[{"href":"https:\/\/annette-ahrens.at\/onlineshop\/wp-json\/wp\/v2\/media?parent=682"}],"wp:term":[{"taxonomy":"product_brand","embeddable":true,"href":"https:\/\/annette-ahrens.at\/onlineshop\/wp-json\/wp\/v2\/product_brand?post=682"},{"taxonomy":"product_cat","embeddable":true,"href":"https:\/\/annette-ahrens.at\/onlineshop\/wp-json\/wp\/v2\/product_cat?post=682"},{"taxonomy":"product_tag","embeddable":true,"href":"https:\/\/annette-ahrens.at\/onlineshop\/wp-json\/wp\/v2\/product_tag?post=682"}],"curies":[{"name":"wp","href":"https:\/\/api.w.org\/{rel}","templated":true}]}}