{"id":9508,"date":"2021-07-07T14:41:38","date_gmt":"2021-07-07T12:41:38","guid":{"rendered":"https:\/\/annette-ahrens.at\/onlineshop\/?post_type=product&#038;p=9508"},"modified":"2026-02-15T22:54:53","modified_gmt":"2026-02-15T21:54:53","slug":"waltraud-neuwirth-wiener-silber-punzierung-1524-1780","status":"publish","type":"product","link":"https:\/\/annette-ahrens.at\/onlineshop\/produkt\/waltraud-neuwirth-wiener-silber-punzierung-1524-1780\/","title":{"rendered":"Waltraud Neuwirth: Wiener Silber, Punzierung 1524 &#8211; 1780"},"content":{"rendered":"<p>Waltraud Neuwirth: Wiener Silber, Punzierung 1524 &#8211; 1780<br \/>\nFormat: 30 x 24 cm, Leinen, 336 Seiten, 37 Farbabbildungen, 994 Schwarzwei\u00dfabbildungen<br \/>\nISBN 978-3-900282-54-7<\/p>\n<p>Inhalt: Das Wiener Wappen als Punze der Wiener Gold- und Silberschmiede \/ Zur Terminologie der Meisterst\u00fccke in den Zechb\u00fcchern des 16. und fr\u00fchen 17. Jahrhunderts \/ Wiener Punzierung 1524 &#8211; 1690 \/ Wiener Punzierung 1690 &#8211; 1736 \/ Wiener Punzierung 1737 &#8211; 1780 \/ Quellen \/ Abgek\u00fcrzt zitierte Literatur \/ Wiener Goldschmiede \u2013 Namensregister mit Punzen<\/p>\n<p>Selbstverlag Dr. Waltraud Neuwirth, Wien, 2004<\/p>\n","protected":false},"excerpt":{"rendered":"<p>Annettes Etikette:\u00a0Dieses Buch ist eines meiner wichtigsten Handb\u00fccher zur Bestimmung der Wiener Silberschmiede. Wie bei Malern ist der Meister ein wichtiger Indikator f\u00fcr die Qualit\u00e4t eines Silberobjektes. Die knapp 3.000 Abbildungen der Punzen lassen auch einen Laien einfach auf diese Spurensuche gehen. Ich durfte das Buch 2004 f\u00fcr Frau Dr. Neuwirth Korrekturlesen. Dies ist mein letztes Exemplar, allerdings ohne Schutzumschlag, aber das \u00e4ndert am wichtigen Inhalt nichts.<\/p>\n","protected":false},"featured_media":9509,"comment_status":"open","ping_status":"closed","template":"","meta":[],"product_brand":[],"product_cat":[372,273],"product_tag":[],"class_list":{"0":"post-9508","1":"product","2":"type-product","3":"status-publish","4":"has-post-thumbnail","6":"product_cat-fachbuecher","7":"product_cat-silber-fachbuecher","9":"first","10":"instock","11":"taxable","12":"shipping-taxable","13":"purchasable","14":"product-type-simple"},"yoast_head":"<!-- This site is optimized with the Yoast SEO Premium plugin v15.8.2 - https:\/\/yoast.com\/wordpress\/plugins\/seo\/ -->\n<title>Waltraud Neuwirth: Wiener Silber, Punzierung 1524 - 1780<\/title>\n<meta name=\"description\" content=\"Waltraud Neuwirth: Wiener Silber, Punzierung 1524 - 1780 \u2665 Antiquit\u00e4ten Online kaufen \u2713 Sichere Lieferung \u2713\" \/>\n<meta name=\"robots\" content=\"index, follow, max-snippet:-1, max-image-preview:large, max-video-preview:-1\" \/>\n<link rel=\"canonical\" href=\"https:\/\/annette-ahrens.at\/onlineshop\/produkt\/waltraud-neuwirth-wiener-silber-punzierung-1524-1780\/\" \/>\n<meta property=\"og:locale\" content=\"de_DE\" \/>\n<meta property=\"og:type\" content=\"article\" \/>\n<meta property=\"og:title\" content=\"Waltraud Neuwirth: Wiener Silber, Punzierung 1524 - 1780\" \/>\n<meta property=\"og:description\" content=\"Waltraud Neuwirth: Wiener Silber, Punzierung 1524 - 1780 \u2665 Antiquit\u00e4ten Online kaufen \u2713 Sichere Lieferung \u2713\" \/>\n<meta property=\"og:url\" content=\"https:\/\/annette-ahrens.at\/onlineshop\/produkt\/waltraud-neuwirth-wiener-silber-punzierung-1524-1780\/\" \/>\n<meta property=\"og:site_name\" content=\"Tafelkultur Onlineshop\" \/>\n<meta property=\"article:publisher\" content=\"https:\/\/www.facebook.com\/AnnetteAhrensTafelkultur\" \/>\n<meta property=\"article:modified_time\" content=\"2026-02-15T21:54:53+00:00\" \/>\n<meta property=\"og:image\" content=\"https:\/\/annette-ahrens.at\/onlineshop\/wp-content\/uploads\/2021\/07\/image.jpeg\" \/>\n\t<meta property=\"og:image:width\" content=\"591\" \/>\n\t<meta property=\"og:image:height\" content=\"811\" \/>\n<meta name=\"twitter:card\" content=\"summary_large_image\" \/>\n<meta name=\"twitter:label1\" content=\"Gesch\u00e4tzte Lesezeit\">\n\t<meta name=\"twitter:data1\" content=\"1\u00a0Minute\">\n<script type=\"application\/ld+json\" class=\"yoast-schema-graph\">{\"@context\":\"https:\/\/schema.org\",\"@graph\":[{\"@type\":[\"Person\",\"Organization\"],\"@id\":\"https:\/\/annette-ahrens.at\/onlineshop\/#\/schema\/person\/3e19676faae246bba0cb3b7e15f427d8\",\"name\":\"Annette Ahrens\",\"image\":{\"@type\":\"ImageObject\",\"@id\":\"https:\/\/annette-ahrens.at\/onlineshop\/#personlogo\",\"inLanguage\":\"de\",\"url\":\"https:\/\/annette-ahrens.at\/onlineshop\/wp-content\/uploads\/2020\/04\/aa_logo_End.png\",\"width\":800,\"height\":164,\"caption\":\"Annette Ahrens\"},\"logo\":{\"@id\":\"https:\/\/annette-ahrens.at\/onlineshop\/#personlogo\"},\"sameAs\":[\"https:\/\/annette-ahrens.at\",\"https:\/\/www.facebook.com\/AnnetteAhrensTafelkultur\",\"https:\/\/www.instagram.com\/tafelkulturistin\/\",\"https:\/\/de.wikipedia.org\/wiki\/Annette_Ahrens\"]},{\"@type\":\"WebSite\",\"@id\":\"https:\/\/annette-ahrens.at\/onlineshop\/#website\",\"url\":\"https:\/\/annette-ahrens.at\/onlineshop\/\",\"name\":\"Tafelkultur Onlineshop\",\"description\":\"Annette Ahrens\",\"publisher\":{\"@id\":\"https:\/\/annette-ahrens.at\/onlineshop\/#\/schema\/person\/3e19676faae246bba0cb3b7e15f427d8\"},\"potentialAction\":[{\"@type\":\"SearchAction\",\"target\":\"https:\/\/annette-ahrens.at\/onlineshop\/?s={search_term_string}\",\"query-input\":\"required name=search_term_string\"}],\"inLanguage\":\"de\"},{\"@type\":\"ImageObject\",\"@id\":\"https:\/\/annette-ahrens.at\/onlineshop\/produkt\/waltraud-neuwirth-wiener-silber-punzierung-1524-1780\/#primaryimage\",\"inLanguage\":\"de\",\"url\":\"https:\/\/annette-ahrens.at\/onlineshop\/wp-content\/uploads\/2021\/07\/image.jpeg\",\"width\":591,\"height\":811,\"caption\":\"neuwirth_wienersilber\"},{\"@type\":[\"WebPage\",\"ItemPage\"],\"@id\":\"https:\/\/annette-ahrens.at\/onlineshop\/produkt\/waltraud-neuwirth-wiener-silber-punzierung-1524-1780\/#webpage\",\"url\":\"https:\/\/annette-ahrens.at\/onlineshop\/produkt\/waltraud-neuwirth-wiener-silber-punzierung-1524-1780\/\",\"name\":\"Waltraud Neuwirth: Wiener Silber, Punzierung 1524 - 1780\",\"isPartOf\":{\"@id\":\"https:\/\/annette-ahrens.at\/onlineshop\/#website\"},\"primaryImageOfPage\":{\"@id\":\"https:\/\/annette-ahrens.at\/onlineshop\/produkt\/waltraud-neuwirth-wiener-silber-punzierung-1524-1780\/#primaryimage\"},\"datePublished\":\"2021-07-07T12:41:38+00:00\",\"dateModified\":\"2026-02-15T21:54:53+00:00\",\"description\":\"Waltraud Neuwirth: Wiener Silber, Punzierung 1524 - 1780 \\u2665 Antiquit\\u00e4ten Online kaufen \\u2713 Sichere Lieferung \\u2713\",\"breadcrumb\":{\"@id\":\"https:\/\/annette-ahrens.at\/onlineshop\/produkt\/waltraud-neuwirth-wiener-silber-punzierung-1524-1780\/#breadcrumb\"},\"inLanguage\":\"de\",\"potentialAction\":[{\"@type\":\"ReadAction\",\"target\":[\"https:\/\/annette-ahrens.at\/onlineshop\/produkt\/waltraud-neuwirth-wiener-silber-punzierung-1524-1780\/\"]}]},{\"@type\":\"BreadcrumbList\",\"@id\":\"https:\/\/annette-ahrens.at\/onlineshop\/produkt\/waltraud-neuwirth-wiener-silber-punzierung-1524-1780\/#breadcrumb\",\"itemListElement\":[{\"@type\":\"ListItem\",\"position\":1,\"item\":{\"@type\":\"WebPage\",\"@id\":\"https:\/\/annette-ahrens.at\/onlineshop\/\",\"url\":\"https:\/\/annette-ahrens.at\/onlineshop\/\",\"name\":\"Home\"}},{\"@type\":\"ListItem\",\"position\":2,\"item\":{\"@type\":\"WebPage\",\"@id\":\"https:\/\/annette-ahrens.at\/onlineshop\/alle-tafelkultur-objekte\/\",\"url\":\"https:\/\/annette-ahrens.at\/onlineshop\/alle-tafelkultur-objekte\/\",\"name\":\"Alle Tafelkultur Objekte\"}},{\"@type\":\"ListItem\",\"position\":3,\"item\":{\"@type\":\"WebPage\",\"@id\":\"https:\/\/annette-ahrens.at\/onlineshop\/produkt\/waltraud-neuwirth-wiener-silber-punzierung-1524-1780\/\",\"url\":\"https:\/\/annette-ahrens.at\/onlineshop\/produkt\/waltraud-neuwirth-wiener-silber-punzierung-1524-1780\/\",\"name\":\"Waltraud Neuwirth: Wiener Silber, Punzierung 1524 &#8211; 1780\"}}]}]}<\/script>\n<!-- \/ Yoast SEO Premium plugin. -->","_links":{"self":[{"href":"https:\/\/annette-ahrens.at\/onlineshop\/wp-json\/wp\/v2\/product\/9508","targetHints":{"allow":["GET"]}}],"collection":[{"href":"https:\/\/annette-ahrens.at\/onlineshop\/wp-json\/wp\/v2\/product"}],"about":[{"href":"https:\/\/annette-ahrens.at\/onlineshop\/wp-json\/wp\/v2\/types\/product"}],"replies":[{"embeddable":true,"href":"https:\/\/annette-ahrens.at\/onlineshop\/wp-json\/wp\/v2\/comments?post=9508"}],"wp:featuredmedia":[{"embeddable":true,"href":"https:\/\/annette-ahrens.at\/onlineshop\/wp-json\/wp\/v2\/media\/9509"}],"wp:attachment":[{"href":"https:\/\/annette-ahrens.at\/onlineshop\/wp-json\/wp\/v2\/media?parent=9508"}],"wp:term":[{"taxonomy":"product_brand","embeddable":true,"href":"https:\/\/annette-ahrens.at\/onlineshop\/wp-json\/wp\/v2\/product_brand?post=9508"},{"taxonomy":"product_cat","embeddable":true,"href":"https:\/\/annette-ahrens.at\/onlineshop\/wp-json\/wp\/v2\/product_cat?post=9508"},{"taxonomy":"product_tag","embeddable":true,"href":"https:\/\/annette-ahrens.at\/onlineshop\/wp-json\/wp\/v2\/product_tag?post=9508"}],"curies":[{"name":"wp","href":"https:\/\/api.w.org\/{rel}","templated":true}]}}