{"id":9833,"date":"2021-07-27T21:41:06","date_gmt":"2021-07-27T19:41:06","guid":{"rendered":"https:\/\/annette-ahrens.at\/onlineshop\/?post_type=product&#038;p=9833"},"modified":"2021-07-28T19:01:12","modified_gmt":"2021-07-28T17:01:12","slug":"zeremonien-feste-kostueme-die-wiener-porzellanfigur-in-der-regierungszeit-maria-theresias","status":"publish","type":"product","link":"https:\/\/annette-ahrens.at\/onlineshop\/produkt\/zeremonien-feste-kostueme-die-wiener-porzellanfigur-in-der-regierungszeit-maria-theresias\/","title":{"rendered":"&#8222;Zeremonien, Feste, Kost\u00fcme&#8220;, Die Wiener Porzellanfigur in der Regierungszeit Maria Theresias"},"content":{"rendered":"<div><span lang=\"DE\">Kr\u00e4ftner, Johann (Hg.)<i>, <\/i>Zeremonien, Feste, Kost\u00fcme, Die Wiener Porzellanfigur in der Regierungszeit Maria Theresias, Liechtenstein Museum Wien 2010<\/span><\/div>\n<div>197 Seiten<\/div>\n<div>\n<h2><a name=\"Top175363\"><\/a><span style=\"font-size: 12pt;\">Objekte aus den Sammlungen des Um\u011bleckopru\u00b0myslov\u00e9 Museums, Prag, des Museums der Stadt Prag, des Marton-Museums, Samobor, und aus privaten Porzellansammlungen, u.a. von Adrian Steffny, Salzburg, Annette Ahrens, Wien und Elisabeth Sturm-Bednarczyk, Wien;<\/span><\/h2>\n<\/div>\n<div>ISBN: 9783850335140<\/div>\n<div><\/div>\n<div>\n<p>W\u00e4hrend der Regierungszeit Maria Theresias erlebte die h\u00f6fische Lebenskultur in Wien einen H\u00f6hepunkt, gepr\u00e4gt durch das ausgehende Barock, das Rokoko und die beginnende Aufkl\u00e4rung. Dies manifestiert sich auch deutlich in der Entwicklung der Porzellanfigur. Die relativ leichte Formbarkeit des Porzellans erm\u00f6glichte es immer wieder, neue Formen f\u00fcr die Figuren zu schaffen und vor allem die grazile Verspieltheit im Sinne des Rokoko wiederzugeben. Der materielle Glanz steigerte sowohl den malerischen als auch den plastischen Effekt der Figuren und Figurengruppen. Aufgrund dessen wurde die Porzellanplastik zum bestens geeigneten Medium f\u00fcr die Widerspiegelung der h\u00f6fischen Aktivit\u00e4ten.<\/p>\n<p>Die Kleinplastik diente zwischen 1740 und 1780 zur Dekoration von R\u00e4umlichkeiten und Festtafeln sowie dem Am\u00fcsement der Festg\u00e4ste und des Hausherren. Als Zeitzeugen schildern die Porzellanfiguren die h\u00f6fische Welt dieser Epoche ebenso wie sie das damalige Geschehen in Wien vor Augen f\u00fchren. Sie bilden dreidimensional die damalige Mode mit all ihren detailreichen Ausschm\u00fcckungen und Verzierungen ab und vermitteln mit der Darstellung festlicher Anl\u00e4sse, des Alltags, der Jagd, des b\u00e4uerlichen Lebens und der Berufe ein authentisches Geschichtsbild der Zeit, so wie es auch in den zwischen 1742\u20131776 von Obersthofmarschall J. J. F\u00fcrst von Khevenh\u00fcller verfassten Tageb\u00fcchern geschildert wird. Die \u00dcbertragung dieser Lebenskultur ins Bildhafte wurde von Maria Theresia und ihrem Hof auch dezidiert gef\u00f6rdert.<\/p>\n<p>Die Wiener Porzellanfigur fasziniert im Unterschied zu jenen anderer Porzellanmanufakturen dieser Zeit vor allem durch ihre Distinguiertheit. Trotz der teilweise frivolen Themen \u00ad\u2013 durch die Unterhaltungsmotti des Rokoko bedingt \u2013 l\u00e4sst sie niemals die noble Zur\u00fcckhaltung des Wiener Hofes und die dort vorherrschenden Sitten vergessen.<\/p>\n<p>Die Schau zeigte insgesamt um die 250 Porzellanfiguren aus der Privatsammlung der Wiener Galeristin Elisabeth Sturm-Bednarczyk, weiters aus jener von Veljko Marton, dessen klassizistisches Wiener Porzellan zuletzt in einer Sonderausstellung pr\u00e4sentiert wurde, sowie aus anderen europ\u00e4ischen Privatsammlungen. Dar\u00fcber hinaus sind Figuren aus den Best\u00e4nden des Kunstgewerbemuseums in Prag erstmals \u00f6ffentlich zu sehen.<\/p>\n<p>Die Ausstellung wird vom Direktor des LIECHTENSTEIN MUSEUM, Dr. Johann Kr\u00e4ftner, in wissenschaftlicher Zusammenarbeit mit Elisabeth Sturm-Bednarczyk konzipiert sowie von einem umfassenden Katalog in deutscher Sprache und einem abwechslungsreichen Rahmenprogramm begleitet.<\/p>\n<p>Ausstellungskatalog zu einer Ausstellung vom 3.12. 2020 &#8211; 26.4.2011 im Palais Liechtenstein<\/p>\n<\/div>\n","protected":false},"excerpt":{"rendered":"<p>Kr\u00e4ftner, Johann (Hg.), Zeremonien, Feste, Kost\u00fcme, Die Wiener Porzellanfigur in der Regierungszeit Maria Theresias, Liechtenstein Museum Wien 2010 197 Seiten Objekte aus den Sammlungen des Um\u011bleckopru\u00b0myslov\u00e9 Museums, Prag, des Museums der Stadt Prag, des Marton-Museums, Samobor, und aus privaten Porzellansammlungen, u.a. von Adrian Steffny, Salzburg, Annette Ahrens, Wien und Elisabeth Sturm-Bednarczyk, Wien; ISBN: 9783850335140 W\u00e4hrend [&hellip;]<\/p>\n","protected":false},"featured_media":9834,"comment_status":"open","ping_status":"closed","template":"","meta":[],"product_brand":[],"product_cat":[372,32,54],"product_tag":[],"class_list":{"0":"post-9833","1":"product","2":"type-product","3":"status-publish","4":"has-post-thumbnail","6":"product_cat-fachbuecher","7":"product_cat-festefeiern","8":"product_cat-porzellan","10":"first","11":"instock","12":"taxable","13":"shipping-taxable","14":"purchasable","15":"product-type-simple"},"yoast_head":"<!-- This site is optimized with the Yoast SEO Premium plugin v15.8.2 - https:\/\/yoast.com\/wordpress\/plugins\/seo\/ -->\n<title>&quot;Zeremonien, Feste, Kost\u00fcme&quot;, Die Wiener Porzellanfigur in der Regierungszeit Maria Theresias<\/title>\n<meta name=\"description\" content=\"&quot;Zeremonien, Feste, Kost\u00fcme&quot;, Die Wiener Porzellanfigur in der Regierungszeit Maria Theresias \u2665 Antiquit\u00e4ten Online kaufen \u2713 Sichere Lieferung \u2713\" \/>\n<meta name=\"robots\" content=\"index, follow, max-snippet:-1, max-image-preview:large, max-video-preview:-1\" \/>\n<link rel=\"canonical\" href=\"https:\/\/annette-ahrens.at\/onlineshop\/produkt\/zeremonien-feste-kostueme-die-wiener-porzellanfigur-in-der-regierungszeit-maria-theresias\/\" \/>\n<meta property=\"og:locale\" content=\"de_DE\" \/>\n<meta property=\"og:type\" content=\"article\" \/>\n<meta property=\"og:title\" content=\"&quot;Zeremonien, Feste, Kost\u00fcme&quot;, Die Wiener Porzellanfigur in der Regierungszeit Maria Theresias\" \/>\n<meta property=\"og:description\" content=\"&quot;Zeremonien, Feste, Kost\u00fcme&quot;, Die Wiener Porzellanfigur in der Regierungszeit Maria Theresias \u2665 Antiquit\u00e4ten Online kaufen \u2713 Sichere Lieferung \u2713\" \/>\n<meta property=\"og:url\" content=\"https:\/\/annette-ahrens.at\/onlineshop\/produkt\/zeremonien-feste-kostueme-die-wiener-porzellanfigur-in-der-regierungszeit-maria-theresias\/\" \/>\n<meta property=\"og:site_name\" content=\"Tafelkultur Onlineshop\" \/>\n<meta property=\"article:publisher\" content=\"https:\/\/www.facebook.com\/AnnetteAhrensTafelkultur\" \/>\n<meta property=\"article:modified_time\" content=\"2021-07-28T17:01:12+00:00\" \/>\n<meta property=\"og:image\" content=\"https:\/\/annette-ahrens.at\/onlineshop\/wp-content\/uploads\/2021\/07\/Elisabeth-Sladek-Sturm-BednarczykZeremonien-Feste-Kostueme-Die-Wiener-Porzellanfigur-in-der.jpg\" \/>\n\t<meta property=\"og:image:width\" content=\"300\" \/>\n\t<meta property=\"og:image:height\" content=\"353\" \/>\n<meta name=\"twitter:card\" content=\"summary_large_image\" \/>\n<meta name=\"twitter:label1\" content=\"Gesch\u00e4tzte Lesezeit\">\n\t<meta name=\"twitter:data1\" content=\"2\u00a0Minuten\">\n<script type=\"application\/ld+json\" class=\"yoast-schema-graph\">{\"@context\":\"https:\/\/schema.org\",\"@graph\":[{\"@type\":[\"Person\",\"Organization\"],\"@id\":\"https:\/\/annette-ahrens.at\/onlineshop\/#\/schema\/person\/3e19676faae246bba0cb3b7e15f427d8\",\"name\":\"Annette Ahrens\",\"image\":{\"@type\":\"ImageObject\",\"@id\":\"https:\/\/annette-ahrens.at\/onlineshop\/#personlogo\",\"inLanguage\":\"de\",\"url\":\"https:\/\/annette-ahrens.at\/onlineshop\/wp-content\/uploads\/2020\/04\/aa_logo_End.png\",\"width\":800,\"height\":164,\"caption\":\"Annette Ahrens\"},\"logo\":{\"@id\":\"https:\/\/annette-ahrens.at\/onlineshop\/#personlogo\"},\"sameAs\":[\"https:\/\/annette-ahrens.at\",\"https:\/\/www.facebook.com\/AnnetteAhrensTafelkultur\",\"https:\/\/www.instagram.com\/tafelkulturistin\/\",\"https:\/\/de.wikipedia.org\/wiki\/Annette_Ahrens\"]},{\"@type\":\"WebSite\",\"@id\":\"https:\/\/annette-ahrens.at\/onlineshop\/#website\",\"url\":\"https:\/\/annette-ahrens.at\/onlineshop\/\",\"name\":\"Tafelkultur Onlineshop\",\"description\":\"Annette Ahrens\",\"publisher\":{\"@id\":\"https:\/\/annette-ahrens.at\/onlineshop\/#\/schema\/person\/3e19676faae246bba0cb3b7e15f427d8\"},\"potentialAction\":[{\"@type\":\"SearchAction\",\"target\":\"https:\/\/annette-ahrens.at\/onlineshop\/?s={search_term_string}\",\"query-input\":\"required name=search_term_string\"}],\"inLanguage\":\"de\"},{\"@type\":\"ImageObject\",\"@id\":\"https:\/\/annette-ahrens.at\/onlineshop\/produkt\/zeremonien-feste-kostueme-die-wiener-porzellanfigur-in-der-regierungszeit-maria-theresias\/#primaryimage\",\"inLanguage\":\"de\",\"url\":\"https:\/\/annette-ahrens.at\/onlineshop\/wp-content\/uploads\/2021\/07\/Elisabeth-Sladek-Sturm-BednarczykZeremonien-Feste-Kostueme-Die-Wiener-Porzellanfigur-in-der.jpg\",\"width\":300,\"height\":353,\"caption\":\"Fachbuch_Figuren\"},{\"@type\":[\"WebPage\",\"ItemPage\"],\"@id\":\"https:\/\/annette-ahrens.at\/onlineshop\/produkt\/zeremonien-feste-kostueme-die-wiener-porzellanfigur-in-der-regierungszeit-maria-theresias\/#webpage\",\"url\":\"https:\/\/annette-ahrens.at\/onlineshop\/produkt\/zeremonien-feste-kostueme-die-wiener-porzellanfigur-in-der-regierungszeit-maria-theresias\/\",\"name\":\"\\\"Zeremonien, Feste, Kost\\u00fcme\\\", Die Wiener Porzellanfigur in der Regierungszeit Maria Theresias\",\"isPartOf\":{\"@id\":\"https:\/\/annette-ahrens.at\/onlineshop\/#website\"},\"primaryImageOfPage\":{\"@id\":\"https:\/\/annette-ahrens.at\/onlineshop\/produkt\/zeremonien-feste-kostueme-die-wiener-porzellanfigur-in-der-regierungszeit-maria-theresias\/#primaryimage\"},\"datePublished\":\"2021-07-27T19:41:06+00:00\",\"dateModified\":\"2021-07-28T17:01:12+00:00\",\"description\":\"\\\"Zeremonien, Feste, Kost\\u00fcme\\\", Die Wiener Porzellanfigur in der Regierungszeit Maria Theresias \\u2665 Antiquit\\u00e4ten Online kaufen \\u2713 Sichere Lieferung \\u2713\",\"breadcrumb\":{\"@id\":\"https:\/\/annette-ahrens.at\/onlineshop\/produkt\/zeremonien-feste-kostueme-die-wiener-porzellanfigur-in-der-regierungszeit-maria-theresias\/#breadcrumb\"},\"inLanguage\":\"de\",\"potentialAction\":[{\"@type\":\"ReadAction\",\"target\":[\"https:\/\/annette-ahrens.at\/onlineshop\/produkt\/zeremonien-feste-kostueme-die-wiener-porzellanfigur-in-der-regierungszeit-maria-theresias\/\"]}]},{\"@type\":\"BreadcrumbList\",\"@id\":\"https:\/\/annette-ahrens.at\/onlineshop\/produkt\/zeremonien-feste-kostueme-die-wiener-porzellanfigur-in-der-regierungszeit-maria-theresias\/#breadcrumb\",\"itemListElement\":[{\"@type\":\"ListItem\",\"position\":1,\"item\":{\"@type\":\"WebPage\",\"@id\":\"https:\/\/annette-ahrens.at\/onlineshop\/\",\"url\":\"https:\/\/annette-ahrens.at\/onlineshop\/\",\"name\":\"Home\"}},{\"@type\":\"ListItem\",\"position\":2,\"item\":{\"@type\":\"WebPage\",\"@id\":\"https:\/\/annette-ahrens.at\/onlineshop\/alle-tafelkultur-objekte\/\",\"url\":\"https:\/\/annette-ahrens.at\/onlineshop\/alle-tafelkultur-objekte\/\",\"name\":\"Alle Tafelkultur Objekte\"}},{\"@type\":\"ListItem\",\"position\":3,\"item\":{\"@type\":\"WebPage\",\"@id\":\"https:\/\/annette-ahrens.at\/onlineshop\/produkt\/zeremonien-feste-kostueme-die-wiener-porzellanfigur-in-der-regierungszeit-maria-theresias\/\",\"url\":\"https:\/\/annette-ahrens.at\/onlineshop\/produkt\/zeremonien-feste-kostueme-die-wiener-porzellanfigur-in-der-regierungszeit-maria-theresias\/\",\"name\":\"&#8220;Zeremonien, Feste, Kost\\u00fcme&#8221;, Die Wiener Porzellanfigur in der Regierungszeit Maria Theresias\"}}]}]}<\/script>\n<!-- \/ Yoast SEO Premium plugin. -->","_links":{"self":[{"href":"https:\/\/annette-ahrens.at\/onlineshop\/wp-json\/wp\/v2\/product\/9833","targetHints":{"allow":["GET"]}}],"collection":[{"href":"https:\/\/annette-ahrens.at\/onlineshop\/wp-json\/wp\/v2\/product"}],"about":[{"href":"https:\/\/annette-ahrens.at\/onlineshop\/wp-json\/wp\/v2\/types\/product"}],"replies":[{"embeddable":true,"href":"https:\/\/annette-ahrens.at\/onlineshop\/wp-json\/wp\/v2\/comments?post=9833"}],"wp:featuredmedia":[{"embeddable":true,"href":"https:\/\/annette-ahrens.at\/onlineshop\/wp-json\/wp\/v2\/media\/9834"}],"wp:attachment":[{"href":"https:\/\/annette-ahrens.at\/onlineshop\/wp-json\/wp\/v2\/media?parent=9833"}],"wp:term":[{"taxonomy":"product_brand","embeddable":true,"href":"https:\/\/annette-ahrens.at\/onlineshop\/wp-json\/wp\/v2\/product_brand?post=9833"},{"taxonomy":"product_cat","embeddable":true,"href":"https:\/\/annette-ahrens.at\/onlineshop\/wp-json\/wp\/v2\/product_cat?post=9833"},{"taxonomy":"product_tag","embeddable":true,"href":"https:\/\/annette-ahrens.at\/onlineshop\/wp-json\/wp\/v2\/product_tag?post=9833"}],"curies":[{"name":"wp","href":"https:\/\/api.w.org\/{rel}","templated":true}]}}

&#8222;Zeremonien, Feste, Kostüme&#8220;, Die Wiener Porzellanfigur in der Regierungszeit Maria Theresias

<div><span lang="DE">Kräftner, Johann (Hg.)<i>, </i>Zeremonien, Feste, Kostüme, Die Wiener Porzellanfigur in der Regierungszeit Maria Theresias, Liechtenstein Museum Wien 2010</span></div>
<div>197 Seiten</div>
<div>
<h2><a name="Top175363"></a><span style="font-size: 12pt;">Objekte aus den Sammlungen des Uměleckopru°myslové Museums, Prag, des Museums der Stadt Prag, des Marton-Museums, Samobor, und aus privaten Porzellansammlungen, u.a. von Adrian Steffny, Salzburg, Annette Ahrens, Wien und Elisabeth Sturm-Bednarczyk, Wien;</span></h2>
</div>
<div>ISBN: 9783850335140</div>
<div></div>
<div>
<p>Während der Regierungszeit Maria Theresias erlebte die höfische Lebenskultur in Wien einen Höhepunkt, geprägt durch das ausgehende Barock, das Rokoko und die beginnende Aufklärung. Dies manifestiert sich auch deutlich in der Entwicklung der Porzellanfigur. Die relativ leichte Formbarkeit des Porzellans ermöglichte es immer wieder, neue Formen für die Figuren zu schaffen und vor allem die grazile Verspieltheit im Sinne des Rokoko wiederzugeben. Der materielle Glanz steigerte sowohl den malerischen als auch den plastischen Effekt der Figuren und Figurengruppen. Aufgrund dessen wurde die Porzellanplastik zum bestens geeigneten Medium für die Widerspiegelung der höfischen Aktivitäten.</p>
<p>Die Kleinplastik diente zwischen 1740 und 1780 zur Dekoration von Räumlichkeiten und Festtafeln sowie dem Amüsement der Festgäste und des Hausherren. Als Zeitzeugen schildern die Porzellanfiguren die höfische Welt dieser Epoche ebenso wie sie das damalige Geschehen in Wien vor Augen führen. Sie bilden dreidimensional die damalige Mode mit all ihren detailreichen Ausschmückungen und Verzierungen ab und vermitteln mit der Darstellung festlicher Anlässe, des Alltags, der Jagd, des bäuerlichen Lebens und der Berufe ein authentisches Geschichtsbild der Zeit, so wie es auch in den zwischen 1742–1776 von Obersthofmarschall J. J. Fürst von Khevenhüller verfassten Tagebüchern geschildert wird. Die Übertragung dieser Lebenskultur ins Bildhafte wurde von Maria Theresia und ihrem Hof auch dezidiert gefördert.</p>
<p>Die Wiener Porzellanfigur fasziniert im Unterschied zu jenen anderer Porzellanmanufakturen dieser Zeit vor allem durch ihre Distinguiertheit. Trotz der teilweise frivolen Themen ­– durch die Unterhaltungsmotti des Rokoko bedingt – lässt sie niemals die noble Zurückhaltung des Wiener Hofes und die dort vorherrschenden Sitten vergessen.</p>
<p>Die Schau zeigte insgesamt um die 250 Porzellanfiguren aus der Privatsammlung der Wiener Galeristin Elisabeth Sturm-Bednarczyk, weiters aus jener von Veljko Marton, dessen klassizistisches Wiener Porzellan zuletzt in einer Sonderausstellung präsentiert wurde, sowie aus anderen europäischen Privatsammlungen. Darüber hinaus sind Figuren aus den Beständen des Kunstgewerbemuseums in Prag erstmals öffentlich zu sehen.</p>
<p>Die Ausstellung wird vom Direktor des LIECHTENSTEIN MUSEUM, Dr. Johann Kräftner, in wissenschaftlicher Zusammenarbeit mit Elisabeth Sturm-Bednarczyk konzipiert sowie von einem umfassenden Katalog in deutscher Sprache und einem abwechslungsreichen Rahmenprogramm begleitet.</p>
<p>Ausstellungskatalog zu einer Ausstellung vom 3.12. 2020 &#8211; 26.4.2011 im Palais Liechtenstein</p>
</div>

<p>Kräftner, Johann (Hg.), Zeremonien, Feste, Kostüme, Die Wiener Porzellanfigur in der Regierungszeit Maria Theresias, Liechtenstein Museum Wien 2010 197 Seiten Objekte aus den Sammlungen des Uměleckopru°myslové Museums, Prag, des Museums der Stadt Prag, des Marton-Museums, Samobor, und aus privaten Porzellansammlungen, u.a. von Adrian Steffny, Salzburg, Annette Ahrens, Wien und Elisabeth Sturm-Bednarczyk, Wien; ISBN: 9783850335140 Während [&hellip;]</p>

<!-- This site is optimized with the Yoast SEO Premium plugin v15.8.2 - https://yoast.com/wordpress/plugins/seo/ -->
<title>&quot;Zeremonien, Feste, Kostüme&quot;, Die Wiener Porzellanfigur in der Regierungszeit Maria Theresias</title>
<meta name="description" content="&quot;Zeremonien, Feste, Kostüme&quot;, Die Wiener Porzellanfigur in der Regierungszeit Maria Theresias ♥ Antiquitäten Online kaufen ✓ Sichere Lieferung ✓" />
<meta name="robots" content="index, follow, max-snippet:-1, max-image-preview:large, max-video-preview:-1" />
<link rel="canonical" href="https://annette-ahrens.at/onlineshop/produkt/zeremonien-feste-kostueme-die-wiener-porzellanfigur-in-der-regierungszeit-maria-theresias/" />
<meta property="og:locale" content="de_DE" />
<meta property="og:type" content="article" />
<meta property="og:title" content="&quot;Zeremonien, Feste, Kostüme&quot;, Die Wiener Porzellanfigur in der Regierungszeit Maria Theresias" />
<meta property="og:description" content="&quot;Zeremonien, Feste, Kostüme&quot;, Die Wiener Porzellanfigur in der Regierungszeit Maria Theresias ♥ Antiquitäten Online kaufen ✓ Sichere Lieferung ✓" />
<meta property="og:url" content="https://annette-ahrens.at/onlineshop/produkt/zeremonien-feste-kostueme-die-wiener-porzellanfigur-in-der-regierungszeit-maria-theresias/" />
<meta property="og:site_name" content="Tafelkultur Onlineshop" />
<meta property="article:publisher" content="https://www.facebook.com/AnnetteAhrensTafelkultur" />
<meta property="article:modified_time" content="2021-07-28T17:01:12+00:00" />
<meta property="og:image" content="https://annette-ahrens.at/onlineshop/wp-content/uploads/2021/07/Elisabeth-Sladek-Sturm-BednarczykZeremonien-Feste-Kostueme-Die-Wiener-Porzellanfigur-in-der.jpg" />
	<meta property="og:image:width" content="300" />
	<meta property="og:image:height" content="353" />
<meta name="twitter:card" content="summary_large_image" />
<meta name="twitter:label1" content="Geschätzte Lesezeit">
	<meta name="twitter:data1" content="2 Minuten">
<script type="application/ld+json" class="yoast-schema-graph">{"@context":"https://schema.org","@graph":[{"@type":["Person","Organization"],"@id":"https://annette-ahrens.at/onlineshop/#/schema/person/3e19676faae246bba0cb3b7e15f427d8","name":"Annette Ahrens","image":{"@type":"ImageObject","@id":"https://annette-ahrens.at/onlineshop/#personlogo","inLanguage":"de","url":"https://annette-ahrens.at/onlineshop/wp-content/uploads/2020/04/aa_logo_End.png","width":800,"height":164,"caption":"Annette Ahrens"},"logo":{"@id":"https://annette-ahrens.at/onlineshop/#personlogo"},"sameAs":["https://annette-ahrens.at","https://www.facebook.com/AnnetteAhrensTafelkultur","https://www.instagram.com/tafelkulturistin/","https://de.wikipedia.org/wiki/Annette_Ahrens"]},{"@type":"WebSite","@id":"https://annette-ahrens.at/onlineshop/#website","url":"https://annette-ahrens.at/onlineshop/","name":"Tafelkultur Onlineshop","description":"Annette Ahrens","publisher":{"@id":"https://annette-ahrens.at/onlineshop/#/schema/person/3e19676faae246bba0cb3b7e15f427d8"},"potentialAction":[{"@type":"SearchAction","target":"https://annette-ahrens.at/onlineshop/?s={search_term_string}","query-input":"required name=search_term_string"}],"inLanguage":"de"},{"@type":"ImageObject","@id":"https://annette-ahrens.at/onlineshop/produkt/zeremonien-feste-kostueme-die-wiener-porzellanfigur-in-der-regierungszeit-maria-theresias/#primaryimage","inLanguage":"de","url":"https://annette-ahrens.at/onlineshop/wp-content/uploads/2021/07/Elisabeth-Sladek-Sturm-BednarczykZeremonien-Feste-Kostueme-Die-Wiener-Porzellanfigur-in-der.jpg","width":300,"height":353,"caption":"Fachbuch_Figuren"},{"@type":["WebPage","ItemPage"],"@id":"https://annette-ahrens.at/onlineshop/produkt/zeremonien-feste-kostueme-die-wiener-porzellanfigur-in-der-regierungszeit-maria-theresias/#webpage","url":"https://annette-ahrens.at/onlineshop/produkt/zeremonien-feste-kostueme-die-wiener-porzellanfigur-in-der-regierungszeit-maria-theresias/","name":"\"Zeremonien, Feste, Kost\u00fcme\", Die Wiener Porzellanfigur in der Regierungszeit Maria Theresias","isPartOf":{"@id":"https://annette-ahrens.at/onlineshop/#website"},"primaryImageOfPage":{"@id":"https://annette-ahrens.at/onlineshop/produkt/zeremonien-feste-kostueme-die-wiener-porzellanfigur-in-der-regierungszeit-maria-theresias/#primaryimage"},"datePublished":"2021-07-27T19:41:06+00:00","dateModified":"2021-07-28T17:01:12+00:00","description":"\"Zeremonien, Feste, Kost\u00fcme\", Die Wiener Porzellanfigur in der Regierungszeit Maria Theresias \u2665 Antiquit\u00e4ten Online kaufen \u2713 Sichere Lieferung \u2713","breadcrumb":{"@id":"https://annette-ahrens.at/onlineshop/produkt/zeremonien-feste-kostueme-die-wiener-porzellanfigur-in-der-regierungszeit-maria-theresias/#breadcrumb"},"inLanguage":"de","potentialAction":[{"@type":"ReadAction","target":["https://annette-ahrens.at/onlineshop/produkt/zeremonien-feste-kostueme-die-wiener-porzellanfigur-in-der-regierungszeit-maria-theresias/"]}]},{"@type":"BreadcrumbList","@id":"https://annette-ahrens.at/onlineshop/produkt/zeremonien-feste-kostueme-die-wiener-porzellanfigur-in-der-regierungszeit-maria-theresias/#breadcrumb","itemListElement":[{"@type":"ListItem","position":1,"item":{"@type":"WebPage","@id":"https://annette-ahrens.at/onlineshop/","url":"https://annette-ahrens.at/onlineshop/","name":"Home"}},{"@type":"ListItem","position":2,"item":{"@type":"WebPage","@id":"https://annette-ahrens.at/onlineshop/alle-tafelkultur-objekte/","url":"https://annette-ahrens.at/onlineshop/alle-tafelkultur-objekte/","name":"Alle Tafelkultur Objekte"}},{"@type":"ListItem","position":3,"item":{"@type":"WebPage","@id":"https://annette-ahrens.at/onlineshop/produkt/zeremonien-feste-kostueme-die-wiener-porzellanfigur-in-der-regierungszeit-maria-theresias/","url":"https://annette-ahrens.at/onlineshop/produkt/zeremonien-feste-kostueme-die-wiener-porzellanfigur-in-der-regierungszeit-maria-theresias/","name":"&#8220;Zeremonien, Feste, Kost\u00fcme&#8221;, Die Wiener Porzellanfigur in der Regierungszeit Maria Theresias"}}]}]}</script>
<!-- / Yoast SEO Premium plugin. -->
